{"id":99926,"date":"2017-02-12T17:08:05","date_gmt":"2017-02-12T17:08:05","guid":{"rendered":"https:\/\/www.youreporter.it\/video_formazza_campionato_ana_sci_di_fondo_in_notturna\/"},"modified":"2017-02-12T17:08:05","modified_gmt":"2017-02-12T17:08:05","slug":"video_formazza_campionato_ana_sci_di_fondo_in_notturna","status":"publish","type":"video","link":"https:\/\/www.youreporter.it\/video\/video_formazza_campionato_ana_sci_di_fondo_in_notturna\/","title":{"rendered":"Formazza, Campionato Ana: sci di fondo in notturna"},"content":{"rendered":"<p>Campionato Ana di sci di fondo, organizzato dalla Sezione di Domodossola e dai Gruppi di Formazza, Baceno, Crodo, Croveo, Premia e San Rocco. La prova a tecnica libera su due percorsi di 10 e 5 km, a seconda della categoria, sar\u00e0 particolarmente affascinante perch\u00e9 si svolger\u00e0 in notturna. (fonte Ana).<br \/>\nvideo in diretta-www.varesepress.info<\/p>\n","protected":false},"author":5780,"featured_media":0,"comment_status":"closed","ping_status":"closed","template":"","categories":[21],"tags":[],"geo":[5694,54,5663],"class_list":{"0":"post-99926","1":"video","2":"type-video","3":"status-publish","5":"category-sport","6":"geo-formazza","7":"geo-piemonte","8":"geo-verbano-cusio-ossola"},"acf":[],"_links":{"self":[{"href":"https:\/\/www.youreporter.it\/api\/wp\/v2\/video\/99926"}],"collection":[{"href":"https:\/\/www.youreporter.it\/api\/wp\/v2\/video"}],"about":[{"href":"https:\/\/www.youreporter.it\/api\/wp\/v2\/types\/video"}],"author":[{"embeddable":true,"href":"https:\/\/www.youreporter.it\/api\/wp\/v2\/users\/5780"}],"replies":[{"embeddable":true,"href":"https:\/\/www.youreporter.it\/api\/wp\/v2\/comments?post=99926"}],"version-history":[{"count":0,"href":"https:\/\/www.youreporter.it\/api\/wp\/v2\/video\/99926\/revisions"}],"wp:attachment":[{"href":"https:\/\/www.youreporter.it\/api\/wp\/v2\/media?parent=99926"}],"wp:term":[{"taxonomy":"category","embeddable":true,"href":"https:\/\/www.youreporter.it\/api\/wp\/v2\/categories?post=99926"},{"taxonomy":"post_tag","embeddable":true,"href":"https:\/\/www.youreporter.it\/api\/wp\/v2\/tags?post=99926"},{"taxonomy":"geo","embeddable":true,"href":"https:\/\/www.youreporter.it\/api\/wp\/v2\/geo?post=99926"}],"curies":[{"name":"wp","href":"https:\/\/api.w.org\/{rel}","templated":true}]}}

<p>Campionato Ana di sci di fondo, organizzato dalla Sezione di Domodossola e dai Gruppi di Formazza, Baceno, Crodo, Croveo, Premia e San Rocco. La prova a tecnica libera su due percorsi di 10 e 5 km, a seconda della categoria, sarà particolarmente affascinante perché si svolgerà in notturna. (fonte Ana).<br />
video in diretta-www.varesepress.info</p>
