{"id":99021,"date":"2016-01-23T09:25:48","date_gmt":"2016-01-23T09:25:48","guid":{"rendered":"https:\/\/www.youreporter.it\/video_valentina_e_la_voce_del_suo_cuore\/"},"modified":"2016-01-23T09:25:48","modified_gmt":"2016-01-23T09:25:48","slug":"video_valentina_e_la_voce_del_suo_cuore","status":"publish","type":"video","link":"https:\/\/www.youreporter.it\/video\/video_valentina_e_la_voce_del_suo_cuore\/","title":{"rendered":"Valentina e la Voce del suo Cuore"},"content":{"rendered":"<p>Valentina Miserendino nata a Palermo, si accosta al mondo della musica all&#8217;et\u00e0 di sette anni studiando pianoforte privatamente e presso il Conservatorio di Musica &#8220;V. Bellini&#8221; di Palermo, esibendosi gi\u00e0 in alcuni concerti tenutisi a Palermo e presso il Teatro Garibaldi di Enna. Nel 1999 comincia a studiare canto lirico con Elisabeth Lombardini Smith nel 2000 si inserisce nel progetto Operalaboratorio Citt\u00e0 di Palermo in collaborazione col Comune di Palermo e la Fondazione Teatro Massimo, debuttando n qualit\u00e0 di corista nelle Opere &#8220;AMAHL AND THE NIGHT VISITORS&#8221; di Giancarlo Menotti e &#8220;THE DEVIL AND DANIEL WEBSTER&#8221; di Douglas Moore. Sempre a Palermo si esibisce nei concerti &#8220;LAUDA PER LA NATIVIT\u00c0 DEL SIGNORE&#8221; di Ottorino Respighi, &#8220;LA SPOSA DEL VENTO&#8221; e &#8220;LA VERGINE DELLE ROCCE&#8221; di Andrea Ferrante e Salvatore Lo Bue. Nello stesso anno il Corso Internazionale di Perfezionamento &#8220;SPAZIO MUSICA&#8221; tenuto dal Soprano Gabriella Ravazzi l&#8217;interno del quale partecipa come corista per la realizzazione di &#8220;CAVALLERIA RUSTICANA&#8221; di Pietro Mascagni presso il Teatro Mancinelli di Orvieto. Si esibisce anche in qualit\u00e0 di solista in numerosi concerti con l&#8217;Orchestra da Camera Florulli diretta Maestro Lidio Florulli in tour per la Sicilia. <\/p>\n<p>Nel 2001 consegue la licenza di Solfeggio e Teoria Musicale presso il Conservatorio di Musica &#8220;V Bellini&#8221; di Palermo. Col il progetto Operalaboratorio Citt\u00e0 di Palermo si esibisce in qualit\u00e0 di corista in &#8220;COS\u00cc FAN TUTTE&#8221; di W. A. Mozart presso il Teatro Manoel di Malta ed il Teatro Don Orione di Palermo. Nello stesso anno partecipa al Corso Internazionale di Perfezionamento &#8220;TULLIO MACOGGI&#8221; tenuto dalla docente Verena Schweitzer presso Varenna (Lecco). Si esibisce con l&#8217;Associazione &#8220;EUFONIA&#8221; diretta dal Maestro Fabio Ciulla in occasione del Festival Scarlatti presso numerose chiese di Palermo, in occasione del Concerto &#8220;PACE TRA I POPOLI&#8221;, quale omaggio a Duke Ellington, presso il Teatro &#8220;Al Massimo&#8221; di Palermo per &#8220;Palermo di scena 2001&#8221;, e collabora in qualit\u00e0 di corista alla realizzazione di &#8220;THE PLANETS&#8221; di Gustav Holz presso il Teatro &#8220;Politeama Garibaldi&#8221; di Palermo. Si esibisce come solista in concerti di musica da camera di Giuseppe Verdi presso il Circolo Ufficiali di Palermo, ed in concerti di operetta accompagnata dal Maestro Alberto Lo Cicero per l&#8217;Associazione  &#8220;Amici della Musica&#8221; di Marsala. <\/p>\n<p>Nel 2002 consegue il Compimento Inferiore di Canto presso l&#8217;Istituto Musicale &#8220;Vincenzo Bellini&#8221; di Caltanissetta. Partecipa ad un Seminario Donizettiano diretto dal Maestro Danilo Lombardini organizzato dall&#8217;Associazione &#8220;I Solisti di Operalaboratorio&#8221; col concerto conclusivo tenutosi presso il Circolo Ufficiali di Palermo. Si esibisce in qualit\u00e0 di solista in occasione del concerto  di beneficienza  &#8220;Una Nota d&#8217;Amore&#8221; per i terremotati in collaborazione con il Comune di Palermo, ed in occasione dei Canti di Noel organizzati dall&#8217;Associazione &#8220;I Solisti di Operalaboratorio&#8221; ogni anno a Natale. <\/p>\n<p>Gode di un esperienza pluriennale nell&#8217;ambito del canto e della direzione corale; si occupa attualmente di didattica in materia di canto lirico e leggero, pianoforte e solfeggio.<\/p>\n<p>Continua l&#8217;attivit\u00e0 concertistica fino al 2006, quando decide di dedicarsi interamente alla famiglia. Dopo qualche anno riprende a studiare e amplia le proprie conoscenze dedicandosi anche ad un nuovo genere musicale: lo swing. Si inserisce nel gruppo Swing Ensemble di Palermo e con loro intraprende un&#8217;intensa attivit\u00e0 concertistica insieme ai gruppi Jumpin&#8217;up e JJ Daddy presso diversi teatri di Palermo e dintorni, fra cui il Teatro Al Massimo e il Teatro Finocchiaro.<br \/>\nParallelamente continua ad esibirsi in qualit\u00e0 di mezzosoprano lirico in molte chiese e oratori di Palermo.<\/p>\n<p>Valentina Miserendino \u00e8 prima voce dell&#8217;associazione Chi ama la Sicilia di Palermo<\/p>\n<p>Infoline 3349687680<\/p>\n<p>www.lavocedivale.it<\/p>\n","protected":false},"author":5737,"featured_media":0,"comment_status":"closed","ping_status":"closed","template":"","categories":[8282],"tags":[],"geo":[6733,57],"class_list":{"0":"post-99021","1":"video","2":"type-video","3":"status-publish","5":"category-arte-e-cultura","6":"geo-palermo","7":"geo-sicilia"},"acf":[],"_links":{"self":[{"href":"https:\/\/www.youreporter.it\/api\/wp\/v2\/video\/99021"}],"collection":[{"href":"https:\/\/www.youreporter.it\/api\/wp\/v2\/video"}],"about":[{"href":"https:\/\/www.youreporter.it\/api\/wp\/v2\/types\/video"}],"author":[{"embeddable":true,"href":"https:\/\/www.youreporter.it\/api\/wp\/v2\/users\/5737"}],"replies":[{"embeddable":true,"href":"https:\/\/www.youreporter.it\/api\/wp\/v2\/comments?post=99021"}],"version-history":[{"count":0,"href":"https:\/\/www.youreporter.it\/api\/wp\/v2\/video\/99021\/revisions"}],"wp:attachment":[{"href":"https:\/\/www.youreporter.it\/api\/wp\/v2\/media?parent=99021"}],"wp:term":[{"taxonomy":"category","embeddable":true,"href":"https:\/\/www.youreporter.it\/api\/wp\/v2\/categories?post=99021"},{"taxonomy":"post_tag","embeddable":true,"href":"https:\/\/www.youreporter.it\/api\/wp\/v2\/tags?post=99021"},{"taxonomy":"geo","embeddable":true,"href":"https:\/\/www.youreporter.it\/api\/wp\/v2\/geo?post=99021"}],"curies":[{"name":"wp","href":"https:\/\/api.w.org\/{rel}","templated":true}]}}

<p>Valentina Miserendino nata a Palermo, si accosta al mondo della musica all&#8217;età di sette anni studiando pianoforte privatamente e presso il Conservatorio di Musica &#8220;V. Bellini&#8221; di Palermo, esibendosi già in alcuni concerti tenutisi a Palermo e presso il Teatro Garibaldi di Enna. Nel 1999 comincia a studiare canto lirico con Elisabeth Lombardini Smith nel 2000 si inserisce nel progetto Operalaboratorio Città di Palermo in collaborazione col Comune di Palermo e la Fondazione Teatro Massimo, debuttando n qualità di corista nelle Opere &#8220;AMAHL AND THE NIGHT VISITORS&#8221; di Giancarlo Menotti e &#8220;THE DEVIL AND DANIEL WEBSTER&#8221; di Douglas Moore. Sempre a Palermo si esibisce nei concerti &#8220;LAUDA PER LA NATIVITÀ DEL SIGNORE&#8221; di Ottorino Respighi, &#8220;LA SPOSA DEL VENTO&#8221; e &#8220;LA VERGINE DELLE ROCCE&#8221; di Andrea Ferrante e Salvatore Lo Bue. Nello stesso anno il Corso Internazionale di Perfezionamento &#8220;SPAZIO MUSICA&#8221; tenuto dal Soprano Gabriella Ravazzi l&#8217;interno del quale partecipa come corista per la realizzazione di &#8220;CAVALLERIA RUSTICANA&#8221; di Pietro Mascagni presso il Teatro Mancinelli di Orvieto. Si esibisce anche in qualità di solista in numerosi concerti con l&#8217;Orchestra da Camera Florulli diretta Maestro Lidio Florulli in tour per la Sicilia. </p>
<p>Nel 2001 consegue la licenza di Solfeggio e Teoria Musicale presso il Conservatorio di Musica &#8220;V Bellini&#8221; di Palermo. Col il progetto Operalaboratorio Città di Palermo si esibisce in qualità di corista in &#8220;COSÌ FAN TUTTE&#8221; di W. A. Mozart presso il Teatro Manoel di Malta ed il Teatro Don Orione di Palermo. Nello stesso anno partecipa al Corso Internazionale di Perfezionamento &#8220;TULLIO MACOGGI&#8221; tenuto dalla docente Verena Schweitzer presso Varenna (Lecco). Si esibisce con l&#8217;Associazione &#8220;EUFONIA&#8221; diretta dal Maestro Fabio Ciulla in occasione del Festival Scarlatti presso numerose chiese di Palermo, in occasione del Concerto &#8220;PACE TRA I POPOLI&#8221;, quale omaggio a Duke Ellington, presso il Teatro &#8220;Al Massimo&#8221; di Palermo per &#8220;Palermo di scena 2001&#8221;, e collabora in qualità di corista alla realizzazione di &#8220;THE PLANETS&#8221; di Gustav Holz presso il Teatro &#8220;Politeama Garibaldi&#8221; di Palermo. Si esibisce come solista in concerti di musica da camera di Giuseppe Verdi presso il Circolo Ufficiali di Palermo, ed in concerti di operetta accompagnata dal Maestro Alberto Lo Cicero per l&#8217;Associazione  &#8220;Amici della Musica&#8221; di Marsala. </p>
<p>Nel 2002 consegue il Compimento Inferiore di Canto presso l&#8217;Istituto Musicale &#8220;Vincenzo Bellini&#8221; di Caltanissetta. Partecipa ad un Seminario Donizettiano diretto dal Maestro Danilo Lombardini organizzato dall&#8217;Associazione &#8220;I Solisti di Operalaboratorio&#8221; col concerto conclusivo tenutosi presso il Circolo Ufficiali di Palermo. Si esibisce in qualità di solista in occasione del concerto  di beneficienza  &#8220;Una Nota d&#8217;Amore&#8221; per i terremotati in collaborazione con il Comune di Palermo, ed in occasione dei Canti di Noel organizzati dall&#8217;Associazione &#8220;I Solisti di Operalaboratorio&#8221; ogni anno a Natale. </p>
<p>Gode di un esperienza pluriennale nell&#8217;ambito del canto e della direzione corale; si occupa attualmente di didattica in materia di canto lirico e leggero, pianoforte e solfeggio.</p>
<p>Continua l&#8217;attività concertistica fino al 2006, quando decide di dedicarsi interamente alla famiglia. Dopo qualche anno riprende a studiare e amplia le proprie conoscenze dedicandosi anche ad un nuovo genere musicale: lo swing. Si inserisce nel gruppo Swing Ensemble di Palermo e con loro intraprende un&#8217;intensa attività concertistica insieme ai gruppi Jumpin&#8217;up e JJ Daddy presso diversi teatri di Palermo e dintorni, fra cui il Teatro Al Massimo e il Teatro Finocchiaro.<br />
Parallelamente continua ad esibirsi in qualità di mezzosoprano lirico in molte chiese e oratori di Palermo.</p>
<p>Valentina Miserendino è prima voce dell&#8217;associazione Chi ama la Sicilia di Palermo</p>
<p>Infoline 3349687680</p>
<p>www.lavocedivale.it</p>
