{"id":97472,"date":"2015-07-11T10:14:55","date_gmt":"2015-07-11T10:14:55","guid":{"rendered":"https:\/\/www.youreporter.it\/video_borgo_cascino_enna_-_sicilia\/"},"modified":"2015-07-11T10:14:55","modified_gmt":"2015-07-11T10:14:55","slug":"video_borgo_cascino_enna_-_sicilia","status":"publish","type":"video","link":"https:\/\/www.youreporter.it\/video\/video_borgo_cascino_enna_-_sicilia\/","title":{"rendered":"Borgo Cascino (Enna) &#8211; Sicilia"},"content":{"rendered":"<p>Il Borgo Antonino Cascino, anche noto semplicemente come Borgo Cascino, \u00e8 una frazione di 50 abitanti, dista circa 12 km dalla citt\u00e0 di Enna, \u00e8 uno tra i pi\u00f9 antichi e importanti borghi della provincia di Enna. Sorge a 414 metri sul livello del mare, in una zona collinare al centro della Sicilia. Fu edificato nel periodo fascista (XVIII anno del ventennio) per volere di Benito Mussolini, nell&#8217;ambito del programma di ripopolamento e riforma agraria del latifondo siciliano attuato dal governo dell&#8217;epoca. L\u2019incarico per la progettazione fu affidato all\u2019ing. Giuseppe Marletta, architetto catanese. In contrasto con le abitazioni rurali sparse nella campagna spicca il piccolo borgo collinare, costruito con l&#8217;intenzione di farne il centro civico di un futuro paese, simile ad altre fondazioni siciliane di quel periodo Pergusa, Borgo Baccarato, Borgo Bonsignore, Borgo Lupo, Borgo Giuliano, Borgo Vicarietto, etc..).Il borgo prese il nome in onore ad Antonino Cascino (Piazza Armerina, 14 settembre 1862 \u2013 Quisca, 29 settembre 1917). Generale di divisione, fu il primo generale italiano a entrare a Gorizia nel 1916, a capo del Brigata Avellino, costituita in prevalenza da siciliani.<br \/>\nInfo su https:\/\/villapriolosicilia.wordpress.com\/2015\/07\/11\/borgo-cascino-un-autentico-originale-borgo-della-colonizzazione-del-latifondo-siciliano\/<\/p>\n","protected":false},"author":4579,"featured_media":0,"comment_status":"closed","ping_status":"closed","template":"","categories":[8282],"tags":[],"geo":[5026,5007,54],"class_list":{"0":"post-97472","1":"video","2":"type-video","3":"status-publish","5":"category-arte-e-cultura","6":"geo-bene-vagienna","7":"geo-cuneo","8":"geo-piemonte"},"acf":[],"_links":{"self":[{"href":"https:\/\/www.youreporter.it\/api\/wp\/v2\/video\/97472"}],"collection":[{"href":"https:\/\/www.youreporter.it\/api\/wp\/v2\/video"}],"about":[{"href":"https:\/\/www.youreporter.it\/api\/wp\/v2\/types\/video"}],"author":[{"embeddable":true,"href":"https:\/\/www.youreporter.it\/api\/wp\/v2\/users\/4579"}],"replies":[{"embeddable":true,"href":"https:\/\/www.youreporter.it\/api\/wp\/v2\/comments?post=97472"}],"version-history":[{"count":0,"href":"https:\/\/www.youreporter.it\/api\/wp\/v2\/video\/97472\/revisions"}],"wp:attachment":[{"href":"https:\/\/www.youreporter.it\/api\/wp\/v2\/media?parent=97472"}],"wp:term":[{"taxonomy":"category","embeddable":true,"href":"https:\/\/www.youreporter.it\/api\/wp\/v2\/categories?post=97472"},{"taxonomy":"post_tag","embeddable":true,"href":"https:\/\/www.youreporter.it\/api\/wp\/v2\/tags?post=97472"},{"taxonomy":"geo","embeddable":true,"href":"https:\/\/www.youreporter.it\/api\/wp\/v2\/geo?post=97472"}],"curies":[{"name":"wp","href":"https:\/\/api.w.org\/{rel}","templated":true}]}}

<p>Il Borgo Antonino Cascino, anche noto semplicemente come Borgo Cascino, è una frazione di 50 abitanti, dista circa 12 km dalla città di Enna, è uno tra i più antichi e importanti borghi della provincia di Enna. Sorge a 414 metri sul livello del mare, in una zona collinare al centro della Sicilia. Fu edificato nel periodo fascista (XVIII anno del ventennio) per volere di Benito Mussolini, nell&#8217;ambito del programma di ripopolamento e riforma agraria del latifondo siciliano attuato dal governo dell&#8217;epoca. L’incarico per la progettazione fu affidato all’ing. Giuseppe Marletta, architetto catanese. In contrasto con le abitazioni rurali sparse nella campagna spicca il piccolo borgo collinare, costruito con l&#8217;intenzione di farne il centro civico di un futuro paese, simile ad altre fondazioni siciliane di quel periodo Pergusa, Borgo Baccarato, Borgo Bonsignore, Borgo Lupo, Borgo Giuliano, Borgo Vicarietto, etc..).Il borgo prese il nome in onore ad Antonino Cascino (Piazza Armerina, 14 settembre 1862 – Quisca, 29 settembre 1917). Generale di divisione, fu il primo generale italiano a entrare a Gorizia nel 1916, a capo del Brigata Avellino, costituita in prevalenza da siciliani.<br />
Info su https://villapriolosicilia.wordpress.com/2015/07/11/borgo-cascino-un-autentico-originale-borgo-della-colonizzazione-del-latifondo-siciliano/</p>
