{"id":96096,"date":"2015-07-07T17:45:45","date_gmt":"2015-07-07T17:45:45","guid":{"rendered":"https:\/\/www.youreporter.it\/video_ddl_scuola_insegnanti_in_piazza_riforma_scellerata\/"},"modified":"2015-07-07T17:45:45","modified_gmt":"2015-07-07T17:45:45","slug":"video_ddl_scuola_insegnanti_in_piazza_riforma_scellerata","status":"publish","type":"video","link":"https:\/\/www.youreporter.it\/video\/video_ddl_scuola_insegnanti_in_piazza_riforma_scellerata\/","title":{"rendered":"Ddl scuola, insegnanti in piazza: &#8220;Riforma scellerata&#8221;"},"content":{"rendered":"<p>Gli insegnanti in piazza Montecitorio per protestare contro il Ddl &#8220;La buona scuola&#8221;, in queste ore alla Camera per l&#8217;approvazione finale. &#8220;La scuola dovrebbe garantire a tutti l&#8217;abbattimento delle barriere, sociali innanzitutto e quindi permettere a tutti di andare avanti. Riportare la scuola al tempo in cui c&#8217;erano scuole di serie A e scuole di serie B non \u00e8 assolutamente buono, n\u00e9 per la scuola n\u00e9 per l&#8217;Italia intera&#8221;, dicono i docenti. <\/p>\n","protected":false},"author":4656,"featured_media":0,"comment_status":"closed","ping_status":"closed","template":"","categories":[1],"tags":[],"geo":[2254],"class_list":{"0":"post-96096","1":"video","2":"type-video","3":"status-publish","5":"category-cronaca","6":"geo-roma"},"acf":[],"_links":{"self":[{"href":"https:\/\/www.youreporter.it\/api\/wp\/v2\/video\/96096"}],"collection":[{"href":"https:\/\/www.youreporter.it\/api\/wp\/v2\/video"}],"about":[{"href":"https:\/\/www.youreporter.it\/api\/wp\/v2\/types\/video"}],"author":[{"embeddable":true,"href":"https:\/\/www.youreporter.it\/api\/wp\/v2\/users\/4656"}],"replies":[{"embeddable":true,"href":"https:\/\/www.youreporter.it\/api\/wp\/v2\/comments?post=96096"}],"version-history":[{"count":0,"href":"https:\/\/www.youreporter.it\/api\/wp\/v2\/video\/96096\/revisions"}],"wp:attachment":[{"href":"https:\/\/www.youreporter.it\/api\/wp\/v2\/media?parent=96096"}],"wp:term":[{"taxonomy":"category","embeddable":true,"href":"https:\/\/www.youreporter.it\/api\/wp\/v2\/categories?post=96096"},{"taxonomy":"post_tag","embeddable":true,"href":"https:\/\/www.youreporter.it\/api\/wp\/v2\/tags?post=96096"},{"taxonomy":"geo","embeddable":true,"href":"https:\/\/www.youreporter.it\/api\/wp\/v2\/geo?post=96096"}],"curies":[{"name":"wp","href":"https:\/\/api.w.org\/{rel}","templated":true}]}}

<p>Gli insegnanti in piazza Montecitorio per protestare contro il Ddl &#8220;La buona scuola&#8221;, in queste ore alla Camera per l&#8217;approvazione finale. &#8220;La scuola dovrebbe garantire a tutti l&#8217;abbattimento delle barriere, sociali innanzitutto e quindi permettere a tutti di andare avanti. Riportare la scuola al tempo in cui c&#8217;erano scuole di serie A e scuole di serie B non è assolutamente buono, né per la scuola né per l&#8217;Italia intera&#8221;, dicono i docenti. </p>
