{"id":95729,"date":"2015-05-21T23:28:16","date_gmt":"2015-05-21T23:28:16","guid":{"rendered":"https:\/\/www.youreporter.it\/video_il_trio_il_volo_parteciper_alla_finale_eurovisioncontest\/"},"modified":"2015-05-21T23:28:16","modified_gmt":"2015-05-21T23:28:16","slug":"video_il_trio_il_volo_parteciper_alla_finale_eurovisioncontest","status":"publish","type":"video","link":"https:\/\/www.youreporter.it\/video\/video_il_trio_il_volo_parteciper_alla_finale_eurovisioncontest\/","title":{"rendered":"Il trio IL VOLO parteciper\u00e1 alla finale EuroVisionContest"},"content":{"rendered":"<p>Il trio IL VOLO parteciper\u00e1 alla finale EuroVisionContest&#8217;15. Sono intervistati durante la prima semifinale di stasera gioved\u00ed 21 Maggio.<br \/>\nFacciamo il tifo per loro, nella finale di sabato 23 Maggio!<\/p>\n","protected":false},"author":5629,"featured_media":0,"comment_status":"closed","ping_status":"closed","template":"","categories":[8282],"tags":[],"geo":[],"class_list":{"0":"post-95729","1":"video","2":"type-video","3":"status-publish","5":"category-arte-e-cultura"},"acf":[],"_links":{"self":[{"href":"https:\/\/www.youreporter.it\/api\/wp\/v2\/video\/95729"}],"collection":[{"href":"https:\/\/www.youreporter.it\/api\/wp\/v2\/video"}],"about":[{"href":"https:\/\/www.youreporter.it\/api\/wp\/v2\/types\/video"}],"author":[{"embeddable":true,"href":"https:\/\/www.youreporter.it\/api\/wp\/v2\/users\/5629"}],"replies":[{"embeddable":true,"href":"https:\/\/www.youreporter.it\/api\/wp\/v2\/comments?post=95729"}],"version-history":[{"count":0,"href":"https:\/\/www.youreporter.it\/api\/wp\/v2\/video\/95729\/revisions"}],"wp:attachment":[{"href":"https:\/\/www.youreporter.it\/api\/wp\/v2\/media?parent=95729"}],"wp:term":[{"taxonomy":"category","embeddable":true,"href":"https:\/\/www.youreporter.it\/api\/wp\/v2\/categories?post=95729"},{"taxonomy":"post_tag","embeddable":true,"href":"https:\/\/www.youreporter.it\/api\/wp\/v2\/tags?post=95729"},{"taxonomy":"geo","embeddable":true,"href":"https:\/\/www.youreporter.it\/api\/wp\/v2\/geo?post=95729"}],"curies":[{"name":"wp","href":"https:\/\/api.w.org\/{rel}","templated":true}]}}

Il trio IL VOLO parteciperá alla finale EuroVisionContest

<p>Il trio IL VOLO parteciperá alla finale EuroVisionContest&#8217;15. Sono intervistati durante la prima semifinale di stasera giovedí 21 Maggio.<br />
Facciamo il tifo per loro, nella finale di sabato 23 Maggio!</p>
