{"id":95724,"date":"2014-12-15T20:57:07","date_gmt":"2014-12-15T20:57:07","guid":{"rendered":"https:\/\/www.youreporter.it\/video_casale_s_nicola_falo_di_s_lucia\/"},"modified":"2014-12-15T20:57:07","modified_gmt":"2014-12-15T20:57:07","slug":"video_casale_s_nicola_falo_di_s_lucia","status":"publish","type":"video","link":"https:\/\/www.youreporter.it\/video\/video_casale_s_nicola_falo_di_s_lucia\/","title":{"rendered":"Casale S. Nicola Fal\u00f2 di S. Lucia"},"content":{"rendered":"<p>il 13 dicembre si festeggia S. Lucia ed \u00e8 usanza accendere un fal\u00f2 (focaraccio). A Montemiletto \u00e8 radicato nel costume paesano questa tradizione.<\/p>\n","protected":false},"author":5627,"featured_media":0,"comment_status":"closed","ping_status":"closed","template":"","categories":[8282],"tags":[],"geo":[919,45,978],"class_list":{"0":"post-95724","1":"video","2":"type-video","3":"status-publish","5":"category-arte-e-cultura","6":"geo-avellino","7":"geo-campania","8":"geo-montemiletto"},"acf":[],"_links":{"self":[{"href":"https:\/\/www.youreporter.it\/api\/wp\/v2\/video\/95724"}],"collection":[{"href":"https:\/\/www.youreporter.it\/api\/wp\/v2\/video"}],"about":[{"href":"https:\/\/www.youreporter.it\/api\/wp\/v2\/types\/video"}],"author":[{"embeddable":true,"href":"https:\/\/www.youreporter.it\/api\/wp\/v2\/users\/5627"}],"replies":[{"embeddable":true,"href":"https:\/\/www.youreporter.it\/api\/wp\/v2\/comments?post=95724"}],"version-history":[{"count":0,"href":"https:\/\/www.youreporter.it\/api\/wp\/v2\/video\/95724\/revisions"}],"wp:attachment":[{"href":"https:\/\/www.youreporter.it\/api\/wp\/v2\/media?parent=95724"}],"wp:term":[{"taxonomy":"category","embeddable":true,"href":"https:\/\/www.youreporter.it\/api\/wp\/v2\/categories?post=95724"},{"taxonomy":"post_tag","embeddable":true,"href":"https:\/\/www.youreporter.it\/api\/wp\/v2\/tags?post=95724"},{"taxonomy":"geo","embeddable":true,"href":"https:\/\/www.youreporter.it\/api\/wp\/v2\/geo?post=95724"}],"curies":[{"name":"wp","href":"https:\/\/api.w.org\/{rel}","templated":true}]}}

Casale S. Nicola Falò di S. Lucia

<p>il 13 dicembre si festeggia S. Lucia ed è usanza accendere un falò (focaraccio). A Montemiletto è radicato nel costume paesano questa tradizione.</p>
