{"id":93422,"date":"2015-03-31T20:51:14","date_gmt":"2015-03-31T20:51:14","guid":{"rendered":"https:\/\/www.youreporter.it\/video_civitavecchia_citta_pulita\/"},"modified":"2015-03-31T20:51:14","modified_gmt":"2015-03-31T20:51:14","slug":"video_civitavecchia_citta_pulita","status":"publish","type":"video","link":"https:\/\/www.youreporter.it\/video\/video_civitavecchia_citta_pulita\/","title":{"rendered":"Civitavecchia citt\u00e0 pulita."},"content":{"rendered":"<p>Grazie di cuore ai civitavecchiesi, se la citt\u00e0 \u00e8 pulita. Evento in via Apollodoro angolo via Francesco De Santis, vicinanza tra edicola giornali e la Sede INPS. Evento in data 30\/03\/2015 ore 17:15.<\/p>\n","protected":false},"author":5560,"featured_media":0,"comment_status":"closed","ping_status":"closed","template":"","categories":[1],"tags":[],"geo":[2288,49,2254],"class_list":{"0":"post-93422","1":"video","2":"type-video","3":"status-publish","5":"category-cronaca","6":"geo-civitavecchia","7":"geo-lazio","8":"geo-roma"},"acf":[],"_links":{"self":[{"href":"https:\/\/www.youreporter.it\/api\/wp\/v2\/video\/93422"}],"collection":[{"href":"https:\/\/www.youreporter.it\/api\/wp\/v2\/video"}],"about":[{"href":"https:\/\/www.youreporter.it\/api\/wp\/v2\/types\/video"}],"author":[{"embeddable":true,"href":"https:\/\/www.youreporter.it\/api\/wp\/v2\/users\/5560"}],"replies":[{"embeddable":true,"href":"https:\/\/www.youreporter.it\/api\/wp\/v2\/comments?post=93422"}],"version-history":[{"count":0,"href":"https:\/\/www.youreporter.it\/api\/wp\/v2\/video\/93422\/revisions"}],"wp:attachment":[{"href":"https:\/\/www.youreporter.it\/api\/wp\/v2\/media?parent=93422"}],"wp:term":[{"taxonomy":"category","embeddable":true,"href":"https:\/\/www.youreporter.it\/api\/wp\/v2\/categories?post=93422"},{"taxonomy":"post_tag","embeddable":true,"href":"https:\/\/www.youreporter.it\/api\/wp\/v2\/tags?post=93422"},{"taxonomy":"geo","embeddable":true,"href":"https:\/\/www.youreporter.it\/api\/wp\/v2\/geo?post=93422"}],"curies":[{"name":"wp","href":"https:\/\/api.w.org\/{rel}","templated":true}]}}

Civitavecchia città pulita.

<p>Grazie di cuore ai civitavecchiesi, se la città è pulita. Evento in via Apollodoro angolo via Francesco De Santis, vicinanza tra edicola giornali e la Sede INPS. Evento in data 30/03/2015 ore 17:15.</p>
