{"id":92228,"date":"2014-10-11T08:16:50","date_gmt":"2014-10-11T08:16:50","guid":{"rendered":"https:\/\/www.youreporter.it\/video_la_grande_tirata_dell_obelisco_-_il_carro_dell_addolorata_\/"},"modified":"2014-10-11T08:16:50","modified_gmt":"2014-10-11T08:16:50","slug":"video_la_grande_tirata_dell_obelisco_-_il_carro_dell_addolorata_","status":"publish","type":"video","link":"https:\/\/www.youreporter.it\/video\/video_la_grande_tirata_dell_obelisco_-_il_carro_dell_addolorata_\/","title":{"rendered":"La grande tirata dell&#8217;obelisco &#8211; il carro dell&#8217;Addolorata &#8211;"},"content":{"rendered":"<p>MIRABELLA ECLANO ( Irpinia ) &#8211; Il carro dell&#8217;Addolorata e&#8217; fede, folclore,storia e religione.E&#8217; soprattutto  comunita&#8217;,e&#8217; legame con le radici. Un rito che puo&#8217; comprendere bene solo chi vive a Mirabella.A noi altri non ci resta che ammirare questo obelisco per le vie del paese,tenuto su dalle funi e dalle urla della folla,uno spettacolo superbo e sempre uguale con le emozioni che si rinnovano anno dopo anno.La Grande tirata \u00e8 una manifestazione a carattere religioso che si svolge ogni sabato precedente la terza domenica di settembre a Mirabella Eclano, in Campania, in onore della Madonna Addolorata.Quest&#8217;attivit\u00e0 folkloristica, consiste nel trasporto, per le vie della citt\u00e0, e precisamente dalla zona Santa Caterina fino al borgo del paese, di un obelisco rivestito di paglia intrecciata. Il carro,alto 25 metri, ha struttura in legno, costituita da 23 travi soprapposte secondo una tecnica che conferisce flessibilit\u00e0, ma anche praticit\u00e0 di montaggio e smontaggio. Mediante opportuna disposizione delle travi, si creano 7 piani ognuno dei quali, procedendo dal basso verso l&#8217;alto, \u00e8 pi\u00f9 basso del precedente; gli ultimi tre registri costituiscono la cupola, sulla cui cima, \u00e8 fissata la statua della Madonna Addolorata.<\/p>\n","protected":false},"author":4604,"featured_media":0,"comment_status":"closed","ping_status":"closed","template":"","categories":[8282],"tags":[],"geo":[919,45,969],"class_list":{"0":"post-92228","1":"video","2":"type-video","3":"status-publish","5":"category-arte-e-cultura","6":"geo-avellino","7":"geo-campania","8":"geo-mirabella-eclano"},"acf":[],"_links":{"self":[{"href":"https:\/\/www.youreporter.it\/api\/wp\/v2\/video\/92228"}],"collection":[{"href":"https:\/\/www.youreporter.it\/api\/wp\/v2\/video"}],"about":[{"href":"https:\/\/www.youreporter.it\/api\/wp\/v2\/types\/video"}],"author":[{"embeddable":true,"href":"https:\/\/www.youreporter.it\/api\/wp\/v2\/users\/4604"}],"replies":[{"embeddable":true,"href":"https:\/\/www.youreporter.it\/api\/wp\/v2\/comments?post=92228"}],"version-history":[{"count":0,"href":"https:\/\/www.youreporter.it\/api\/wp\/v2\/video\/92228\/revisions"}],"wp:attachment":[{"href":"https:\/\/www.youreporter.it\/api\/wp\/v2\/media?parent=92228"}],"wp:term":[{"taxonomy":"category","embeddable":true,"href":"https:\/\/www.youreporter.it\/api\/wp\/v2\/categories?post=92228"},{"taxonomy":"post_tag","embeddable":true,"href":"https:\/\/www.youreporter.it\/api\/wp\/v2\/tags?post=92228"},{"taxonomy":"geo","embeddable":true,"href":"https:\/\/www.youreporter.it\/api\/wp\/v2\/geo?post=92228"}],"curies":[{"name":"wp","href":"https:\/\/api.w.org\/{rel}","templated":true}]}}

<p>MIRABELLA ECLANO ( Irpinia ) &#8211; Il carro dell&#8217;Addolorata e&#8217; fede, folclore,storia e religione.E&#8217; soprattutto  comunita&#8217;,e&#8217; legame con le radici. Un rito che puo&#8217; comprendere bene solo chi vive a Mirabella.A noi altri non ci resta che ammirare questo obelisco per le vie del paese,tenuto su dalle funi e dalle urla della folla,uno spettacolo superbo e sempre uguale con le emozioni che si rinnovano anno dopo anno.La Grande tirata è una manifestazione a carattere religioso che si svolge ogni sabato precedente la terza domenica di settembre a Mirabella Eclano, in Campania, in onore della Madonna Addolorata.Quest&#8217;attività folkloristica, consiste nel trasporto, per le vie della città, e precisamente dalla zona Santa Caterina fino al borgo del paese, di un obelisco rivestito di paglia intrecciata. Il carro,alto 25 metri, ha struttura in legno, costituita da 23 travi soprapposte secondo una tecnica che conferisce flessibilità, ma anche praticità di montaggio e smontaggio. Mediante opportuna disposizione delle travi, si creano 7 piani ognuno dei quali, procedendo dal basso verso l&#8217;alto, è più basso del precedente; gli ultimi tre registri costituiscono la cupola, sulla cui cima, è fissata la statua della Madonna Addolorata.</p>
