{"id":91392,"date":"2014-10-19T15:06:46","date_gmt":"2014-10-19T15:06:46","guid":{"rendered":"https:\/\/www.youreporter.it\/video_la_nuova_pista_ciclabile_di_aversa_sara_a_norma\/"},"modified":"2014-10-19T15:06:46","modified_gmt":"2014-10-19T15:06:46","slug":"video_la_nuova_pista_ciclabile_di_aversa_sara_a_norma","status":"publish","type":"video","link":"https:\/\/www.youreporter.it\/video\/video_la_nuova_pista_ciclabile_di_aversa_sara_a_norma\/","title":{"rendered":"La nuova pista ciclabile di Aversa sar\u00e0 a norma?"},"content":{"rendered":"<p>Aversa 19\/10\/2014<\/p>\n<p>La mobilit\u00e0 sostenibile passa anche attraverso progetti per la realizzazione di percorsi ciclabili, spesso per\u00f2 capita che questi progetti servono solo a sperperare i soldi pubblici visto che la realizzazione delle piste ciclabili risulta spesso difforme da quanto previsto dal D.M. n\u00b0 557 del 30 novembre 1999.<\/p>\n<p>Questo decreto detta le regole per la corretta realizzazione delle piste ciclabili, purtroppo quella in fase di realizzazione ad Aversa in via Vito di Jasi non sembra rispettare nessun parametro previsto per la sicurezza dei ciclisti e pedoni.<br \/>\nIl primo dato che salta all&#8217;occhio \u00e8 la dimensione di circa 1,40 metri al posto dei 2,50 previsti dall&#8217;art. 7 del D.M. 557.<\/p>\n<p>Secondo la sua collocazione \u00e8 difforme da quanto previsto dall&#8217;art. 6 del D.M. 557, lo stesso prevede che quando la pista ciclabile \u00e8 realizzata sul marciapiede la stessa deve essere posizionata sul lato adiacente alla carreggiata stradale.<br \/>\nTerza difformit\u00e0 \u00e8 data dal fondo che deve essere in asfalto il pi\u00f9 livellato possibile e mai di piastrelle che creano vibrazioni al ciclista.<br \/>\nQuarta e non di poco conto e la scelta di posizionare la pista ciclabile sul lato destro che va verso l&#8217;arco dell&#8217;Annunziata, lato che conta decine e decine di traverse al alta densit\u00e0 di traffico oltre a ingressi pedonali e auto di abitazioni private, praticamente un ciclista dovrebbe fermarsi ogni 5\/6 metri per non incorrere in incidenti.<\/p>\n<p>Inoltre sempre nel D.M. 557 ci sono indicazioni su dove e quanti stazionamenti per le biciclette ci devono essere, addirittura \u00e8 prevista una fontanina ogni 5 Km di percorso, oltre ad una corretta segnaletica e specifica illuminazione.<\/p>\n<p>Insomma sembra proprio che al comune ci siano persone che non abbiano l&#8217;adeguata competenza per seguire questi progetti.<\/p>\n<p>Noi del Comitato Strisce Blu in collaborazione con le associazioni Familiari e Vittime della Strada e Mamme Coraggio siamo da sempre attenti alla sicurezza stradale e pronti a denunciare queste realizzazioni non a norma e che possono creare altre tragedie.<\/p>\n<p>Provvederemo a denunciare queste irregolarit\u00e0 alle autorit\u00e0 competenti sperando in una immediata correzione delle difformit\u00e0.<\/p>\n<p>Giuseppe Oliva<\/p>\n","protected":false},"author":5523,"featured_media":0,"comment_status":"closed","ping_status":"closed","template":"","categories":[1],"tags":[],"geo":[1123,45,1118],"class_list":{"0":"post-91392","1":"video","2":"type-video","3":"status-publish","5":"category-cronaca","6":"geo-aversa","7":"geo-campania","8":"geo-caserta"},"acf":[],"_links":{"self":[{"href":"https:\/\/www.youreporter.it\/api\/wp\/v2\/video\/91392"}],"collection":[{"href":"https:\/\/www.youreporter.it\/api\/wp\/v2\/video"}],"about":[{"href":"https:\/\/www.youreporter.it\/api\/wp\/v2\/types\/video"}],"author":[{"embeddable":true,"href":"https:\/\/www.youreporter.it\/api\/wp\/v2\/users\/5523"}],"replies":[{"embeddable":true,"href":"https:\/\/www.youreporter.it\/api\/wp\/v2\/comments?post=91392"}],"version-history":[{"count":0,"href":"https:\/\/www.youreporter.it\/api\/wp\/v2\/video\/91392\/revisions"}],"wp:attachment":[{"href":"https:\/\/www.youreporter.it\/api\/wp\/v2\/media?parent=91392"}],"wp:term":[{"taxonomy":"category","embeddable":true,"href":"https:\/\/www.youreporter.it\/api\/wp\/v2\/categories?post=91392"},{"taxonomy":"post_tag","embeddable":true,"href":"https:\/\/www.youreporter.it\/api\/wp\/v2\/tags?post=91392"},{"taxonomy":"geo","embeddable":true,"href":"https:\/\/www.youreporter.it\/api\/wp\/v2\/geo?post=91392"}],"curies":[{"name":"wp","href":"https:\/\/api.w.org\/{rel}","templated":true}]}}

La nuova pista ciclabile di Aversa sarà a norma?

<p>Aversa 19/10/2014</p>
<p>La mobilità sostenibile passa anche attraverso progetti per la realizzazione di percorsi ciclabili, spesso però capita che questi progetti servono solo a sperperare i soldi pubblici visto che la realizzazione delle piste ciclabili risulta spesso difforme da quanto previsto dal D.M. n° 557 del 30 novembre 1999.</p>
<p>Questo decreto detta le regole per la corretta realizzazione delle piste ciclabili, purtroppo quella in fase di realizzazione ad Aversa in via Vito di Jasi non sembra rispettare nessun parametro previsto per la sicurezza dei ciclisti e pedoni.<br />
Il primo dato che salta all&#8217;occhio è la dimensione di circa 1,40 metri al posto dei 2,50 previsti dall&#8217;art. 7 del D.M. 557.</p>
<p>Secondo la sua collocazione è difforme da quanto previsto dall&#8217;art. 6 del D.M. 557, lo stesso prevede che quando la pista ciclabile è realizzata sul marciapiede la stessa deve essere posizionata sul lato adiacente alla carreggiata stradale.<br />
Terza difformità è data dal fondo che deve essere in asfalto il più livellato possibile e mai di piastrelle che creano vibrazioni al ciclista.<br />
Quarta e non di poco conto e la scelta di posizionare la pista ciclabile sul lato destro che va verso l&#8217;arco dell&#8217;Annunziata, lato che conta decine e decine di traverse al alta densità di traffico oltre a ingressi pedonali e auto di abitazioni private, praticamente un ciclista dovrebbe fermarsi ogni 5/6 metri per non incorrere in incidenti.</p>
<p>Inoltre sempre nel D.M. 557 ci sono indicazioni su dove e quanti stazionamenti per le biciclette ci devono essere, addirittura è prevista una fontanina ogni 5 Km di percorso, oltre ad una corretta segnaletica e specifica illuminazione.</p>
<p>Insomma sembra proprio che al comune ci siano persone che non abbiano l&#8217;adeguata competenza per seguire questi progetti.</p>
<p>Noi del Comitato Strisce Blu in collaborazione con le associazioni Familiari e Vittime della Strada e Mamme Coraggio siamo da sempre attenti alla sicurezza stradale e pronti a denunciare queste realizzazioni non a norma e che possono creare altre tragedie.</p>
<p>Provvederemo a denunciare queste irregolarità alle autorità competenti sperando in una immediata correzione delle difformità.</p>
<p>Giuseppe Oliva</p>
