{"id":91158,"date":"2015-06-14T21:19:59","date_gmt":"2015-06-14T21:19:59","guid":{"rendered":"https:\/\/www.youreporter.it\/video_roma_pride_2015_-_liberiamoci\/"},"modified":"2015-06-14T21:19:59","modified_gmt":"2015-06-14T21:19:59","slug":"video_roma_pride_2015_-_liberiamoci","status":"publish","type":"video","link":"https:\/\/www.youreporter.it\/video\/video_roma_pride_2015_-_liberiamoci\/","title":{"rendered":"ROMA PRIDE 2015 &#8211; LIBERIAMOCI"},"content":{"rendered":"<p>ROMA PRIDE 2015 &#8211; LIBERIAMOCI<\/p>\n<p>13 giugno 2015<\/p>\n<p>Liberiamoci<\/p>\n<p>Al grido di LIBERIAMOCI!, il Roma Pride 2015 rilancia la battaglia collettiva di liberazione delle persone lesbiche, gay, bisessuali, trans, queer, intersessuali. Un percorso, simbolicamente avviato dai moti di Stonewall del 1969, che ci vede protagonisti oggi come allora. La nostra liberazione dai pregiudizi, dagli stereotipi, dai modelli limitanti, dai precetti imposti, dalle norme ingiuste, la nostra conquista della libert\u00e0, sono liberazione e conquista della libert\u00e0 per l\u2019intera societ\u00e0.<\/p>\n<p>Per tutte e tutti, vogliamo: <\/p>\n<p>Un welfare universale che superi interamente l\u2019attuale impostazione familista e tuteli sia le famiglie sia gli individui attraverso un sostegno reale al reddito come strumento di concreta autonomia delle persone.<br \/>\nLeggi in grado di rispondere alla realt\u00e0 plurale e multiforme delle identit\u00e0, degli affetti, delle relazioni, delle famiglie, delle figlie e dei figli.<br \/>\nL\u2019accesso al matrimonio per le coppie formate da persone dello stesso sesso.<br \/>\nL\u2019accesso alle adozioni e alle tecniche di procreazione medicalmente assistita per le persone single e per le coppie, indipendentemente dall\u2019orientamento sessuale e dall\u2019identit\u00e0 di genere.<br \/>\nPieno riconoscimento del legame di filiazione per i genitori omosessuali<br \/>\nIl riconoscimento dei poliamori e delle diverse forme di affettivit\u00e0 e di relazione che ciascuna e ciascuno di noi ha scelto liberamente.<br \/>\nLa tutela da ogni forma di discriminazione e da ogni manifestazione di carattere omofobico, lesbofobico, bifobico e transfobico.<br \/>\nIl riconoscimento dell\u2019educazione alle differenze come uno dei pilastri dell\u2019istruzione scolastica.<br \/>\nSostegno a programmi di educazione e informazione sessuale e affettiva, non viziati da pregiudizi e moralismi.<br \/>\nStrategie di prevenzione e interventi di informazione sulle infezioni sessualmente trasmesse, in particolare a contrasto dello stigma sociale che colpisce le persone in HIV.<br \/>\nCampagne di sensibilizzazione e informazione sulla transessualit\u00e0 e sull\u2019intersessualit\u00e0.<br \/>\nLeggi e interventi che assicurino il rispetto delle Linee Guida Etiche per la gestione clinica dei casi di intersessualit\u00e0, che evitino interventi medici arbitrari e mutilanti nella prima infanzia, salvaguardando il diritto all\u2019autodeterminazione dell\u2019individuo nell\u2019et\u00e0 adulta, l\u2019integrit\u00e0 fisica, la dignit\u00e0 dei corpi e delle identit\u00e0 non conformi.<br \/>\nL\u2019adeguamento delle norme sul cambio di sesso e la variazione dei dati anagrafici in un\u2019ottica di rispetto e di sostegno del diritto delle persone transessuali a vivere serenamente la propria identit\u00e0 di genere, senza obbligo di sottoporsi a interventi medici e chirurgici indesiderati.<br \/>\nIl riconoscimento della Lingua Italiana dei Segni (LIS)<br \/>\nCon il Pride offriamo il nostro bagaglio di istanze e di rivendicazioni non solo alla politica, ma alla societ\u00e0 tutta, il cui sviluppo dipende inevitabilmente dalla capacit\u00e0 di coniugare il percorso di parificazione dei diritti e dei doveri con l\u2019affermazione di una cultura del rispetto e dell\u2019inclusione.<\/p>\n<p>VISITA IL MIO CANALE YOUTUBE:<\/p>\n<p>www.youtube.com\/eustachio79<\/p>\n","protected":false},"author":5517,"featured_media":0,"comment_status":"closed","ping_status":"closed","template":"","categories":[1],"tags":[],"geo":[2254],"class_list":{"0":"post-91158","1":"video","2":"type-video","3":"status-publish","5":"category-cronaca","6":"geo-roma"},"acf":[],"_links":{"self":[{"href":"https:\/\/www.youreporter.it\/api\/wp\/v2\/video\/91158"}],"collection":[{"href":"https:\/\/www.youreporter.it\/api\/wp\/v2\/video"}],"about":[{"href":"https:\/\/www.youreporter.it\/api\/wp\/v2\/types\/video"}],"author":[{"embeddable":true,"href":"https:\/\/www.youreporter.it\/api\/wp\/v2\/users\/5517"}],"replies":[{"embeddable":true,"href":"https:\/\/www.youreporter.it\/api\/wp\/v2\/comments?post=91158"}],"version-history":[{"count":0,"href":"https:\/\/www.youreporter.it\/api\/wp\/v2\/video\/91158\/revisions"}],"wp:attachment":[{"href":"https:\/\/www.youreporter.it\/api\/wp\/v2\/media?parent=91158"}],"wp:term":[{"taxonomy":"category","embeddable":true,"href":"https:\/\/www.youreporter.it\/api\/wp\/v2\/categories?post=91158"},{"taxonomy":"post_tag","embeddable":true,"href":"https:\/\/www.youreporter.it\/api\/wp\/v2\/tags?post=91158"},{"taxonomy":"geo","embeddable":true,"href":"https:\/\/www.youreporter.it\/api\/wp\/v2\/geo?post=91158"}],"curies":[{"name":"wp","href":"https:\/\/api.w.org\/{rel}","templated":true}]}}

<p>ROMA PRIDE 2015 &#8211; LIBERIAMOCI</p>
<p>13 giugno 2015</p>
<p>Liberiamoci</p>
<p>Al grido di LIBERIAMOCI!, il Roma Pride 2015 rilancia la battaglia collettiva di liberazione delle persone lesbiche, gay, bisessuali, trans, queer, intersessuali. Un percorso, simbolicamente avviato dai moti di Stonewall del 1969, che ci vede protagonisti oggi come allora. La nostra liberazione dai pregiudizi, dagli stereotipi, dai modelli limitanti, dai precetti imposti, dalle norme ingiuste, la nostra conquista della libertà, sono liberazione e conquista della libertà per l’intera società.</p>
<p>Per tutte e tutti, vogliamo: </p>
<p>Un welfare universale che superi interamente l’attuale impostazione familista e tuteli sia le famiglie sia gli individui attraverso un sostegno reale al reddito come strumento di concreta autonomia delle persone.<br />
Leggi in grado di rispondere alla realtà plurale e multiforme delle identità, degli affetti, delle relazioni, delle famiglie, delle figlie e dei figli.<br />
L’accesso al matrimonio per le coppie formate da persone dello stesso sesso.<br />
L’accesso alle adozioni e alle tecniche di procreazione medicalmente assistita per le persone single e per le coppie, indipendentemente dall’orientamento sessuale e dall’identità di genere.<br />
Pieno riconoscimento del legame di filiazione per i genitori omosessuali<br />
Il riconoscimento dei poliamori e delle diverse forme di affettività e di relazione che ciascuna e ciascuno di noi ha scelto liberamente.<br />
La tutela da ogni forma di discriminazione e da ogni manifestazione di carattere omofobico, lesbofobico, bifobico e transfobico.<br />
Il riconoscimento dell’educazione alle differenze come uno dei pilastri dell’istruzione scolastica.<br />
Sostegno a programmi di educazione e informazione sessuale e affettiva, non viziati da pregiudizi e moralismi.<br />
Strategie di prevenzione e interventi di informazione sulle infezioni sessualmente trasmesse, in particolare a contrasto dello stigma sociale che colpisce le persone in HIV.<br />
Campagne di sensibilizzazione e informazione sulla transessualità e sull’intersessualità.<br />
Leggi e interventi che assicurino il rispetto delle Linee Guida Etiche per la gestione clinica dei casi di intersessualità, che evitino interventi medici arbitrari e mutilanti nella prima infanzia, salvaguardando il diritto all’autodeterminazione dell’individuo nell’età adulta, l’integrità fisica, la dignità dei corpi e delle identità non conformi.<br />
L’adeguamento delle norme sul cambio di sesso e la variazione dei dati anagrafici in un’ottica di rispetto e di sostegno del diritto delle persone transessuali a vivere serenamente la propria identità di genere, senza obbligo di sottoporsi a interventi medici e chirurgici indesiderati.<br />
Il riconoscimento della Lingua Italiana dei Segni (LIS)<br />
Con il Pride offriamo il nostro bagaglio di istanze e di rivendicazioni non solo alla politica, ma alla società tutta, il cui sviluppo dipende inevitabilmente dalla capacità di coniugare il percorso di parificazione dei diritti e dei doveri con l’affermazione di una cultura del rispetto e dell’inclusione.</p>
<p>VISITA IL MIO CANALE YOUTUBE:</p>
<p>www.youtube.com/eustachio79</p>
