{"id":88603,"date":"2014-05-01T22:08:42","date_gmt":"2014-05-01T22:08:42","guid":{"rendered":"https:\/\/www.youreporter.it\/video_1_maggio_a_torino_-_manifestazione_e_comizi\/"},"modified":"2014-05-01T22:08:42","modified_gmt":"2014-05-01T22:08:42","slug":"video_1_maggio_a_torino_-_manifestazione_e_comizi","status":"publish","type":"video","link":"https:\/\/www.youreporter.it\/video\/video_1_maggio_a_torino_-_manifestazione_e_comizi\/","title":{"rendered":"1\u00b0 Maggio a Torino &#8211; Manifestazione e comizio alternativo"},"content":{"rendered":"<p>A Torino, il 1\u00b0 maggio \u00e8 il giorno delle contestazioni al PD. Una lunga storia, che parte ormai dagli anni 90.<br \/>\nGli &#8220;eredi&#8221; del PCI da una parte, i giovani dall&#8217;altro.<br \/>\nContestato il PD e un suo senatore proTAV, cariche della Polizia, qualche contuso, all&#8217;inizio del corteo, ma poi qualcuno ha deciso che la giornata non poteva concludersi senza che sui giornali comparisse la solita notizia sui cattivi antagonisti e si decide che un corteo immenso non possa sfilare, bloccando gli &#8220;altri&#8221; quelli non ufficiali (Centri sociali, sindacati di base,NoTAV e i partiti minori che erano alla fine del corteo).<br \/>\nUna nuovo scontro ci vuole altrimenti chi avrebbe la notizia clamorosa e quindi qualche altro pestaggio, fino a quando questa incomprensibile decisione viene annullata.<br \/>\nTorino \u00e8 una citt\u00e0 con molte contraddizioni, ma non si merita che ogni anno, non sia possibile sfilare, anche contestando chi ha &#8220;pi\u00f9 potere&#8221;.<br \/>\nAlla fine una piazza piena ha dimostrato quanti erano i &#8220;cattivi&#8221;, piazza San Carlo piena e non erano solo gli &#8220;antagonisti&#8221;.<br \/>\nOrmai a Torino ci sono due realt\u00e0, quella dei palazzi buoni, partiti e banche e sindacati complici, e dall&#8217;altra tutti gli altri, quelli senza protezione, disoccupati, giovani, precari, senza casa, movimenti.<\/p>\n","protected":false},"author":5475,"featured_media":0,"comment_status":"closed","ping_status":"closed","template":"","categories":[1],"tags":[],"geo":[5500,54,5347],"class_list":{"0":"post-88603","1":"video","2":"type-video","3":"status-publish","5":"category-cronaca","6":"geo-mombello-di-torino","7":"geo-piemonte","8":"geo-torino"},"acf":[],"_links":{"self":[{"href":"https:\/\/www.youreporter.it\/api\/wp\/v2\/video\/88603"}],"collection":[{"href":"https:\/\/www.youreporter.it\/api\/wp\/v2\/video"}],"about":[{"href":"https:\/\/www.youreporter.it\/api\/wp\/v2\/types\/video"}],"author":[{"embeddable":true,"href":"https:\/\/www.youreporter.it\/api\/wp\/v2\/users\/5475"}],"replies":[{"embeddable":true,"href":"https:\/\/www.youreporter.it\/api\/wp\/v2\/comments?post=88603"}],"version-history":[{"count":0,"href":"https:\/\/www.youreporter.it\/api\/wp\/v2\/video\/88603\/revisions"}],"wp:attachment":[{"href":"https:\/\/www.youreporter.it\/api\/wp\/v2\/media?parent=88603"}],"wp:term":[{"taxonomy":"category","embeddable":true,"href":"https:\/\/www.youreporter.it\/api\/wp\/v2\/categories?post=88603"},{"taxonomy":"post_tag","embeddable":true,"href":"https:\/\/www.youreporter.it\/api\/wp\/v2\/tags?post=88603"},{"taxonomy":"geo","embeddable":true,"href":"https:\/\/www.youreporter.it\/api\/wp\/v2\/geo?post=88603"}],"curies":[{"name":"wp","href":"https:\/\/api.w.org\/{rel}","templated":true}]}}

<p>A Torino, il 1° maggio è il giorno delle contestazioni al PD. Una lunga storia, che parte ormai dagli anni 90.<br />
Gli &#8220;eredi&#8221; del PCI da una parte, i giovani dall&#8217;altro.<br />
Contestato il PD e un suo senatore proTAV, cariche della Polizia, qualche contuso, all&#8217;inizio del corteo, ma poi qualcuno ha deciso che la giornata non poteva concludersi senza che sui giornali comparisse la solita notizia sui cattivi antagonisti e si decide che un corteo immenso non possa sfilare, bloccando gli &#8220;altri&#8221; quelli non ufficiali (Centri sociali, sindacati di base,NoTAV e i partiti minori che erano alla fine del corteo).<br />
Una nuovo scontro ci vuole altrimenti chi avrebbe la notizia clamorosa e quindi qualche altro pestaggio, fino a quando questa incomprensibile decisione viene annullata.<br />
Torino è una città con molte contraddizioni, ma non si merita che ogni anno, non sia possibile sfilare, anche contestando chi ha &#8220;più potere&#8221;.<br />
Alla fine una piazza piena ha dimostrato quanti erano i &#8220;cattivi&#8221;, piazza San Carlo piena e non erano solo gli &#8220;antagonisti&#8221;.<br />
Ormai a Torino ci sono due realtà, quella dei palazzi buoni, partiti e banche e sindacati complici, e dall&#8217;altra tutti gli altri, quelli senza protezione, disoccupati, giovani, precari, senza casa, movimenti.</p>
