{"id":88407,"date":"2015-02-06T00:12:49","date_gmt":"2015-02-06T00:12:49","guid":{"rendered":"https:\/\/www.youreporter.it\/video_i_racconti_di_josefina_pla_dal_paraguay_a_roma\/"},"modified":"2015-02-06T00:12:49","modified_gmt":"2015-02-06T00:12:49","slug":"video_i_racconti_di_josefina_pla_dal_paraguay_a_roma","status":"publish","type":"video","link":"https:\/\/www.youreporter.it\/video\/video_i_racconti_di_josefina_pla_dal_paraguay_a_roma\/","title":{"rendered":"I Racconti di Josefina Pla dal Paraguay a Roma"},"content":{"rendered":"<p>Evento patrocinato dall\u2019Ambasciata del Paraguay in Italia e organizzato dall&#8217;Associazione del Paraguay a Roma<br \/>\n*********************************************************************************************************************************************************************************<br \/>\nSi \u00e8 svolto a Roma, come preannunciato, l&#8217;evento di presentazione del libro &#8220;Racconti&#8221; di Josefina Pla, curato e tradotto dalla dottoressa Francesca Di Meglio dell&#8217;Universit\u00e0 di Firenze. All&#8217;evento hanno presenziato: Maria Teresa Benitez Florentin (presidente dell&#8217;Associazione Paraguay in Italia); Mirko Soto Sapriza (Avv. Consigliere Incaricato di Affari dell&#8217;Ambasciata del Paraguay in Italia); Marta Salcedo ( segretaria dell&#8217;associazione); l&#8217;autrice, Francesca Di Meglio; membri dell&#8217;ambasciata, simpatizzanti, e personalit\u00e0.<br \/>\n***********************************************************************************************************************************************************************************<br \/>\nUna presentazione molto interessante che pone l&#8217;accento sull&#8217;universo donna, sulla cultura Paraguayana e molte sfumature di questa nazione cos\u00ec lontana dall&#8217;Italia ma allo stesso tempo, vicina e a volte simile. Nei video i momenti pi\u00f9 significativi di quanto \u00e8 stato presentato a cura dei relatori.<br \/>\n********************************************************************************************************************************************************************************<br \/>\nDopo la presentazione di Firenze, nel 2013 ecco che l\u2019opera della poliedrica Josefina Pl\u00e1 arriva anche a Roma, e grazie al patrocinio dell\u2019Ambasciata del Paraguay e all\u2019ospitalit\u00e0 della Casa Internazionale Delle Donne \u00e8 possibile accostarsi al lavoro di questa poetessa e scrittrice spagnola di adozione paraguaiana. Editi per la prima volta in traduzione italiana, a cura di Francesca Di Meglio, si possono cos\u00ec leggere i migliori \u201cRacconti\u201d di Josefina Pl\u00e1 vissuta per quasi l\u2019intero secolo scorso (1903-1999), che vivendo in Sud America, dove trascorse gran parte della sua vita, fu figura intellettuale di primo piano e con la sua personalit\u00e0 variegata e carismatica port\u00f2 un contributo decisivo in ambito culturale, sociale e artistico del Paraguay. Nonostante la molteplicit\u00e0 degli interessi e dell\u2019attivit\u00e0 intellettuale che la tennero impegnata per tutta la sua vita come giornalista, drammaturga, saggista, poetessa e scultrice di ceramica, in Europa \u00e8 rimasta a lungo ignota ai pi\u00f9. Finalmente, la dottoressa Di Meglio, dell\u2019universit\u00e0 di Firenze, che proprio come dice il suo nome \u201cdi meglio\u201d non poteva fare, appassionata del genere, presenta la sua tesi di laurea &#8220;Tra Josefina Pl\u00e1 e i canti Mbya: le strutture narrative europee e l\u2019eredit\u00e0 guaran\u00ec nella letteratura paraguaiana moderna&#8221; il cui progetto evidenzia \u201cl\u2019analisi delle peculiarit\u00e0 che caratterizzano la letteratura del Paraguay, partendo dall\u2019esame di tre elementi principali: l\u2019opera dell\u2019indiscussa modernizzatrice della cultura paraguaiana, Josefina Pl\u00e1, improntata al realismo critico e alla ricerca dell\u2019autenticit\u00e0 espressiva; i testi esoterici guaran\u00ec, cos\u00ec come furono rivelati all\u2019antropologo Le\u00f3n Cadogan nel 1959; ed infine, le strategie che la letteratura moderna ha adottato per dar voce alle due lingue\/anime del paese, conciliando la cultura europea di cui la scrittrice canaria fu portavoce e l\u2019oralit\u00e0 ricca di metafore del \u201cpensiero selvaggio\u201dguaran\u00ec\u201d, come riporta la sua Tesi. Ecco quindi che la traduzione de i \u201cRacconti\u201d assume un significato ampio perch\u00e9 costituiscono un documento straordinario della societ\u00e0 paraguayana tra gli anni Trenta e Sessanta del secolo scorso, e molti testi sono di grande interesse anche dal punto di vista letterario.<br \/>\n**************************************************************************************************************************************************************************************<br \/>\nRoma &#8211; Casa Internazionale delle Donne &#8211; Carmen Minutoli -ItalianJournalist-<br \/>\nCopyright: riutilizzo consentito citando autore e fonte &#8211; 5.2.15 &#8211;<\/p>\n","protected":false},"author":5470,"featured_media":0,"comment_status":"closed","ping_status":"closed","template":"","categories":[8282],"tags":[],"geo":[2254],"class_list":{"0":"post-88407","1":"video","2":"type-video","3":"status-publish","5":"category-arte-e-cultura","6":"geo-roma"},"acf":[],"_links":{"self":[{"href":"https:\/\/www.youreporter.it\/api\/wp\/v2\/video\/88407"}],"collection":[{"href":"https:\/\/www.youreporter.it\/api\/wp\/v2\/video"}],"about":[{"href":"https:\/\/www.youreporter.it\/api\/wp\/v2\/types\/video"}],"author":[{"embeddable":true,"href":"https:\/\/www.youreporter.it\/api\/wp\/v2\/users\/5470"}],"replies":[{"embeddable":true,"href":"https:\/\/www.youreporter.it\/api\/wp\/v2\/comments?post=88407"}],"version-history":[{"count":0,"href":"https:\/\/www.youreporter.it\/api\/wp\/v2\/video\/88407\/revisions"}],"wp:attachment":[{"href":"https:\/\/www.youreporter.it\/api\/wp\/v2\/media?parent=88407"}],"wp:term":[{"taxonomy":"category","embeddable":true,"href":"https:\/\/www.youreporter.it\/api\/wp\/v2\/categories?post=88407"},{"taxonomy":"post_tag","embeddable":true,"href":"https:\/\/www.youreporter.it\/api\/wp\/v2\/tags?post=88407"},{"taxonomy":"geo","embeddable":true,"href":"https:\/\/www.youreporter.it\/api\/wp\/v2\/geo?post=88407"}],"curies":[{"name":"wp","href":"https:\/\/api.w.org\/{rel}","templated":true}]}}

<p>Evento patrocinato dall’Ambasciata del Paraguay in Italia e organizzato dall&#8217;Associazione del Paraguay a Roma<br />
*********************************************************************************************************************************************************************************<br />
Si è svolto a Roma, come preannunciato, l&#8217;evento di presentazione del libro &#8220;Racconti&#8221; di Josefina Pla, curato e tradotto dalla dottoressa Francesca Di Meglio dell&#8217;Università di Firenze. All&#8217;evento hanno presenziato: Maria Teresa Benitez Florentin (presidente dell&#8217;Associazione Paraguay in Italia); Mirko Soto Sapriza (Avv. Consigliere Incaricato di Affari dell&#8217;Ambasciata del Paraguay in Italia); Marta Salcedo ( segretaria dell&#8217;associazione); l&#8217;autrice, Francesca Di Meglio; membri dell&#8217;ambasciata, simpatizzanti, e personalità.<br />
***********************************************************************************************************************************************************************************<br />
Una presentazione molto interessante che pone l&#8217;accento sull&#8217;universo donna, sulla cultura Paraguayana e molte sfumature di questa nazione così lontana dall&#8217;Italia ma allo stesso tempo, vicina e a volte simile. Nei video i momenti più significativi di quanto è stato presentato a cura dei relatori.<br />
********************************************************************************************************************************************************************************<br />
Dopo la presentazione di Firenze, nel 2013 ecco che l’opera della poliedrica Josefina Plá arriva anche a Roma, e grazie al patrocinio dell’Ambasciata del Paraguay e all’ospitalità della Casa Internazionale Delle Donne è possibile accostarsi al lavoro di questa poetessa e scrittrice spagnola di adozione paraguaiana. Editi per la prima volta in traduzione italiana, a cura di Francesca Di Meglio, si possono così leggere i migliori “Racconti” di Josefina Plá vissuta per quasi l’intero secolo scorso (1903-1999), che vivendo in Sud America, dove trascorse gran parte della sua vita, fu figura intellettuale di primo piano e con la sua personalità variegata e carismatica portò un contributo decisivo in ambito culturale, sociale e artistico del Paraguay. Nonostante la molteplicità degli interessi e dell’attività intellettuale che la tennero impegnata per tutta la sua vita come giornalista, drammaturga, saggista, poetessa e scultrice di ceramica, in Europa è rimasta a lungo ignota ai più. Finalmente, la dottoressa Di Meglio, dell’università di Firenze, che proprio come dice il suo nome “di meglio” non poteva fare, appassionata del genere, presenta la sua tesi di laurea &#8220;Tra Josefina Plá e i canti Mbya: le strutture narrative europee e l’eredità guaranì nella letteratura paraguaiana moderna&#8221; il cui progetto evidenzia “l’analisi delle peculiarità che caratterizzano la letteratura del Paraguay, partendo dall’esame di tre elementi principali: l’opera dell’indiscussa modernizzatrice della cultura paraguaiana, Josefina Plá, improntata al realismo critico e alla ricerca dell’autenticità espressiva; i testi esoterici guaranì, così come furono rivelati all’antropologo León Cadogan nel 1959; ed infine, le strategie che la letteratura moderna ha adottato per dar voce alle due lingue/anime del paese, conciliando la cultura europea di cui la scrittrice canaria fu portavoce e l’oralità ricca di metafore del “pensiero selvaggio”guaranì”, come riporta la sua Tesi. Ecco quindi che la traduzione de i “Racconti” assume un significato ampio perché costituiscono un documento straordinario della società paraguayana tra gli anni Trenta e Sessanta del secolo scorso, e molti testi sono di grande interesse anche dal punto di vista letterario.<br />
**************************************************************************************************************************************************************************************<br />
Roma &#8211; Casa Internazionale delle Donne &#8211; Carmen Minutoli -ItalianJournalist-<br />
Copyright: riutilizzo consentito citando autore e fonte &#8211; 5.2.15 &#8211;</p>
