{"id":87203,"date":"2016-02-19T19:39:00","date_gmt":"2016-02-19T19:39:00","guid":{"rendered":"https:\/\/www.youreporter.it\/video_un_mondo_difficile_libro_sulla_calabria\/"},"modified":"2016-02-19T19:39:00","modified_gmt":"2016-02-19T19:39:00","slug":"video_un_mondo_difficile_libro_sulla_calabria","status":"publish","type":"video","link":"https:\/\/www.youreporter.it\/video\/video_un_mondo_difficile_libro_sulla_calabria\/","title":{"rendered":"&#8220;\u00c9 un mondo difficile&#8221;, libro ambientato in Calabria"},"content":{"rendered":"<p>&#8220;\u00c9 un mondo difficile&#8221; \u00e9 il titolo del libro (cartaceo ed ebook) scritto da Francesco Iriti e pubblicato su Amazon. Racconta la storia di un giovane cresciuto al Sud e poi emigrato al Nord.<\/p>\n","protected":false},"author":5445,"featured_media":0,"comment_status":"closed","ping_status":"closed","template":"","categories":[8282],"tags":[],"geo":[44,820,770],"class_list":{"0":"post-87203","1":"video","2":"type-video","3":"status-publish","5":"category-arte-e-cultura","6":"geo-calabria","7":"geo-melito-di-porto-salvo","8":"geo-reggio-calabria"},"acf":[],"_links":{"self":[{"href":"https:\/\/www.youreporter.it\/api\/wp\/v2\/video\/87203"}],"collection":[{"href":"https:\/\/www.youreporter.it\/api\/wp\/v2\/video"}],"about":[{"href":"https:\/\/www.youreporter.it\/api\/wp\/v2\/types\/video"}],"author":[{"embeddable":true,"href":"https:\/\/www.youreporter.it\/api\/wp\/v2\/users\/5445"}],"replies":[{"embeddable":true,"href":"https:\/\/www.youreporter.it\/api\/wp\/v2\/comments?post=87203"}],"version-history":[{"count":0,"href":"https:\/\/www.youreporter.it\/api\/wp\/v2\/video\/87203\/revisions"}],"wp:attachment":[{"href":"https:\/\/www.youreporter.it\/api\/wp\/v2\/media?parent=87203"}],"wp:term":[{"taxonomy":"category","embeddable":true,"href":"https:\/\/www.youreporter.it\/api\/wp\/v2\/categories?post=87203"},{"taxonomy":"post_tag","embeddable":true,"href":"https:\/\/www.youreporter.it\/api\/wp\/v2\/tags?post=87203"},{"taxonomy":"geo","embeddable":true,"href":"https:\/\/www.youreporter.it\/api\/wp\/v2\/geo?post=87203"}],"curies":[{"name":"wp","href":"https:\/\/api.w.org\/{rel}","templated":true}]}}

&#8220;É un mondo difficile&#8221;, libro ambientato in Calabria

<p>&#8220;É un mondo difficile&#8221; é il titolo del libro (cartaceo ed ebook) scritto da Francesco Iriti e pubblicato su Amazon. Racconta la storia di un giovane cresciuto al Sud e poi emigrato al Nord.</p>
