{"id":87117,"date":"2015-10-16T17:05:25","date_gmt":"2015-10-16T17:05:25","guid":{"rendered":"https:\/\/www.youreporter.it\/video_benevento_cerca_di_rialzarsi_dall_alluvione\/"},"modified":"2015-10-16T17:05:25","modified_gmt":"2015-10-16T17:05:25","slug":"video_benevento_cerca_di_rialzarsi_dall_alluvione","status":"publish","type":"video","link":"https:\/\/www.youreporter.it\/video\/video_benevento_cerca_di_rialzarsi_dall_alluvione\/","title":{"rendered":"Benevento cerca di rialzarsi dall&#8217;alluvione"},"content":{"rendered":"<p>&#8220;Rialziamoci&#8221; \u00e8 il titolo del primo giornale locale di Benevento &#8220;Il Sannio&#8221;. Cos\u00ec titolava oggi il quotidiano. Tutta la popolazione \u00e8 scesa in strada per cercare di portare la situazione alla normalit\u00e0. <\/p>\n","protected":false},"author":5441,"featured_media":0,"comment_status":"closed","ping_status":"closed","template":"","categories":[1],"tags":[],"geo":[1039,45],"class_list":{"0":"post-87117","1":"video","2":"type-video","3":"status-publish","5":"category-cronaca","6":"geo-benevento","7":"geo-campania"},"acf":[],"_links":{"self":[{"href":"https:\/\/www.youreporter.it\/api\/wp\/v2\/video\/87117"}],"collection":[{"href":"https:\/\/www.youreporter.it\/api\/wp\/v2\/video"}],"about":[{"href":"https:\/\/www.youreporter.it\/api\/wp\/v2\/types\/video"}],"author":[{"embeddable":true,"href":"https:\/\/www.youreporter.it\/api\/wp\/v2\/users\/5441"}],"replies":[{"embeddable":true,"href":"https:\/\/www.youreporter.it\/api\/wp\/v2\/comments?post=87117"}],"version-history":[{"count":0,"href":"https:\/\/www.youreporter.it\/api\/wp\/v2\/video\/87117\/revisions"}],"wp:attachment":[{"href":"https:\/\/www.youreporter.it\/api\/wp\/v2\/media?parent=87117"}],"wp:term":[{"taxonomy":"category","embeddable":true,"href":"https:\/\/www.youreporter.it\/api\/wp\/v2\/categories?post=87117"},{"taxonomy":"post_tag","embeddable":true,"href":"https:\/\/www.youreporter.it\/api\/wp\/v2\/tags?post=87117"},{"taxonomy":"geo","embeddable":true,"href":"https:\/\/www.youreporter.it\/api\/wp\/v2\/geo?post=87117"}],"curies":[{"name":"wp","href":"https:\/\/api.w.org\/{rel}","templated":true}]}}

<p>&#8220;Rialziamoci&#8221; è il titolo del primo giornale locale di Benevento &#8220;Il Sannio&#8221;. Così titolava oggi il quotidiano. Tutta la popolazione è scesa in strada per cercare di portare la situazione alla normalità. </p>
