{"id":87049,"date":"2014-05-13T20:40:43","date_gmt":"2014-05-13T20:40:43","guid":{"rendered":"https:\/\/www.youreporter.it\/video_il_litorale_a_sud_di_roma_invaso_dalla_medusa_velella\/"},"modified":"2014-05-13T20:40:43","modified_gmt":"2014-05-13T20:40:43","slug":"video_il_litorale_a_sud_di_roma_invaso_dalla_medusa_velella","status":"publish","type":"video","link":"https:\/\/www.youreporter.it\/video\/video_il_litorale_a_sud_di_roma_invaso_dalla_medusa_velella\/","title":{"rendered":"Il litorale a sud di Roma invaso dalla medusa velella."},"content":{"rendered":"<p>Oggi il litorale a sud di Roma si \u00e8 tinto di bl\u00f9,a causa della medusa velella o barchetta di san Pietro.La medusa che \u00e8 innocua per l&#8217;uomo, ha invaso tutto il litorale laziale. <\/p>\n","protected":false},"author":5439,"featured_media":0,"comment_status":"closed","ping_status":"closed","template":"","categories":[1],"tags":[],"geo":[2261,49,2254],"class_list":{"0":"post-87049","1":"video","2":"type-video","3":"status-publish","5":"category-cronaca","6":"geo-anzio","7":"geo-lazio","8":"geo-roma"},"acf":[],"_links":{"self":[{"href":"https:\/\/www.youreporter.it\/api\/wp\/v2\/video\/87049"}],"collection":[{"href":"https:\/\/www.youreporter.it\/api\/wp\/v2\/video"}],"about":[{"href":"https:\/\/www.youreporter.it\/api\/wp\/v2\/types\/video"}],"author":[{"embeddable":true,"href":"https:\/\/www.youreporter.it\/api\/wp\/v2\/users\/5439"}],"replies":[{"embeddable":true,"href":"https:\/\/www.youreporter.it\/api\/wp\/v2\/comments?post=87049"}],"version-history":[{"count":0,"href":"https:\/\/www.youreporter.it\/api\/wp\/v2\/video\/87049\/revisions"}],"wp:attachment":[{"href":"https:\/\/www.youreporter.it\/api\/wp\/v2\/media?parent=87049"}],"wp:term":[{"taxonomy":"category","embeddable":true,"href":"https:\/\/www.youreporter.it\/api\/wp\/v2\/categories?post=87049"},{"taxonomy":"post_tag","embeddable":true,"href":"https:\/\/www.youreporter.it\/api\/wp\/v2\/tags?post=87049"},{"taxonomy":"geo","embeddable":true,"href":"https:\/\/www.youreporter.it\/api\/wp\/v2\/geo?post=87049"}],"curies":[{"name":"wp","href":"https:\/\/api.w.org\/{rel}","templated":true}]}}

<p>Oggi il litorale a sud di Roma si è tinto di blù,a causa della medusa velella o barchetta di san Pietro.La medusa che è innocua per l&#8217;uomo, ha invaso tutto il litorale laziale. </p>
