{"id":85952,"date":"2017-03-24T17:26:07","date_gmt":"2017-03-24T17:26:07","guid":{"rendered":"https:\/\/www.youreporter.it\/video_la_realta_di_case_bianche_prima_tappa_del_papa_a_milano\/"},"modified":"2017-03-24T17:26:07","modified_gmt":"2017-03-24T17:26:07","slug":"video_la_realta_di_case_bianche_prima_tappa_del_papa_a_milano","status":"publish","type":"video","link":"https:\/\/www.youreporter.it\/video\/video_la_realta_di_case_bianche_prima_tappa_del_papa_a_milano\/","title":{"rendered":"La realt\u00e0 di Case Bianche, prima tappa del Papa a Milano"},"content":{"rendered":"<p>Degrado e povert\u00e0, due realt\u00e0 che domani Francesco toccher\u00e0 con mano <\/p>\n","protected":false},"author":5428,"featured_media":0,"comment_status":"closed","ping_status":"closed","template":"","categories":[1],"tags":[],"geo":[51,3629],"class_list":{"0":"post-85952","1":"video","2":"type-video","3":"status-publish","5":"category-cronaca","6":"geo-lombardia","7":"geo-milano"},"acf":[],"_links":{"self":[{"href":"https:\/\/www.youreporter.it\/api\/wp\/v2\/video\/85952"}],"collection":[{"href":"https:\/\/www.youreporter.it\/api\/wp\/v2\/video"}],"about":[{"href":"https:\/\/www.youreporter.it\/api\/wp\/v2\/types\/video"}],"author":[{"embeddable":true,"href":"https:\/\/www.youreporter.it\/api\/wp\/v2\/users\/5428"}],"replies":[{"embeddable":true,"href":"https:\/\/www.youreporter.it\/api\/wp\/v2\/comments?post=85952"}],"version-history":[{"count":0,"href":"https:\/\/www.youreporter.it\/api\/wp\/v2\/video\/85952\/revisions"}],"wp:attachment":[{"href":"https:\/\/www.youreporter.it\/api\/wp\/v2\/media?parent=85952"}],"wp:term":[{"taxonomy":"category","embeddable":true,"href":"https:\/\/www.youreporter.it\/api\/wp\/v2\/categories?post=85952"},{"taxonomy":"post_tag","embeddable":true,"href":"https:\/\/www.youreporter.it\/api\/wp\/v2\/tags?post=85952"},{"taxonomy":"geo","embeddable":true,"href":"https:\/\/www.youreporter.it\/api\/wp\/v2\/geo?post=85952"}],"curies":[{"name":"wp","href":"https:\/\/api.w.org\/{rel}","templated":true}]}}

La realtà di Case Bianche, prima tappa del Papa a Milano

<p>Degrado e povertà, due realtà che domani Francesco toccherà con mano </p>
