{"id":84161,"date":"2017-12-26T14:37:33","date_gmt":"2017-12-26T14:37:33","guid":{"rendered":"https:\/\/www.youreporter.it\/video_lazzaro_perdite_idriche_la_situazione_peggiora\/"},"modified":"2017-12-26T14:37:33","modified_gmt":"2017-12-26T14:37:33","slug":"video_lazzaro_perdite_idriche_la_situazione_peggiora","status":"publish","type":"video","link":"https:\/\/www.youreporter.it\/video\/video_lazzaro_perdite_idriche_la_situazione_peggiora\/","title":{"rendered":"Lazzaro: perdite idriche, la situazione si fa grave"},"content":{"rendered":"<p>Nonostante le precedenti richieste della scrivente associazione di riparare la perdita idrica in via dei Mille, localit\u00e0 Fornace non si \u00e8 ancora provveduto e la situazione \u00e8 peggiorata giacch\u00e9 la perdita s\u00ec \u00e8 estesa e da qualche  giorno milioni di metri cubi del prezioso liquido finiscono a mare, mentre in alcune contrade, veggasi Sant\u2019Elia, l\u2019acqua non raggiunge tutte le abitazioni. Gi\u00e0 in data 11 aprile 2016 abbiamo chiesto di riparare definitivamente detta perdita e di spostare la tubazione idrica dal suolo sulla quale scaricavano e scorrevano le acque fognarie, ma non si \u00e8 provveduto in tal senso.<br \/>\nNon \u00e8 ammissibile che durante questo  periodo di festivit\u00e0  e in altri giorni festivi e prefestivi nel corso dell\u2019anno durante i quali gli Uffici comunali sono chiusi, per giorni e giorni si continua a perdere  tutta quest\u2019acqua, perci\u00f2 come pi\u00f9 volte da me evidenziato sarebbe necessario che fosse garantito presso l\u2019Amministrazione comunale un servizio di pronto intervento  e fosse istituita un\u2019utenza telefonica pubblica (numero verde) a cui il cittadino potr\u00e0 rivolgersi. E\u2019 fuori dei canoni istituzionali che la popolazione nei giorni e negli orari di chiusura delle strutture  comunali per segnalare qualsiasi problematica o necessit\u00e0 non sappia a chi rivolgersi. In questo caso l\u2019intervento sarebbe di semplice esecuzione, forse basterebbe avvitare la saracinesca.<br \/>\nComunque tutto sommato anche queste importanti perdite idriche, ricordiamo via Giulietta Masina, Paolia, San Vincenzo, Ferrina, non sono poi cos\u00ec negative, se viste da un\u2019altra angolazione, ovvero tenuto conto che da alcuni mesi si sta animosamente provvedendo a ramazzare le strade del paese, questa operazione di pulizia ordinaria se accompagnata dal lavaggio automatico delle strade e dei siti spazzati non pu\u00f2 fare altro che completare l\u2019intervento e far brillare ancor di pi\u00f9 i siti ripuliti evidenziando ulteriori meriti ai nostri amministratori dello specifico settore. La nota pi\u00f9 dolente \u00e8 che il costo di questo lavaggio automatico ricade sulla popolazione.<br \/>\nVincenzo CREA<br \/>\nResponsabile del Comitato spontaneo \u201cTorrente Oliveto\u201d e Referente unico dell\u2019ANCADIC<\/p>\n","protected":false},"author":5400,"featured_media":0,"comment_status":"closed","ping_status":"closed","template":"","categories":[1],"tags":[],"geo":[44,824,770],"class_list":{"0":"post-84161","1":"video","2":"type-video","3":"status-publish","5":"category-cronaca","6":"geo-calabria","7":"geo-motta-san-giovanni","8":"geo-reggio-calabria"},"acf":[],"_links":{"self":[{"href":"https:\/\/www.youreporter.it\/api\/wp\/v2\/video\/84161"}],"collection":[{"href":"https:\/\/www.youreporter.it\/api\/wp\/v2\/video"}],"about":[{"href":"https:\/\/www.youreporter.it\/api\/wp\/v2\/types\/video"}],"author":[{"embeddable":true,"href":"https:\/\/www.youreporter.it\/api\/wp\/v2\/users\/5400"}],"replies":[{"embeddable":true,"href":"https:\/\/www.youreporter.it\/api\/wp\/v2\/comments?post=84161"}],"version-history":[{"count":0,"href":"https:\/\/www.youreporter.it\/api\/wp\/v2\/video\/84161\/revisions"}],"wp:attachment":[{"href":"https:\/\/www.youreporter.it\/api\/wp\/v2\/media?parent=84161"}],"wp:term":[{"taxonomy":"category","embeddable":true,"href":"https:\/\/www.youreporter.it\/api\/wp\/v2\/categories?post=84161"},{"taxonomy":"post_tag","embeddable":true,"href":"https:\/\/www.youreporter.it\/api\/wp\/v2\/tags?post=84161"},{"taxonomy":"geo","embeddable":true,"href":"https:\/\/www.youreporter.it\/api\/wp\/v2\/geo?post=84161"}],"curies":[{"name":"wp","href":"https:\/\/api.w.org\/{rel}","templated":true}]}}

<p>Nonostante le precedenti richieste della scrivente associazione di riparare la perdita idrica in via dei Mille, località Fornace non si è ancora provveduto e la situazione è peggiorata giacché la perdita sì è estesa e da qualche  giorno milioni di metri cubi del prezioso liquido finiscono a mare, mentre in alcune contrade, veggasi Sant’Elia, l’acqua non raggiunge tutte le abitazioni. Già in data 11 aprile 2016 abbiamo chiesto di riparare definitivamente detta perdita e di spostare la tubazione idrica dal suolo sulla quale scaricavano e scorrevano le acque fognarie, ma non si è provveduto in tal senso.<br />
Non è ammissibile che durante questo  periodo di festività  e in altri giorni festivi e prefestivi nel corso dell’anno durante i quali gli Uffici comunali sono chiusi, per giorni e giorni si continua a perdere  tutta quest’acqua, perciò come più volte da me evidenziato sarebbe necessario che fosse garantito presso l’Amministrazione comunale un servizio di pronto intervento  e fosse istituita un’utenza telefonica pubblica (numero verde) a cui il cittadino potrà rivolgersi. E’ fuori dei canoni istituzionali che la popolazione nei giorni e negli orari di chiusura delle strutture  comunali per segnalare qualsiasi problematica o necessità non sappia a chi rivolgersi. In questo caso l’intervento sarebbe di semplice esecuzione, forse basterebbe avvitare la saracinesca.<br />
Comunque tutto sommato anche queste importanti perdite idriche, ricordiamo via Giulietta Masina, Paolia, San Vincenzo, Ferrina, non sono poi così negative, se viste da un’altra angolazione, ovvero tenuto conto che da alcuni mesi si sta animosamente provvedendo a ramazzare le strade del paese, questa operazione di pulizia ordinaria se accompagnata dal lavaggio automatico delle strade e dei siti spazzati non può fare altro che completare l’intervento e far brillare ancor di più i siti ripuliti evidenziando ulteriori meriti ai nostri amministratori dello specifico settore. La nota più dolente è che il costo di questo lavaggio automatico ricade sulla popolazione.<br />
Vincenzo CREA<br />
Responsabile del Comitato spontaneo “Torrente Oliveto” e Referente unico dell’ANCADIC</p>
