{"id":82543,"date":"2015-06-25T21:06:08","date_gmt":"2015-06-25T21:06:08","guid":{"rendered":"https:\/\/www.youreporter.it\/video_w_momix_forever\/"},"modified":"2015-06-25T21:06:08","modified_gmt":"2015-06-25T21:06:08","slug":"video_w_momix_forever","status":"publish","type":"video","link":"https:\/\/www.youreporter.it\/video\/video_w_momix_forever\/","title":{"rendered":"\u201cW Momix Forever\u201d"},"content":{"rendered":"<p>\u201cW Momix Forever\u201d<br \/>\nFHD1080 &#8220;Regolare qualit\u00e0 e risoluzione video sulla barra comandi video&#8221;&#8230;<br \/>\nSul palcoscenico del Teatro Nazionale Milano i MOMIX di  Moses Pendleton dal 10 al 28 giugno 2015.<br \/>\nNon mancare al W MOMIX FOREVER, sar\u00e0 un\u2019occasione unica scoprire insieme come sia possibile  essere coinvolti e vivere  le performance di successo, in un evento pensato appositamente per festeggiare un compleanno particolare: &#8220;35Anni di Momix&#8221;.<br \/>\nUno &#8220;storage&#8221;  trentacinquennale da cui attingere &#8220;pura bellezza e perfetta poesia&#8221;,  diventa strumento per comporre un puzzle coreografico, da offrire al pubblico, come una sorta di valigia delle Indie.<br \/>\nAccanto al mondo solenne del palcoscenico esaltato anche da frenetici lavori e atmosfera euforica respirata, il mirabolante Moses Pendleton ha composto alcune creazioni, quattro nuove produzioni, esaltate da un segno distintivo che collega visivamente, dinamicit\u00e0 e flessuosit\u00e0 &#8216; con una filosofia progettuale originale propria dei Momix cui emerge: &#8220;la dinamicit\u00e0 del design della luce&#8221;.<br \/>\nIronico e vivace che scherza con forme e colori, aggiungendo un&#8217;anima ai propri gioielli coreografici, ne seleziona altri dodici per comporre una speciale composizione d&#8217;Arte contemporanea per l&#8217; happening teatrale.<br \/>\nNon esistono limiti alla creativit\u00e0 luminosa che Momix sprigiona, gamma completa di una icona, che dona identit\u00e0 e carattere allo spazio in cui si trova e che rivela alcune tendenze naturali dello spirito.<\/p>\n","protected":false},"author":5385,"featured_media":0,"comment_status":"closed","ping_status":"closed","template":"","categories":[8282],"tags":[],"geo":[51,3629],"class_list":{"0":"post-82543","1":"video","2":"type-video","3":"status-publish","5":"category-arte-e-cultura","6":"geo-lombardia","7":"geo-milano"},"acf":[],"_links":{"self":[{"href":"https:\/\/www.youreporter.it\/api\/wp\/v2\/video\/82543"}],"collection":[{"href":"https:\/\/www.youreporter.it\/api\/wp\/v2\/video"}],"about":[{"href":"https:\/\/www.youreporter.it\/api\/wp\/v2\/types\/video"}],"author":[{"embeddable":true,"href":"https:\/\/www.youreporter.it\/api\/wp\/v2\/users\/5385"}],"replies":[{"embeddable":true,"href":"https:\/\/www.youreporter.it\/api\/wp\/v2\/comments?post=82543"}],"version-history":[{"count":0,"href":"https:\/\/www.youreporter.it\/api\/wp\/v2\/video\/82543\/revisions"}],"wp:attachment":[{"href":"https:\/\/www.youreporter.it\/api\/wp\/v2\/media?parent=82543"}],"wp:term":[{"taxonomy":"category","embeddable":true,"href":"https:\/\/www.youreporter.it\/api\/wp\/v2\/categories?post=82543"},{"taxonomy":"post_tag","embeddable":true,"href":"https:\/\/www.youreporter.it\/api\/wp\/v2\/tags?post=82543"},{"taxonomy":"geo","embeddable":true,"href":"https:\/\/www.youreporter.it\/api\/wp\/v2\/geo?post=82543"}],"curies":[{"name":"wp","href":"https:\/\/api.w.org\/{rel}","templated":true}]}}

<p>“W Momix Forever”<br />
FHD1080 &#8220;Regolare qualità e risoluzione video sulla barra comandi video&#8221;&#8230;<br />
Sul palcoscenico del Teatro Nazionale Milano i MOMIX di  Moses Pendleton dal 10 al 28 giugno 2015.<br />
Non mancare al W MOMIX FOREVER, sarà un’occasione unica scoprire insieme come sia possibile  essere coinvolti e vivere  le performance di successo, in un evento pensato appositamente per festeggiare un compleanno particolare: &#8220;35Anni di Momix&#8221;.<br />
Uno &#8220;storage&#8221;  trentacinquennale da cui attingere &#8220;pura bellezza e perfetta poesia&#8221;,  diventa strumento per comporre un puzzle coreografico, da offrire al pubblico, come una sorta di valigia delle Indie.<br />
Accanto al mondo solenne del palcoscenico esaltato anche da frenetici lavori e atmosfera euforica respirata, il mirabolante Moses Pendleton ha composto alcune creazioni, quattro nuove produzioni, esaltate da un segno distintivo che collega visivamente, dinamicità e flessuosità &#8216; con una filosofia progettuale originale propria dei Momix cui emerge: &#8220;la dinamicità del design della luce&#8221;.<br />
Ironico e vivace che scherza con forme e colori, aggiungendo un&#8217;anima ai propri gioielli coreografici, ne seleziona altri dodici per comporre una speciale composizione d&#8217;Arte contemporanea per l&#8217; happening teatrale.<br />
Non esistono limiti alla creatività luminosa che Momix sprigiona, gamma completa di una icona, che dona identità e carattere allo spazio in cui si trova e che rivela alcune tendenze naturali dello spirito.</p>
