{"id":82537,"date":"2015-12-28T02:51:53","date_gmt":"2015-12-28T02:51:53","guid":{"rendered":"https:\/\/www.youreporter.it\/video_angelo_redaelli_trent_anni_di_palcoscenico\/"},"modified":"2015-12-28T02:51:53","modified_gmt":"2015-12-28T02:51:53","slug":"video_angelo_redaelli_trent_anni_di_palcoscenico","status":"publish","type":"video","link":"https:\/\/www.youreporter.it\/video\/video_angelo_redaelli_trent_anni_di_palcoscenico\/","title":{"rendered":"Angelo Redaelli  &#8220;Trent&#8217;anni di Palcoscenico&#8221;"},"content":{"rendered":"<p>A TU PER TU CON<br \/>\n L&#8217;OPERA  DI ANGELO REDAELLI   FOTO IN SCENA  &#8220;TRENT&#8217;ANNI DI PALCOSCENICO&#8221;<br \/>\nRaccolte di testimonianze dirette in corso d&#8217;opera. Foto preziose.<br \/>\nSpicca il volo >.<br \/>\n\u00c8 l&#8217;occasione da non perdere, per vivere uno degli eventi pi\u00f9 importanti della citt\u00e0 di Milano.<br \/>\n\u201cMessa a fuoco degli aspetti sconosciuti o che sfuggono, nel fantasmagorico modo come solo un artista della ripresa riesce e pu\u00f2 fare, in cui mette in risalto la magia che appartiene ad un mondo favoloso e irreale\u201d.<br \/>\nUn contributo all&#8217;arte e allo spettacolo dell&#8217;arte in costante e continuo cambiamento.<br \/>\nInformazione come diffusione di gioia, che affianchi a contenuti studiati ed estesi in quarantasei gigantografie, incorniciate in ventitre monoliti, per ammirare la prosa della grande Paola Borboni o Glauco Mauri senza far torto per\u00f2 a Soleri, mitico Arlecchino, mentre incantati dalla grazia della musa di Bejart, Luciana Savignano, Le si dedica pi\u00f9 tempo.<br \/>\nGli scatti in bianco\/nero di Gassman o Pambieri si specchiano poi con la forza poetica di Conte e De Andr\u00e8 rafforzati dalla grinta di Giorgio Gaber.<br \/>\nIl prezioso documento, prologo di un progetto raffinato e di pi\u00f9 vasto spessore che racconti in modo pi\u00f9 completo e dettagliato la \u201c Vera Essenza\u201d, previsto per il 2016-2017, \u00e8 sviluppato lungo la centralissima via Dante che termina in largo Cairoli.<br \/>\n \u201cIl Tempio delle Meraviglie\u201d, galleria \u201cen plein air\u201d, da godere fino al 06 Gennaio 2016.<br \/>\nL\u2019appuntamento \u00e8 per tutti.<br \/>\nVia Dante Isola pedonale Milano<br \/>\n08 Dicembre 2015 &#8211; 06 Gennaio 2016<br \/>\n(Regolazione in FULL HD dalla barra -vicino volume-)<\/p>\n<p>In contemporanea : \u201cTHE ROCK CITY\u201d a cura di Luigi Pedrazzi<br \/>\nIMPORTANTE MOSTRA FOTOGRAFICA<\/p>\n<p>Un tuffo in \u201cquegli anni\u201d, e quei momenti di indimenticabile spessore, nei Miti che sono stati di apertura agli stimoli moderni.<br \/>\nIl vero grande occhio di quattro testimoni del nostro tempo, da Massimo Barbaglia a Gigliola Di Piazza o  Bruno Marzi e Angelo Redaelli, quando in epoca non sospetta si era non presuntuosi, ma combattenti che cavalcavano l&#8217;onda del fare e del sapere.<br \/>\nFunziona in modo magnetico il gusto scenografico dei curatori, nella proposta a gustare la vera grande informazione dei \u201cCronisti dell&#8217;immagine\u201d di un certo periodo storico, difficilmente riproponibile. <\/p>\n<p>Hernandez Art Gallery<br \/>\n Dal 03 al  20 Dicembre 2015<br \/>\n via Copernico 8 Milano<br \/>\nCon proroga probabilmente al 31 dicembre 2015 <\/p>\n<p>Angelo Antonio Messina<\/p>\n","protected":false},"author":5385,"featured_media":0,"comment_status":"closed","ping_status":"closed","template":"","categories":[8282],"tags":[],"geo":[51,3629],"class_list":{"0":"post-82537","1":"video","2":"type-video","3":"status-publish","5":"category-arte-e-cultura","6":"geo-lombardia","7":"geo-milano"},"acf":[],"_links":{"self":[{"href":"https:\/\/www.youreporter.it\/api\/wp\/v2\/video\/82537"}],"collection":[{"href":"https:\/\/www.youreporter.it\/api\/wp\/v2\/video"}],"about":[{"href":"https:\/\/www.youreporter.it\/api\/wp\/v2\/types\/video"}],"author":[{"embeddable":true,"href":"https:\/\/www.youreporter.it\/api\/wp\/v2\/users\/5385"}],"replies":[{"embeddable":true,"href":"https:\/\/www.youreporter.it\/api\/wp\/v2\/comments?post=82537"}],"version-history":[{"count":0,"href":"https:\/\/www.youreporter.it\/api\/wp\/v2\/video\/82537\/revisions"}],"wp:attachment":[{"href":"https:\/\/www.youreporter.it\/api\/wp\/v2\/media?parent=82537"}],"wp:term":[{"taxonomy":"category","embeddable":true,"href":"https:\/\/www.youreporter.it\/api\/wp\/v2\/categories?post=82537"},{"taxonomy":"post_tag","embeddable":true,"href":"https:\/\/www.youreporter.it\/api\/wp\/v2\/tags?post=82537"},{"taxonomy":"geo","embeddable":true,"href":"https:\/\/www.youreporter.it\/api\/wp\/v2\/geo?post=82537"}],"curies":[{"name":"wp","href":"https:\/\/api.w.org\/{rel}","templated":true}]}}

<p>A TU PER TU CON<br />
 L&#8217;OPERA  DI ANGELO REDAELLI   FOTO IN SCENA  &#8220;TRENT&#8217;ANNI DI PALCOSCENICO&#8221;<br />
Raccolte di testimonianze dirette in corso d&#8217;opera. Foto preziose.<br />
Spicca il volo >.<br />
È l&#8217;occasione da non perdere, per vivere uno degli eventi più importanti della città di Milano.<br />
“Messa a fuoco degli aspetti sconosciuti o che sfuggono, nel fantasmagorico modo come solo un artista della ripresa riesce e può fare, in cui mette in risalto la magia che appartiene ad un mondo favoloso e irreale”.<br />
Un contributo all&#8217;arte e allo spettacolo dell&#8217;arte in costante e continuo cambiamento.<br />
Informazione come diffusione di gioia, che affianchi a contenuti studiati ed estesi in quarantasei gigantografie, incorniciate in ventitre monoliti, per ammirare la prosa della grande Paola Borboni o Glauco Mauri senza far torto però a Soleri, mitico Arlecchino, mentre incantati dalla grazia della musa di Bejart, Luciana Savignano, Le si dedica più tempo.<br />
Gli scatti in bianco/nero di Gassman o Pambieri si specchiano poi con la forza poetica di Conte e De Andrè rafforzati dalla grinta di Giorgio Gaber.<br />
Il prezioso documento, prologo di un progetto raffinato e di più vasto spessore che racconti in modo più completo e dettagliato la “ Vera Essenza”, previsto per il 2016-2017, è sviluppato lungo la centralissima via Dante che termina in largo Cairoli.<br />
 “Il Tempio delle Meraviglie”, galleria “en plein air”, da godere fino al 06 Gennaio 2016.<br />
L’appuntamento è per tutti.<br />
Via Dante Isola pedonale Milano<br />
08 Dicembre 2015 &#8211; 06 Gennaio 2016<br />
(Regolazione in FULL HD dalla barra -vicino volume-)</p>
<p>In contemporanea : “THE ROCK CITY” a cura di Luigi Pedrazzi<br />
IMPORTANTE MOSTRA FOTOGRAFICA</p>
<p>Un tuffo in “quegli anni”, e quei momenti di indimenticabile spessore, nei Miti che sono stati di apertura agli stimoli moderni.<br />
Il vero grande occhio di quattro testimoni del nostro tempo, da Massimo Barbaglia a Gigliola Di Piazza o  Bruno Marzi e Angelo Redaelli, quando in epoca non sospetta si era non presuntuosi, ma combattenti che cavalcavano l&#8217;onda del fare e del sapere.<br />
Funziona in modo magnetico il gusto scenografico dei curatori, nella proposta a gustare la vera grande informazione dei “Cronisti dell&#8217;immagine” di un certo periodo storico, difficilmente riproponibile. </p>
<p>Hernandez Art Gallery<br />
 Dal 03 al  20 Dicembre 2015<br />
 via Copernico 8 Milano<br />
Con proroga probabilmente al 31 dicembre 2015 </p>
<p>Angelo Antonio Messina</p>
