{"id":82517,"date":"2016-06-03T04:33:31","date_gmt":"2016-06-03T04:33:31","guid":{"rendered":"https:\/\/www.youreporter.it\/video_basta_qualcosa_di_nuovo_per_cambiare_equilibri_in_europa_1\/"},"modified":"2016-06-03T04:33:31","modified_gmt":"2016-06-03T04:33:31","slug":"video_basta_qualcosa_di_nuovo_per_cambiare_equilibri_in_europa_1","status":"publish","type":"video","link":"https:\/\/www.youreporter.it\/video\/video_basta_qualcosa_di_nuovo_per_cambiare_equilibri_in_europa_1\/","title":{"rendered":"Basta qualcosa di nuovo per &#8220;Cambiare gli equilibri in Europa&#8221;? Prima parte"},"content":{"rendered":"<p>&#8220;Dobbiamo cambiare gli equilibri in Europa&#8221;<br \/>\nIntervista di Argiris Panagopoulos, pubblicata ad \u201cAvgi\u201d il 29\/5\/2016 a Joan Miguel Mena Arca*, deputato EN COMU PODEM: \u201cDobbiamo cambiare gli equilibri in Europa\u201d. \u201cCon la coalizione unitaria \u201cUniti Possiamo\u201d, Podemos, Sinistra Unita e le liste unitarie stiamo dando la battaglia per rovesciare il neoliberismo e allargare la democrazia in Spagna e in Catalogna, con l\u2019obbiettivo di cambiare gli equilibri in Europa in collaborazione con il governi di Grecia e di Portogallo e pi\u00f9 in generale del Sud Europa\u201d, ha detto ad \u201cAvhi\u201d Joan Miguel Mena Arca, deputato della lista unitaria En Com\u00f9 Podem, dirigente ed ex deputato nel parlamento locale di Catalogna per la Sinistra Unita e Alternativa EUiA. Il 41enne Mena \u00e8 filologo e per anni era consigliere comunale di EUiA a Sabadell.<\/p>\n<p>-La lista unitaria \u201cUniti Possiamo\u201d viene gi\u00e0 data per seconda nei sondaggi, mentre fino a poco fa i mezzi di informazione del sistema \u201cprevedevano\u201d la perdita di voti di Podemos e che la Sinistra Unita rimaneva a livelli bassi..<\/p>\n<p>Abbiamo una grande opportunit\u00e0 per cambiare la realt\u00e0 della Spagna, che \u00e8 stata colpita tragicamente dalla crisi con la disoccupazione di essere esplosa superando come in Grecia il 20%, non abbiamo lavoro e specialmente lavoro di qualit\u00e0. I sondaggi mostrano la speranza che ha la gente alle forze della sinistra alternativa, come Podemos, Sinistra Unita e le liste unitarie a livello regionale. Ci danno la speranza che possiamo lottare per avere una maggioranza politica nel prossimo parlamento per cacciare la destra del governo del paese.<br \/>\n&#8211; See more at: http:\/\/www.manifestosardo.org\/dobbiamo-cambiare-gli-equilibri-europa\/#sthash.kuCB16u7.dpuf<\/p>\n<p>L&#8217;intervista completa &#8220;Dobbiamo cambiare gli equilibri in Europa&#8221;<br \/>\n\u00e8 pubblicata da: il manifesto sardo<br \/>\nhttp:\/\/www.manifestosardo.org\/dobbiamo-cambiare-gli-equilibri-europa\/.<br \/>\n&#8212;&#8212;<br \/>\nItalia sopraffatta dalle classi dominanti manovrate da loschi quanto incompetenti figuri oltretutto supervisori di una serie di strumenti di gestione del Paese.<br \/>\nInsomma c&#8217;\u00e8 ancora vita nella vituperata sinistra?<br \/>\nForse non sono pi\u00f9 efficaci i confronti tra leggi elettorali data la &#8220;demenza non curabile&#8221; di chi<br \/>\npurtroppo, per non ricordare il passato, finge di non restare in solitaria malinconia politica, che oltretutto non fa molto bene, ma tutt&#8217;altro . Affinch\u00e9 il tutto venga salvato dal declino, solo onesti dediti alla legalit\u00e0 ed essere persone speciali non appartenenti a lobby per muovere lentamente la mano verso l&#8217;utensile e guidarlo oltre la  sicurezza e la certezza che &#8220;il mio arnese \u00e8 pi\u00f9 grosso del suo&#8221; fare bene per non perdere le funzioni vitali . Dialogare col mondo esterno per<br \/>\ndare lustro e per avviare verso uno sviluppo degno di qualit\u00e0 allontanando cos\u00ec il sospetto o certezza che &#8220;Nella citt\u00e0 l&#8217;inferno&#8221;.<\/p>\n<p>Angelo Antonio Messina<\/p>\n","protected":false},"author":5385,"featured_media":0,"comment_status":"closed","ping_status":"closed","template":"","categories":[1],"tags":[],"geo":[51,3629],"class_list":{"0":"post-82517","1":"video","2":"type-video","3":"status-publish","5":"category-cronaca","6":"geo-lombardia","7":"geo-milano"},"acf":[],"_links":{"self":[{"href":"https:\/\/www.youreporter.it\/api\/wp\/v2\/video\/82517"}],"collection":[{"href":"https:\/\/www.youreporter.it\/api\/wp\/v2\/video"}],"about":[{"href":"https:\/\/www.youreporter.it\/api\/wp\/v2\/types\/video"}],"author":[{"embeddable":true,"href":"https:\/\/www.youreporter.it\/api\/wp\/v2\/users\/5385"}],"replies":[{"embeddable":true,"href":"https:\/\/www.youreporter.it\/api\/wp\/v2\/comments?post=82517"}],"version-history":[{"count":0,"href":"https:\/\/www.youreporter.it\/api\/wp\/v2\/video\/82517\/revisions"}],"wp:attachment":[{"href":"https:\/\/www.youreporter.it\/api\/wp\/v2\/media?parent=82517"}],"wp:term":[{"taxonomy":"category","embeddable":true,"href":"https:\/\/www.youreporter.it\/api\/wp\/v2\/categories?post=82517"},{"taxonomy":"post_tag","embeddable":true,"href":"https:\/\/www.youreporter.it\/api\/wp\/v2\/tags?post=82517"},{"taxonomy":"geo","embeddable":true,"href":"https:\/\/www.youreporter.it\/api\/wp\/v2\/geo?post=82517"}],"curies":[{"name":"wp","href":"https:\/\/api.w.org\/{rel}","templated":true}]}}

<p>&#8220;Dobbiamo cambiare gli equilibri in Europa&#8221;<br />
Intervista di Argiris Panagopoulos, pubblicata ad “Avgi” il 29/5/2016 a Joan Miguel Mena Arca*, deputato EN COMU PODEM: “Dobbiamo cambiare gli equilibri in Europa”. “Con la coalizione unitaria “Uniti Possiamo”, Podemos, Sinistra Unita e le liste unitarie stiamo dando la battaglia per rovesciare il neoliberismo e allargare la democrazia in Spagna e in Catalogna, con l’obbiettivo di cambiare gli equilibri in Europa in collaborazione con il governi di Grecia e di Portogallo e più in generale del Sud Europa”, ha detto ad “Avhi” Joan Miguel Mena Arca, deputato della lista unitaria En Comù Podem, dirigente ed ex deputato nel parlamento locale di Catalogna per la Sinistra Unita e Alternativa EUiA. Il 41enne Mena è filologo e per anni era consigliere comunale di EUiA a Sabadell.</p>
<p>-La lista unitaria “Uniti Possiamo” viene già data per seconda nei sondaggi, mentre fino a poco fa i mezzi di informazione del sistema “prevedevano” la perdita di voti di Podemos e che la Sinistra Unita rimaneva a livelli bassi..</p>
<p>Abbiamo una grande opportunità per cambiare la realtà della Spagna, che è stata colpita tragicamente dalla crisi con la disoccupazione di essere esplosa superando come in Grecia il 20%, non abbiamo lavoro e specialmente lavoro di qualità. I sondaggi mostrano la speranza che ha la gente alle forze della sinistra alternativa, come Podemos, Sinistra Unita e le liste unitarie a livello regionale. Ci danno la speranza che possiamo lottare per avere una maggioranza politica nel prossimo parlamento per cacciare la destra del governo del paese.<br />
&#8211; See more at: http://www.manifestosardo.org/dobbiamo-cambiare-gli-equilibri-europa/#sthash.kuCB16u7.dpuf</p>
<p>L&#8217;intervista completa &#8220;Dobbiamo cambiare gli equilibri in Europa&#8221;<br />
è pubblicata da: il manifesto sardo<br />
http://www.manifestosardo.org/dobbiamo-cambiare-gli-equilibri-europa/.<br />
&#8212;&#8212;<br />
Italia sopraffatta dalle classi dominanti manovrate da loschi quanto incompetenti figuri oltretutto supervisori di una serie di strumenti di gestione del Paese.<br />
Insomma c&#8217;è ancora vita nella vituperata sinistra?<br />
Forse non sono più efficaci i confronti tra leggi elettorali data la &#8220;demenza non curabile&#8221; di chi<br />
purtroppo, per non ricordare il passato, finge di non restare in solitaria malinconia politica, che oltretutto non fa molto bene, ma tutt&#8217;altro . Affinché il tutto venga salvato dal declino, solo onesti dediti alla legalità ed essere persone speciali non appartenenti a lobby per muovere lentamente la mano verso l&#8217;utensile e guidarlo oltre la  sicurezza e la certezza che &#8220;il mio arnese è più grosso del suo&#8221; fare bene per non perdere le funzioni vitali . Dialogare col mondo esterno per<br />
dare lustro e per avviare verso uno sviluppo degno di qualità allontanando così il sospetto o certezza che &#8220;Nella città l&#8217;inferno&#8221;.</p>
<p>Angelo Antonio Messina</p>
