{"id":82513,"date":"2016-06-05T20:18:38","date_gmt":"2016-06-05T20:18:38","guid":{"rendered":"https:\/\/www.youreporter.it\/video_ada_colau_da_occupante_di_case_a_sindaca_di_barcellona_2\/"},"modified":"2016-06-05T20:18:38","modified_gmt":"2016-06-05T20:18:38","slug":"video_ada_colau_da_occupante_di_case_a_sindaca_di_barcellona_2","status":"publish","type":"video","link":"https:\/\/www.youreporter.it\/video\/video_ada_colau_da_occupante_di_case_a_sindaca_di_barcellona_2\/","title":{"rendered":"Ada Colau: &#8220;Da occupante di case a sindaca di Barcellona&#8221; 2"},"content":{"rendered":"<p>Presentazione del libro&#8221; Ada Colau la citt\u00e0 in comune&#8221;. A dieci giorni dal voto amministrativo nella nostra citt\u00e0 discutiamo dell&#8217;esperienza di Barcellona dove, Ada Colau, una militante dei movimenti sociali \u00e8 stata eletta a sindaco della citt\u00e0.<br \/>\nNe discutiamo con:<br \/>\n Steven Forti ricercatore presso l&#8217;Instituto de Historia Contempor\u00e1nea dell&#8217;Universit\u00e0 Nova di Lisbona e coautore del libro<br \/>\n Luciano Muhlbauer, candidato al consiglio comunale con la lista &#8220;Milano in Comune&#8221;<br \/>\n Presenta: Alex Foti, editor MilanoX<br \/>\nQuella di Ada Colau, classe 1974, occupante di case divenuta sindaca di Barcellona, \u00e8 la storia di un\u2019alternativa possibile nel governo delle grandi citt\u00e0 europee travolte dalla crisi.<br \/>\n Attivista del movimento No Global nei primi anni Duemila, diviene leader riconosciuta nella sua citt\u00e0 fondando la Pah (Piattaforma delle vittime dei mutui), movimento sociale apartitico che dal 2011 s\u2019intreccia con gli Indignados e si oppone agli sfratti con picchetti e trattative con le banche.<br \/>\nIl libro racconta come da quell\u2019esperienza di movimento sia stato possibile arrivare al governo della citt\u00e0 in un percorso distinto dai partiti<br \/>\n\u201cSiamo un modello in costruzione, una scommessa per tutta la mia generazione che ancora non avevamo vissuto. Credo che il municipalismo sia la chiave per un cambiamento democratico in profondit\u00e0 dal basso verso l&#8217;alto. <\/p>\n<p>Autori:<br \/>\n Giacomo Russo Spena \u00e8 nato a Roma nel 1981. Giornalista di Micromega, \u00e8 stato redattore de il manifesto. Ha scritto con Daniele Nalbone Ripuliti. Postfascisti durante e dopo Berlusconi (Castelvecchi, 2012) ed \u00e8 co-autore con Matteo Pucciarelli di Tsipras chi? Il leader greco che vuole rifare l\u2019Europa (Alegre, 2014) e di Podemos, la sinistra spagnola oltre la sinistra (Alegre, 2014).<\/p>\n<p> Steven Forti \u00e8 nato a Trento nel 1981, ma da anni vive a Barcellona. Ricercatore presso l\u2019Instituto de Historia Contemporanea dell\u2019Universidade Nova de Lisboa, collabora con riviste e giornali in Italia, Spagna e Grecia (Micromega, Bez, Atl\u00e1ntica XXII, Avgi, Epohi). \u00c8 autore di El peso de la naci\u00f3n. Nicola Bombacci, Paul Marion y \u00d3scar P\u00e9rez Sol\u00eds en la Europa de entreguerras (USC, 2014) e di numerosi saggi in riviste scientifiche internazionali.<\/p>\n<p> In libreria dal 19 maggio.<br \/>\nhttp:\/\/ilmegafonoquotidiano.it\/libri\/ada-colau-la-citt\u00e0-comune<\/p>\n","protected":false},"author":5385,"featured_media":0,"comment_status":"closed","ping_status":"closed","template":"","categories":[8282],"tags":[],"geo":[51,3629],"class_list":{"0":"post-82513","1":"video","2":"type-video","3":"status-publish","5":"category-arte-e-cultura","6":"geo-lombardia","7":"geo-milano"},"acf":[],"_links":{"self":[{"href":"https:\/\/www.youreporter.it\/api\/wp\/v2\/video\/82513"}],"collection":[{"href":"https:\/\/www.youreporter.it\/api\/wp\/v2\/video"}],"about":[{"href":"https:\/\/www.youreporter.it\/api\/wp\/v2\/types\/video"}],"author":[{"embeddable":true,"href":"https:\/\/www.youreporter.it\/api\/wp\/v2\/users\/5385"}],"replies":[{"embeddable":true,"href":"https:\/\/www.youreporter.it\/api\/wp\/v2\/comments?post=82513"}],"version-history":[{"count":0,"href":"https:\/\/www.youreporter.it\/api\/wp\/v2\/video\/82513\/revisions"}],"wp:attachment":[{"href":"https:\/\/www.youreporter.it\/api\/wp\/v2\/media?parent=82513"}],"wp:term":[{"taxonomy":"category","embeddable":true,"href":"https:\/\/www.youreporter.it\/api\/wp\/v2\/categories?post=82513"},{"taxonomy":"post_tag","embeddable":true,"href":"https:\/\/www.youreporter.it\/api\/wp\/v2\/tags?post=82513"},{"taxonomy":"geo","embeddable":true,"href":"https:\/\/www.youreporter.it\/api\/wp\/v2\/geo?post=82513"}],"curies":[{"name":"wp","href":"https:\/\/api.w.org\/{rel}","templated":true}]}}

<p>Presentazione del libro&#8221; Ada Colau la città in comune&#8221;. A dieci giorni dal voto amministrativo nella nostra città discutiamo dell&#8217;esperienza di Barcellona dove, Ada Colau, una militante dei movimenti sociali è stata eletta a sindaco della città.<br />
Ne discutiamo con:<br />
 Steven Forti ricercatore presso l&#8217;Instituto de Historia Contemporánea dell&#8217;Università Nova di Lisbona e coautore del libro<br />
 Luciano Muhlbauer, candidato al consiglio comunale con la lista &#8220;Milano in Comune&#8221;<br />
 Presenta: Alex Foti, editor MilanoX<br />
Quella di Ada Colau, classe 1974, occupante di case divenuta sindaca di Barcellona, è la storia di un’alternativa possibile nel governo delle grandi città europee travolte dalla crisi.<br />
 Attivista del movimento No Global nei primi anni Duemila, diviene leader riconosciuta nella sua città fondando la Pah (Piattaforma delle vittime dei mutui), movimento sociale apartitico che dal 2011 s’intreccia con gli Indignados e si oppone agli sfratti con picchetti e trattative con le banche.<br />
Il libro racconta come da quell’esperienza di movimento sia stato possibile arrivare al governo della città in un percorso distinto dai partiti<br />
“Siamo un modello in costruzione, una scommessa per tutta la mia generazione che ancora non avevamo vissuto. Credo che il municipalismo sia la chiave per un cambiamento democratico in profondità dal basso verso l&#8217;alto. </p>
<p>Autori:<br />
 Giacomo Russo Spena è nato a Roma nel 1981. Giornalista di Micromega, è stato redattore de il manifesto. Ha scritto con Daniele Nalbone Ripuliti. Postfascisti durante e dopo Berlusconi (Castelvecchi, 2012) ed è co-autore con Matteo Pucciarelli di Tsipras chi? Il leader greco che vuole rifare l’Europa (Alegre, 2014) e di Podemos, la sinistra spagnola oltre la sinistra (Alegre, 2014).</p>
<p> Steven Forti è nato a Trento nel 1981, ma da anni vive a Barcellona. Ricercatore presso l’Instituto de Historia Contemporanea dell’Universidade Nova de Lisboa, collabora con riviste e giornali in Italia, Spagna e Grecia (Micromega, Bez, Atlántica XXII, Avgi, Epohi). È autore di El peso de la nación. Nicola Bombacci, Paul Marion y Óscar Pérez Solís en la Europa de entreguerras (USC, 2014) e di numerosi saggi in riviste scientifiche internazionali.</p>
<p> In libreria dal 19 maggio.<br />
http://ilmegafonoquotidiano.it/libri/ada-colau-la-città-comune</p>
