{"id":82492,"date":"2017-01-15T12:32:14","date_gmt":"2017-01-15T12:32:14","guid":{"rendered":"https:\/\/www.youreporter.it\/video_eleventy_anteprima_collezione_uomodonna_primavera_estate2017\/"},"modified":"2017-01-15T12:32:14","modified_gmt":"2017-01-15T12:32:14","slug":"video_eleventy_anteprima_collezione_uomodonna_primavera_estate2017","status":"publish","type":"video","link":"https:\/\/www.youreporter.it\/video\/video_eleventy_anteprima_collezione_uomodonna_primavera_estate2017\/","title":{"rendered":"ELEVENTY anteprima collezione uomo-donna primavera\/estate 2017"},"content":{"rendered":"<p>(Barra comandi su FULLHD)&#8212;<br \/>\n\u00abLa nostra sfida \u00e8 creare un prodotto di altissima qualit\u00e0 e dare un servizio ancora pi\u00f9 efficiente, ma ad un prezzo giusto. Oggi parliamo ad un cliente informato e consapevole. C\u2019\u00e8 bisogno di una moda attenta e responsabile\u201d, spiegano Marco Baldassari, ceo e direttore creativo delle collezioni uomo, e Paolo Zuntini, ceo e direttore creativo donna, fondatori, nel 2007, di Eleventy assieme ad Andrea Scuderi, ceo-fondatore e responsabile di logistica e produzione. Della compagine azionaria fa parte, da due anni, anche Vei Capital, il fondo di private equity di Palladio Holding, con il 50% delle quote.<\/p>\n<p>Dati economici e le future strategie del Gruppo, insieme ad uno short movie girato alla Cava Henraux per la campagna SS17, scattata dal fotografo Stefano Guindani, presentati in Conferenza Stampa del gruppo Eleventy<br \/>\nalla quale hanno partecipato:<br \/>\nMarco Baldassari Ceo e direttore creativo uomo Eleventy<br \/>\nPaolo Zuntini Ceo e direttore creativo donna Eleventy<br \/>\nAndrea Scuderi Ceo Eleventy<br \/>\nSergio Ravagli Palladio Finanziaria<\/p>\n<p>Alessandro Cecchi Paone<\/p>\n<p>La nuova campagna \u00e8 parte di un progetto  volto a promuovere le eccellenze del nostro Paese, non legate al manifatturiero.<br \/>\n-Angelo Antonio Messina-<\/p>\n","protected":false},"author":5385,"featured_media":0,"comment_status":"closed","ping_status":"closed","template":"","categories":[1],"tags":[],"geo":[51,3629],"class_list":{"0":"post-82492","1":"video","2":"type-video","3":"status-publish","5":"category-cronaca","6":"geo-lombardia","7":"geo-milano"},"acf":[],"_links":{"self":[{"href":"https:\/\/www.youreporter.it\/api\/wp\/v2\/video\/82492"}],"collection":[{"href":"https:\/\/www.youreporter.it\/api\/wp\/v2\/video"}],"about":[{"href":"https:\/\/www.youreporter.it\/api\/wp\/v2\/types\/video"}],"author":[{"embeddable":true,"href":"https:\/\/www.youreporter.it\/api\/wp\/v2\/users\/5385"}],"replies":[{"embeddable":true,"href":"https:\/\/www.youreporter.it\/api\/wp\/v2\/comments?post=82492"}],"version-history":[{"count":0,"href":"https:\/\/www.youreporter.it\/api\/wp\/v2\/video\/82492\/revisions"}],"wp:attachment":[{"href":"https:\/\/www.youreporter.it\/api\/wp\/v2\/media?parent=82492"}],"wp:term":[{"taxonomy":"category","embeddable":true,"href":"https:\/\/www.youreporter.it\/api\/wp\/v2\/categories?post=82492"},{"taxonomy":"post_tag","embeddable":true,"href":"https:\/\/www.youreporter.it\/api\/wp\/v2\/tags?post=82492"},{"taxonomy":"geo","embeddable":true,"href":"https:\/\/www.youreporter.it\/api\/wp\/v2\/geo?post=82492"}],"curies":[{"name":"wp","href":"https:\/\/api.w.org\/{rel}","templated":true}]}}

<p>(Barra comandi su FULLHD)&#8212;<br />
«La nostra sfida è creare un prodotto di altissima qualità e dare un servizio ancora più efficiente, ma ad un prezzo giusto. Oggi parliamo ad un cliente informato e consapevole. C’è bisogno di una moda attenta e responsabile”, spiegano Marco Baldassari, ceo e direttore creativo delle collezioni uomo, e Paolo Zuntini, ceo e direttore creativo donna, fondatori, nel 2007, di Eleventy assieme ad Andrea Scuderi, ceo-fondatore e responsabile di logistica e produzione. Della compagine azionaria fa parte, da due anni, anche Vei Capital, il fondo di private equity di Palladio Holding, con il 50% delle quote.</p>
<p>Dati economici e le future strategie del Gruppo, insieme ad uno short movie girato alla Cava Henraux per la campagna SS17, scattata dal fotografo Stefano Guindani, presentati in Conferenza Stampa del gruppo Eleventy<br />
alla quale hanno partecipato:<br />
Marco Baldassari Ceo e direttore creativo uomo Eleventy<br />
Paolo Zuntini Ceo e direttore creativo donna Eleventy<br />
Andrea Scuderi Ceo Eleventy<br />
Sergio Ravagli Palladio Finanziaria</p>
<p>Alessandro Cecchi Paone</p>
<p>La nuova campagna è parte di un progetto  volto a promuovere le eccellenze del nostro Paese, non legate al manifatturiero.<br />
-Angelo Antonio Messina-</p>
