{"id":81383,"date":"2016-05-23T20:30:00","date_gmt":"2016-05-23T20:30:00","guid":{"rendered":"https:\/\/www.youreporter.it\/video_salvatore_carrozza_e_ante_budimir_insieme_alla_festa_del_kr\/"},"modified":"2016-05-23T20:30:00","modified_gmt":"2016-05-23T20:30:00","slug":"video_salvatore_carrozza_e_ante_budimir_insieme_alla_festa_del_kr","status":"publish","type":"video","link":"https:\/\/www.youreporter.it\/video\/video_salvatore_carrozza_e_ante_budimir_insieme_alla_festa_del_kr\/","title":{"rendered":"Salvatore Carrozza e Ante Budimir insieme alla festa del KR"},"content":{"rendered":"<p>Il primo \u00e8 crotonese e si chiama Salvatore Carrozza; il secondo \u00e8 conosciuto a livello internazionale, \u00e8 nato in Bosnia-Erzegovina, e si chiama Ante Budimir, attaccante con numero 17 dell&#8217;Fc Crotone, in prestito dal club St. Pauli. E&#8217; alto 1,90, il suo fan un po&#8217; meno: Don Carrozza \u00e8 il suo nome d&#8217;arte, un personaggio rossoblu che ha colorato l&#8217;annata 2015\/2016 con le benedizioni speciali e le imitazioni di qualche calciatore (tra questi proprio Budimir) e dei componenti della societ\u00e0 del Crotone. Durante la festa del 21 maggio 2016, per la promozione in Serie A, Don Carrozza \u00e8 salito sul palco recitando la preghiera che tutta Crotone conosce: quella dedicata ad Ante Budimir.<\/p>\n","protected":false},"author":5378,"featured_media":0,"comment_status":"closed","ping_status":"closed","template":"","categories":[21],"tags":[],"geo":[44,742],"class_list":{"0":"post-81383","1":"video","2":"type-video","3":"status-publish","5":"category-sport","6":"geo-calabria","7":"geo-crotone"},"acf":[],"_links":{"self":[{"href":"https:\/\/www.youreporter.it\/api\/wp\/v2\/video\/81383"}],"collection":[{"href":"https:\/\/www.youreporter.it\/api\/wp\/v2\/video"}],"about":[{"href":"https:\/\/www.youreporter.it\/api\/wp\/v2\/types\/video"}],"author":[{"embeddable":true,"href":"https:\/\/www.youreporter.it\/api\/wp\/v2\/users\/5378"}],"replies":[{"embeddable":true,"href":"https:\/\/www.youreporter.it\/api\/wp\/v2\/comments?post=81383"}],"version-history":[{"count":0,"href":"https:\/\/www.youreporter.it\/api\/wp\/v2\/video\/81383\/revisions"}],"wp:attachment":[{"href":"https:\/\/www.youreporter.it\/api\/wp\/v2\/media?parent=81383"}],"wp:term":[{"taxonomy":"category","embeddable":true,"href":"https:\/\/www.youreporter.it\/api\/wp\/v2\/categories?post=81383"},{"taxonomy":"post_tag","embeddable":true,"href":"https:\/\/www.youreporter.it\/api\/wp\/v2\/tags?post=81383"},{"taxonomy":"geo","embeddable":true,"href":"https:\/\/www.youreporter.it\/api\/wp\/v2\/geo?post=81383"}],"curies":[{"name":"wp","href":"https:\/\/api.w.org\/{rel}","templated":true}]}}

<p>Il primo è crotonese e si chiama Salvatore Carrozza; il secondo è conosciuto a livello internazionale, è nato in Bosnia-Erzegovina, e si chiama Ante Budimir, attaccante con numero 17 dell&#8217;Fc Crotone, in prestito dal club St. Pauli. E&#8217; alto 1,90, il suo fan un po&#8217; meno: Don Carrozza è il suo nome d&#8217;arte, un personaggio rossoblu che ha colorato l&#8217;annata 2015/2016 con le benedizioni speciali e le imitazioni di qualche calciatore (tra questi proprio Budimir) e dei componenti della società del Crotone. Durante la festa del 21 maggio 2016, per la promozione in Serie A, Don Carrozza è salito sul palco recitando la preghiera che tutta Crotone conosce: quella dedicata ad Ante Budimir.</p>
