{"id":81375,"date":"2016-05-30T23:37:47","date_gmt":"2016-05-30T23:37:47","guid":{"rendered":"https:\/\/www.youreporter.it\/video_xxxi_edizione_di_bicincitta_la_memoria_di_pino_bevilacqua\/"},"modified":"2016-05-30T23:37:47","modified_gmt":"2016-05-30T23:37:47","slug":"video_xxxi_edizione_di_bicincitta_la_memoria_di_pino_bevilacqua","status":"publish","type":"video","link":"https:\/\/www.youreporter.it\/video\/video_xxxi_edizione_di_bicincitta_la_memoria_di_pino_bevilacqua\/","title":{"rendered":"XXXI Edizione di Bicincitt\u00e0: la memoria di Pino Bevilacqua"},"content":{"rendered":"<p>XXXI Edizione di Bicincitt\u00e0 con la memoria di PinoBevilacqua: si \u00e8 svolta domenica 29 maggio alle 10,30 la trentunesima edizione di Bicincitt\u00e0, ricordando Pino Bevilacqua nei suoi 30 anni di passione e attivit\u00e0.<\/p>\n","protected":false},"author":5378,"featured_media":0,"comment_status":"closed","ping_status":"closed","template":"","categories":[21],"tags":[],"geo":[44,742],"class_list":{"0":"post-81375","1":"video","2":"type-video","3":"status-publish","5":"category-sport","6":"geo-calabria","7":"geo-crotone"},"acf":[],"_links":{"self":[{"href":"https:\/\/www.youreporter.it\/api\/wp\/v2\/video\/81375"}],"collection":[{"href":"https:\/\/www.youreporter.it\/api\/wp\/v2\/video"}],"about":[{"href":"https:\/\/www.youreporter.it\/api\/wp\/v2\/types\/video"}],"author":[{"embeddable":true,"href":"https:\/\/www.youreporter.it\/api\/wp\/v2\/users\/5378"}],"replies":[{"embeddable":true,"href":"https:\/\/www.youreporter.it\/api\/wp\/v2\/comments?post=81375"}],"version-history":[{"count":0,"href":"https:\/\/www.youreporter.it\/api\/wp\/v2\/video\/81375\/revisions"}],"wp:attachment":[{"href":"https:\/\/www.youreporter.it\/api\/wp\/v2\/media?parent=81375"}],"wp:term":[{"taxonomy":"category","embeddable":true,"href":"https:\/\/www.youreporter.it\/api\/wp\/v2\/categories?post=81375"},{"taxonomy":"post_tag","embeddable":true,"href":"https:\/\/www.youreporter.it\/api\/wp\/v2\/tags?post=81375"},{"taxonomy":"geo","embeddable":true,"href":"https:\/\/www.youreporter.it\/api\/wp\/v2\/geo?post=81375"}],"curies":[{"name":"wp","href":"https:\/\/api.w.org\/{rel}","templated":true}]}}

XXXI Edizione di Bicincittà: la memoria di Pino Bevilacqua

<p>XXXI Edizione di Bicincittà con la memoria di PinoBevilacqua: si è svolta domenica 29 maggio alle 10,30 la trentunesima edizione di Bicincittà, ricordando Pino Bevilacqua nei suoi 30 anni di passione e attività.</p>
