{"id":81366,"date":"2016-07-07T15:32:42","date_gmt":"2016-07-07T15:32:42","guid":{"rendered":"https:\/\/www.youreporter.it\/video_federico_ceccherini_nuovo_acquisto_del_crotone_calcio\/"},"modified":"2016-07-07T15:32:42","modified_gmt":"2016-07-07T15:32:42","slug":"video_federico_ceccherini_nuovo_acquisto_del_crotone_calcio","status":"publish","type":"video","link":"https:\/\/www.youreporter.it\/video\/video_federico_ceccherini_nuovo_acquisto_del_crotone_calcio\/","title":{"rendered":"Federico Ceccherini nuovo acquisto del Crotone Calcio"},"content":{"rendered":"<p>Continua il calcio mercato nella societ\u00e0 del Crotone Calcio: il football club ha acquistato Federico Ceccherini dal Livorno. Classe 1992, \u00e8 nato a Livorno dove \u00e8 cresciuto nel settore giovanile. Difensore centrale, ha gi\u00e0 incontrato il neo tecnico del Crotone Davide Nicola, vedendo la propria squadra promossa in serie A. Tornando in cadetteria, il giovane livornese ha totalizzato 32 presenza e ha segnato 2 goal.<\/p>\n","protected":false},"author":5378,"featured_media":0,"comment_status":"closed","ping_status":"closed","template":"","categories":[21],"tags":[],"geo":[44,742],"class_list":{"0":"post-81366","1":"video","2":"type-video","3":"status-publish","5":"category-sport","6":"geo-calabria","7":"geo-crotone"},"acf":[],"_links":{"self":[{"href":"https:\/\/www.youreporter.it\/api\/wp\/v2\/video\/81366"}],"collection":[{"href":"https:\/\/www.youreporter.it\/api\/wp\/v2\/video"}],"about":[{"href":"https:\/\/www.youreporter.it\/api\/wp\/v2\/types\/video"}],"author":[{"embeddable":true,"href":"https:\/\/www.youreporter.it\/api\/wp\/v2\/users\/5378"}],"replies":[{"embeddable":true,"href":"https:\/\/www.youreporter.it\/api\/wp\/v2\/comments?post=81366"}],"version-history":[{"count":0,"href":"https:\/\/www.youreporter.it\/api\/wp\/v2\/video\/81366\/revisions"}],"wp:attachment":[{"href":"https:\/\/www.youreporter.it\/api\/wp\/v2\/media?parent=81366"}],"wp:term":[{"taxonomy":"category","embeddable":true,"href":"https:\/\/www.youreporter.it\/api\/wp\/v2\/categories?post=81366"},{"taxonomy":"post_tag","embeddable":true,"href":"https:\/\/www.youreporter.it\/api\/wp\/v2\/tags?post=81366"},{"taxonomy":"geo","embeddable":true,"href":"https:\/\/www.youreporter.it\/api\/wp\/v2\/geo?post=81366"}],"curies":[{"name":"wp","href":"https:\/\/api.w.org\/{rel}","templated":true}]}}

<p>Continua il calcio mercato nella società del Crotone Calcio: il football club ha acquistato Federico Ceccherini dal Livorno. Classe 1992, è nato a Livorno dove è cresciuto nel settore giovanile. Difensore centrale, ha già incontrato il neo tecnico del Crotone Davide Nicola, vedendo la propria squadra promossa in serie A. Tornando in cadetteria, il giovane livornese ha totalizzato 32 presenza e ha segnato 2 goal.</p>
