{"id":79962,"date":"2015-06-29T22:59:35","date_gmt":"2015-06-29T22:59:35","guid":{"rendered":"https:\/\/www.youreporter.it\/video_roma_-_incendio_campo_rom_abusivo_25_ettari\/"},"modified":"2015-06-29T22:59:35","modified_gmt":"2015-06-29T22:59:35","slug":"video_roma_-_incendio_campo_rom_abusivo_25_ettari","status":"publish","type":"video","link":"https:\/\/www.youreporter.it\/video\/video_roma_-_incendio_campo_rom_abusivo_25_ettari\/","title":{"rendered":"Roma &#8211; Incendio campo rom abusivo, 25 ettari"},"content":{"rendered":"<p>Una puzza nauseabonda avvolge da stamane il quartiere Tor Bella Monaca. Le fiamme sono scoppiate all&#8217;interno della vasta area verde irregolare da anni invasa da centinaia di rom. Sul posto sono intervenute immediatamente cinque squadre dei vigili del fuoco per domare le fiamme, insieme alle forze di polizia. Il campo abusivo inizialmente era una baraccopoli, dove vivevano 3-4 persone. Sono addirittura in 30 a viverci, dopo quattro anni. Diventando un vero e proprio campo rom abusivo. Le fiamme quasi sicuramente sarebbero scaturite mentre alcuni rom estraevano il rame da chilometri di cavi trovati sparsi ovunque dopo lo spegnimento dell&#8217;incendio.<br \/>\nBombole, materassi, lavatrici. Baracche completamente distrutte. Una densa colonna di fumo nero che ha provocato disagi anche ai cittadini. E&#8217; questa la fotografia scattata dall&#8217;assessore del municipio VI ai Lavori pubblici, Walter Mastrangeli. &#8220;Questa mattina intorno alle 11 &#8211; racconta &#8211; un vasto incendio \u00e8 scoppiato a Tor Bella Monaca, dove c&#8217;\u00e8 un campo rom abusivo. Quasi 25 ettari di terreno sono andati bruciati. Fortunatamente nessuno \u00e8 rimasto ferito. L&#8217;area ha bisogno ora di una bonifica, ma il municipio non pu\u00f2 intervenire perch\u00e8 il terreno \u00e8 di competenza del dipartimento del Comune. E&#8217; stato un inferno e l&#8217;aria irrespirabile con disagi per i cittadini che abitano l\u00ec vicino&#8221;.<br \/>\nBombole, materassi, lavatrici. Baracche completamente distrutte. Una densa colonna di fumo nero che ha provocato disagi anche ai cittadini. E&#8217; questa la fotografia scattata dall&#8217;assessore del municipio VI ai Lavori pubblici, Walter Mastrangeli. &#8220;Questa mattina intorno alle 11 &#8211; racconta &#8211; un vasto incendio \u00e8 scoppiato a Tor Bella Monaca, dove c&#8217;\u00e8 un campo rom abusivo. Quasi 25 ettari di terreno sono andati bruciati. Fortunatamente nessuno \u00e8 rimasto ferito. L&#8217;area ha bisogno ora di una bonifica, ma il municipio non pu\u00f2 intervenire perch\u00e9 il terreno \u00e8 di competenza del dipartimento del Comune. E&#8217; stato un inferno e l&#8217;aria irrespirabile con disagi per i cittadini che abitano l\u00ec vicino&#8221;.<\/p>\n","protected":false},"author":5362,"featured_media":0,"comment_status":"closed","ping_status":"closed","template":"","categories":[1],"tags":[],"geo":[2254],"class_list":{"0":"post-79962","1":"video","2":"type-video","3":"status-publish","5":"category-cronaca","6":"geo-roma"},"acf":[],"_links":{"self":[{"href":"https:\/\/www.youreporter.it\/api\/wp\/v2\/video\/79962"}],"collection":[{"href":"https:\/\/www.youreporter.it\/api\/wp\/v2\/video"}],"about":[{"href":"https:\/\/www.youreporter.it\/api\/wp\/v2\/types\/video"}],"author":[{"embeddable":true,"href":"https:\/\/www.youreporter.it\/api\/wp\/v2\/users\/5362"}],"replies":[{"embeddable":true,"href":"https:\/\/www.youreporter.it\/api\/wp\/v2\/comments?post=79962"}],"version-history":[{"count":0,"href":"https:\/\/www.youreporter.it\/api\/wp\/v2\/video\/79962\/revisions"}],"wp:attachment":[{"href":"https:\/\/www.youreporter.it\/api\/wp\/v2\/media?parent=79962"}],"wp:term":[{"taxonomy":"category","embeddable":true,"href":"https:\/\/www.youreporter.it\/api\/wp\/v2\/categories?post=79962"},{"taxonomy":"post_tag","embeddable":true,"href":"https:\/\/www.youreporter.it\/api\/wp\/v2\/tags?post=79962"},{"taxonomy":"geo","embeddable":true,"href":"https:\/\/www.youreporter.it\/api\/wp\/v2\/geo?post=79962"}],"curies":[{"name":"wp","href":"https:\/\/api.w.org\/{rel}","templated":true}]}}

<p>Una puzza nauseabonda avvolge da stamane il quartiere Tor Bella Monaca. Le fiamme sono scoppiate all&#8217;interno della vasta area verde irregolare da anni invasa da centinaia di rom. Sul posto sono intervenute immediatamente cinque squadre dei vigili del fuoco per domare le fiamme, insieme alle forze di polizia. Il campo abusivo inizialmente era una baraccopoli, dove vivevano 3-4 persone. Sono addirittura in 30 a viverci, dopo quattro anni. Diventando un vero e proprio campo rom abusivo. Le fiamme quasi sicuramente sarebbero scaturite mentre alcuni rom estraevano il rame da chilometri di cavi trovati sparsi ovunque dopo lo spegnimento dell&#8217;incendio.<br />
Bombole, materassi, lavatrici. Baracche completamente distrutte. Una densa colonna di fumo nero che ha provocato disagi anche ai cittadini. E&#8217; questa la fotografia scattata dall&#8217;assessore del municipio VI ai Lavori pubblici, Walter Mastrangeli. &#8220;Questa mattina intorno alle 11 &#8211; racconta &#8211; un vasto incendio è scoppiato a Tor Bella Monaca, dove c&#8217;è un campo rom abusivo. Quasi 25 ettari di terreno sono andati bruciati. Fortunatamente nessuno è rimasto ferito. L&#8217;area ha bisogno ora di una bonifica, ma il municipio non può intervenire perchè il terreno è di competenza del dipartimento del Comune. E&#8217; stato un inferno e l&#8217;aria irrespirabile con disagi per i cittadini che abitano lì vicino&#8221;.<br />
Bombole, materassi, lavatrici. Baracche completamente distrutte. Una densa colonna di fumo nero che ha provocato disagi anche ai cittadini. E&#8217; questa la fotografia scattata dall&#8217;assessore del municipio VI ai Lavori pubblici, Walter Mastrangeli. &#8220;Questa mattina intorno alle 11 &#8211; racconta &#8211; un vasto incendio è scoppiato a Tor Bella Monaca, dove c&#8217;è un campo rom abusivo. Quasi 25 ettari di terreno sono andati bruciati. Fortunatamente nessuno è rimasto ferito. L&#8217;area ha bisogno ora di una bonifica, ma il municipio non può intervenire perché il terreno è di competenza del dipartimento del Comune. E&#8217; stato un inferno e l&#8217;aria irrespirabile con disagi per i cittadini che abitano lì vicino&#8221;.</p>
