{"id":79675,"date":"2016-04-13T13:58:16","date_gmt":"2016-04-13T13:58:16","guid":{"rendered":"https:\/\/www.youreporter.it\/video_il_cardinale_angelo_scola_in_visita_a_garbagnate_milanese\/"},"modified":"2016-04-13T13:58:16","modified_gmt":"2016-04-13T13:58:16","slug":"video_il_cardinale_angelo_scola_in_visita_a_garbagnate_milanese","status":"publish","type":"video","link":"https:\/\/www.youreporter.it\/video\/video_il_cardinale_angelo_scola_in_visita_a_garbagnate_milanese\/","title":{"rendered":"Il Cardinale Angelo Scola in visita a Garbagnate Milanese"},"content":{"rendered":"<p>Il Cardinale angelo Scola in visita a Garbagnate Milanese<\/p>\n<p>servizio di Primiano Mandunzio<\/p>\n<p>Domenica 10 aprile il cardinale Angelo Scola ha visitato la nostra Comunit\u00e0 Santa Croce di Garbagnate Milanese (Mi), in occasione della conclusione del locale Festival della Fede. Alle 11.00 circa ha celebrato la Santa Messa nella parrocchia dei Santi Eusebio e Maccabei. \u00ab\u00c8 la prima volta che l\u2019Arcivescovo viene da noi e ci fa molto piacere \u00bb \u2013 ha sottolineato il parroco don Claudio Galimberti ed aggiunge: \u00abIl Festival della fede, ormai giunto alla quarta edizione, richiama un gran numero di persone sul nostro territorio e dunque la presenza dell\u2019Arcivescovo \u00e8 importante. La nostra realt\u00e0 \u00e8 molto vivace e articolata. Qui, la Chiesa locale, ha investito su fronti diversi, dall\u2019oratorio alla scuola. Anche se non si tratta di una visita pastorale, abbiamo prestato molta cura nell\u2019annunciare l\u2019appuntamento con il Cardinale: da tre settimane a questa parte, nelle omelie delle diverse celebrazioni abbiamo ricordato questo evento come un momento prezioso di incontro e di unit\u00e0 con tutta la Chiesa\u00bb.<\/p>\n<p>Nelle immagini del servizio televisivo realizzato da Primiano Mandunzio per Garben.TV  potremmo assistere ad un sunto della celebrazione dove pi\u00f9 di due ore di \u201cgirato\u201d sono state sapientemente miscelate ed unite realizzando una sorte di \u201cdiario dell\u2019evento\u201d dall\u2019attesa del Cardinale, le interviste a chi ha reso possibile quest\u2019incontro, la celebrazione Eucaristica in Basilica, fino alla benedizione della statua di Santa Barbara dei nostri \u201cGris\u00f9\u201d che la apporranno nella nuova caserma di prossima inaugurazione.<\/p>\n","protected":false},"author":5357,"featured_media":0,"comment_status":"closed","ping_status":"closed","template":"","categories":[1],"tags":[],"geo":[3682,51,3629],"class_list":{"0":"post-79675","1":"video","2":"type-video","3":"status-publish","5":"category-cronaca","6":"geo-garbagnate-milanese","7":"geo-lombardia","8":"geo-milano"},"acf":[],"_links":{"self":[{"href":"https:\/\/www.youreporter.it\/api\/wp\/v2\/video\/79675"}],"collection":[{"href":"https:\/\/www.youreporter.it\/api\/wp\/v2\/video"}],"about":[{"href":"https:\/\/www.youreporter.it\/api\/wp\/v2\/types\/video"}],"author":[{"embeddable":true,"href":"https:\/\/www.youreporter.it\/api\/wp\/v2\/users\/5357"}],"replies":[{"embeddable":true,"href":"https:\/\/www.youreporter.it\/api\/wp\/v2\/comments?post=79675"}],"version-history":[{"count":0,"href":"https:\/\/www.youreporter.it\/api\/wp\/v2\/video\/79675\/revisions"}],"wp:attachment":[{"href":"https:\/\/www.youreporter.it\/api\/wp\/v2\/media?parent=79675"}],"wp:term":[{"taxonomy":"category","embeddable":true,"href":"https:\/\/www.youreporter.it\/api\/wp\/v2\/categories?post=79675"},{"taxonomy":"post_tag","embeddable":true,"href":"https:\/\/www.youreporter.it\/api\/wp\/v2\/tags?post=79675"},{"taxonomy":"geo","embeddable":true,"href":"https:\/\/www.youreporter.it\/api\/wp\/v2\/geo?post=79675"}],"curies":[{"name":"wp","href":"https:\/\/api.w.org\/{rel}","templated":true}]}}

<p>Il Cardinale angelo Scola in visita a Garbagnate Milanese</p>
<p>servizio di Primiano Mandunzio</p>
<p>Domenica 10 aprile il cardinale Angelo Scola ha visitato la nostra Comunità Santa Croce di Garbagnate Milanese (Mi), in occasione della conclusione del locale Festival della Fede. Alle 11.00 circa ha celebrato la Santa Messa nella parrocchia dei Santi Eusebio e Maccabei. «È la prima volta che l’Arcivescovo viene da noi e ci fa molto piacere » – ha sottolineato il parroco don Claudio Galimberti ed aggiunge: «Il Festival della fede, ormai giunto alla quarta edizione, richiama un gran numero di persone sul nostro territorio e dunque la presenza dell’Arcivescovo è importante. La nostra realtà è molto vivace e articolata. Qui, la Chiesa locale, ha investito su fronti diversi, dall’oratorio alla scuola. Anche se non si tratta di una visita pastorale, abbiamo prestato molta cura nell’annunciare l’appuntamento con il Cardinale: da tre settimane a questa parte, nelle omelie delle diverse celebrazioni abbiamo ricordato questo evento come un momento prezioso di incontro e di unità con tutta la Chiesa».</p>
<p>Nelle immagini del servizio televisivo realizzato da Primiano Mandunzio per Garben.TV  potremmo assistere ad un sunto della celebrazione dove più di due ore di “girato” sono state sapientemente miscelate ed unite realizzando una sorte di “diario dell’evento” dall’attesa del Cardinale, le interviste a chi ha reso possibile quest’incontro, la celebrazione Eucaristica in Basilica, fino alla benedizione della statua di Santa Barbara dei nostri “Grisù” che la apporranno nella nuova caserma di prossima inaugurazione.</p>
