{"id":79659,"date":"2016-11-12T15:19:48","date_gmt":"2016-11-12T15:19:48","guid":{"rendered":"https:\/\/www.youreporter.it\/video_santuario_dovra_esser_sostituita_la_caldaia_aria_calda\/"},"modified":"2016-11-12T15:19:48","modified_gmt":"2016-11-12T15:19:48","slug":"video_santuario_dovra_esser_sostituita_la_caldaia_aria_calda","status":"publish","type":"video","link":"https:\/\/www.youreporter.it\/video\/video_santuario_dovra_esser_sostituita_la_caldaia_aria_calda\/","title":{"rendered":"Santuario: dovr\u00e0 esser sostituita la Caldaia aria Calda"},"content":{"rendered":"<p>GARBAGNATE &#8211; servizio di Primiano Mandunzio<br \/>\nMomento difficile quello che stanno attraversando i Parrocchiani di Sant\u2019Eusebio e Maccabei. Dapprina il muro di recinzione dell\u2019oratorio San Luigi completamente da rifare perch\u00e9 pericolante con notevole esborso da parte della cassa Parrocchiana ,che solo grazie alla generosit\u00e0 dei parrocchiani risulta meno gravante , poi il campanone della Basilica Centrale crepato e da rifondere completamente ed ora\u2026\u2026.anche la caldaia che produce aria calda all\u2019interno del Santuario della Beata Vergine in pieno centro cittadino \u00e8 da sostituire completamente perch\u00e9 irreparabile. Anche per questo intervento, il preventivo di costo non \u00e8 basso perch\u00e9 non essendo come una caldaia d\u2019appartamento ma un impianto di notevole dimensione che deve produrre aria calda di almeno 200 KiloWatt, deve essere progettata da tecnici specifici. Insomma, un momento non roseo per la nostra Comunit\u00e0 che sicuramente sapr\u00e0 rispondere alle difficolt\u00e0 con la consueta generosit\u00e0 ed operosit\u00e0 che la distingue, evitando, speriamo, la chiusura del Santuario Mariano nei mesi invernali con la riapertura solamente in primavera\/estate, quando le temperature all\u2019interno sono meno rigide.<\/p>\n","protected":false},"author":5357,"featured_media":0,"comment_status":"closed","ping_status":"closed","template":"","categories":[1],"tags":[],"geo":[3682,51,3629],"class_list":{"0":"post-79659","1":"video","2":"type-video","3":"status-publish","5":"category-cronaca","6":"geo-garbagnate-milanese","7":"geo-lombardia","8":"geo-milano"},"acf":[],"_links":{"self":[{"href":"https:\/\/www.youreporter.it\/api\/wp\/v2\/video\/79659"}],"collection":[{"href":"https:\/\/www.youreporter.it\/api\/wp\/v2\/video"}],"about":[{"href":"https:\/\/www.youreporter.it\/api\/wp\/v2\/types\/video"}],"author":[{"embeddable":true,"href":"https:\/\/www.youreporter.it\/api\/wp\/v2\/users\/5357"}],"replies":[{"embeddable":true,"href":"https:\/\/www.youreporter.it\/api\/wp\/v2\/comments?post=79659"}],"version-history":[{"count":0,"href":"https:\/\/www.youreporter.it\/api\/wp\/v2\/video\/79659\/revisions"}],"wp:attachment":[{"href":"https:\/\/www.youreporter.it\/api\/wp\/v2\/media?parent=79659"}],"wp:term":[{"taxonomy":"category","embeddable":true,"href":"https:\/\/www.youreporter.it\/api\/wp\/v2\/categories?post=79659"},{"taxonomy":"post_tag","embeddable":true,"href":"https:\/\/www.youreporter.it\/api\/wp\/v2\/tags?post=79659"},{"taxonomy":"geo","embeddable":true,"href":"https:\/\/www.youreporter.it\/api\/wp\/v2\/geo?post=79659"}],"curies":[{"name":"wp","href":"https:\/\/api.w.org\/{rel}","templated":true}]}}

Santuario: dovrà esser sostituita la Caldaia aria Calda

<p>GARBAGNATE &#8211; servizio di Primiano Mandunzio<br />
Momento difficile quello che stanno attraversando i Parrocchiani di Sant’Eusebio e Maccabei. Dapprina il muro di recinzione dell’oratorio San Luigi completamente da rifare perché pericolante con notevole esborso da parte della cassa Parrocchiana ,che solo grazie alla generosità dei parrocchiani risulta meno gravante , poi il campanone della Basilica Centrale crepato e da rifondere completamente ed ora…….anche la caldaia che produce aria calda all’interno del Santuario della Beata Vergine in pieno centro cittadino è da sostituire completamente perché irreparabile. Anche per questo intervento, il preventivo di costo non è basso perché non essendo come una caldaia d’appartamento ma un impianto di notevole dimensione che deve produrre aria calda di almeno 200 KiloWatt, deve essere progettata da tecnici specifici. Insomma, un momento non roseo per la nostra Comunità che sicuramente saprà rispondere alle difficoltà con la consueta generosità ed operosità che la distingue, evitando, speriamo, la chiusura del Santuario Mariano nei mesi invernali con la riapertura solamente in primavera/estate, quando le temperature all’interno sono meno rigide.</p>
