{"id":79045,"date":"2015-04-19T23:49:31","date_gmt":"2015-04-19T23:49:31","guid":{"rendered":"https:\/\/www.youreporter.it\/video_l_ingegno_e_donna_-_sfilata_di_moda_a_ferrara\/"},"modified":"2015-04-19T23:49:31","modified_gmt":"2015-04-19T23:49:31","slug":"video_l_ingegno_e_donna_-_sfilata_di_moda_a_ferrara","status":"publish","type":"video","link":"https:\/\/www.youreporter.it\/video\/video_l_ingegno_e_donna_-_sfilata_di_moda_a_ferrara\/","title":{"rendered":"L&#8217; ingegno \u00e8 donna &#8211; sfilata di moda a Ferrara"},"content":{"rendered":"<p>L&#8217; ingegno \u00e8 donna. Manifestazone culturale e mercato sulle abilit\u00e0 femminili. 18 e 19 aprile 2015 a Ferrara nelle piazze Savonarola, Castello e della Repubblica.<br \/>\nSfilata di moda del gruppo di stiliste africane TABUNTU LAB accompagnate dal gruppo musicale del Liceo Carducci.<\/p>\n","protected":false},"author":5355,"featured_media":0,"comment_status":"closed","ping_status":"closed","template":"","categories":[8282],"tags":[],"geo":[46,1536],"class_list":{"0":"post-79045","1":"video","2":"type-video","3":"status-publish","5":"category-arte-e-cultura","6":"geo-emilia-romagna","7":"geo-ferrara"},"acf":[],"_links":{"self":[{"href":"https:\/\/www.youreporter.it\/api\/wp\/v2\/video\/79045"}],"collection":[{"href":"https:\/\/www.youreporter.it\/api\/wp\/v2\/video"}],"about":[{"href":"https:\/\/www.youreporter.it\/api\/wp\/v2\/types\/video"}],"author":[{"embeddable":true,"href":"https:\/\/www.youreporter.it\/api\/wp\/v2\/users\/5355"}],"replies":[{"embeddable":true,"href":"https:\/\/www.youreporter.it\/api\/wp\/v2\/comments?post=79045"}],"version-history":[{"count":0,"href":"https:\/\/www.youreporter.it\/api\/wp\/v2\/video\/79045\/revisions"}],"wp:attachment":[{"href":"https:\/\/www.youreporter.it\/api\/wp\/v2\/media?parent=79045"}],"wp:term":[{"taxonomy":"category","embeddable":true,"href":"https:\/\/www.youreporter.it\/api\/wp\/v2\/categories?post=79045"},{"taxonomy":"post_tag","embeddable":true,"href":"https:\/\/www.youreporter.it\/api\/wp\/v2\/tags?post=79045"},{"taxonomy":"geo","embeddable":true,"href":"https:\/\/www.youreporter.it\/api\/wp\/v2\/geo?post=79045"}],"curies":[{"name":"wp","href":"https:\/\/api.w.org\/{rel}","templated":true}]}}

L&#8217; ingegno è donna &#8211; sfilata di moda a Ferrara

<p>L&#8217; ingegno è donna. Manifestazone culturale e mercato sulle abilità femminili. 18 e 19 aprile 2015 a Ferrara nelle piazze Savonarola, Castello e della Repubblica.<br />
Sfilata di moda del gruppo di stiliste africane TABUNTU LAB accompagnate dal gruppo musicale del Liceo Carducci.</p>
