{"id":77115,"date":"2015-05-18T09:03:50","date_gmt":"2015-05-18T09:03:50","guid":{"rendered":"https:\/\/www.youreporter.it\/video_arcinazzo_elezioni_intervento_di_giovanna_scuola_e_futuro\/"},"modified":"2015-05-18T09:03:50","modified_gmt":"2015-05-18T09:03:50","slug":"video_arcinazzo_elezioni_intervento_di_giovanna_scuola_e_futuro","status":"publish","type":"video","link":"https:\/\/www.youreporter.it\/video\/video_arcinazzo_elezioni_intervento_di_giovanna_scuola_e_futuro\/","title":{"rendered":"Arcinazzo:elezioni.intervento Di Giovanna. Scuola E Futuro."},"content":{"rendered":"<p>ARCINAZZO:ELEZIONI.INTERVENTO DI GIOVANNA. SCUOLA E FUTURO.<\/p>\n<p>Il problema della scuola ad Arcinazzo \u00e8 particolarmente sentito. In questi ultimi anni \u00e8 stata chiusa la scuola media. Non solo  \u00e8 stata tolta agli alunni della scuola elementare uno spazio aperto per le loro attivit\u00e0 scolastiche, per via della costruzione dell&#8217;ecomostro (parcheggio multipiano). L\u2019unica valvola di sfogo per trascorrere un po\u2019 del loro tempo libero \u00e8 stata tolta. Le innocenti scritte sui parapetti del parcheggio ne testimoniano la disapprovazione.<\/p>\n","protected":false},"author":5339,"featured_media":0,"comment_status":"closed","ping_status":"closed","template":"","categories":[1],"tags":[],"geo":[2254],"class_list":{"0":"post-77115","1":"video","2":"type-video","3":"status-publish","5":"category-cronaca","6":"geo-roma"},"acf":[],"_links":{"self":[{"href":"https:\/\/www.youreporter.it\/api\/wp\/v2\/video\/77115"}],"collection":[{"href":"https:\/\/www.youreporter.it\/api\/wp\/v2\/video"}],"about":[{"href":"https:\/\/www.youreporter.it\/api\/wp\/v2\/types\/video"}],"author":[{"embeddable":true,"href":"https:\/\/www.youreporter.it\/api\/wp\/v2\/users\/5339"}],"replies":[{"embeddable":true,"href":"https:\/\/www.youreporter.it\/api\/wp\/v2\/comments?post=77115"}],"version-history":[{"count":0,"href":"https:\/\/www.youreporter.it\/api\/wp\/v2\/video\/77115\/revisions"}],"wp:attachment":[{"href":"https:\/\/www.youreporter.it\/api\/wp\/v2\/media?parent=77115"}],"wp:term":[{"taxonomy":"category","embeddable":true,"href":"https:\/\/www.youreporter.it\/api\/wp\/v2\/categories?post=77115"},{"taxonomy":"post_tag","embeddable":true,"href":"https:\/\/www.youreporter.it\/api\/wp\/v2\/tags?post=77115"},{"taxonomy":"geo","embeddable":true,"href":"https:\/\/www.youreporter.it\/api\/wp\/v2\/geo?post=77115"}],"curies":[{"name":"wp","href":"https:\/\/api.w.org\/{rel}","templated":true}]}}

<p>ARCINAZZO:ELEZIONI.INTERVENTO DI GIOVANNA. SCUOLA E FUTURO.</p>
<p>Il problema della scuola ad Arcinazzo è particolarmente sentito. In questi ultimi anni è stata chiusa la scuola media. Non solo  è stata tolta agli alunni della scuola elementare uno spazio aperto per le loro attività scolastiche, per via della costruzione dell&#8217;ecomostro (parcheggio multipiano). L’unica valvola di sfogo per trascorrere un po’ del loro tempo libero è stata tolta. Le innocenti scritte sui parapetti del parcheggio ne testimoniano la disapprovazione.</p>
