{"id":76220,"date":"2016-01-04T19:44:44","date_gmt":"2016-01-04T19:44:44","guid":{"rendered":"https:\/\/www.youreporter.it\/video_presepe_vivente_a_montefiore_conca\/"},"modified":"2016-01-04T19:44:44","modified_gmt":"2016-01-04T19:44:44","slug":"video_presepe_vivente_a_montefiore_conca","status":"publish","type":"video","link":"https:\/\/www.youreporter.it\/video\/video_presepe_vivente_a_montefiore_conca\/","title":{"rendered":"Presepe vivente a Montefiore Conca"},"content":{"rendered":"<p>Uno tra i Presepi viventi pi\u00f9 belli d&#8217; Italia ,in un bel paese nell&#8217;entroterra romagnola Montefiore Conca di Rimini Nel video ho inserito un filmato fatto dalla tv NOVARETE 7 GOLD presente la sera del 26 dicembre per le riprese Il Presepe  \u00e8 arrivato alla ventiquattresima edizione Il primo brano silent night ,\u00e8 suonato con il clarino, dal vivo da Lucio Dalla e il secondo \u00e8 tu scendi dalle stelle cantata da Lucio Dalla<\/p>\n","protected":false},"author":5338,"featured_media":0,"comment_status":"closed","ping_status":"closed","template":"","categories":[8282],"tags":[],"geo":[46,1814,1804],"class_list":{"0":"post-76220","1":"video","2":"type-video","3":"status-publish","5":"category-arte-e-cultura","6":"geo-emilia-romagna","7":"geo-montefiore-conca","8":"geo-rimini"},"acf":[],"_links":{"self":[{"href":"https:\/\/www.youreporter.it\/api\/wp\/v2\/video\/76220"}],"collection":[{"href":"https:\/\/www.youreporter.it\/api\/wp\/v2\/video"}],"about":[{"href":"https:\/\/www.youreporter.it\/api\/wp\/v2\/types\/video"}],"author":[{"embeddable":true,"href":"https:\/\/www.youreporter.it\/api\/wp\/v2\/users\/5338"}],"replies":[{"embeddable":true,"href":"https:\/\/www.youreporter.it\/api\/wp\/v2\/comments?post=76220"}],"version-history":[{"count":0,"href":"https:\/\/www.youreporter.it\/api\/wp\/v2\/video\/76220\/revisions"}],"wp:attachment":[{"href":"https:\/\/www.youreporter.it\/api\/wp\/v2\/media?parent=76220"}],"wp:term":[{"taxonomy":"category","embeddable":true,"href":"https:\/\/www.youreporter.it\/api\/wp\/v2\/categories?post=76220"},{"taxonomy":"post_tag","embeddable":true,"href":"https:\/\/www.youreporter.it\/api\/wp\/v2\/tags?post=76220"},{"taxonomy":"geo","embeddable":true,"href":"https:\/\/www.youreporter.it\/api\/wp\/v2\/geo?post=76220"}],"curies":[{"name":"wp","href":"https:\/\/api.w.org\/{rel}","templated":true}]}}

<p>Uno tra i Presepi viventi più belli d&#8217; Italia ,in un bel paese nell&#8217;entroterra romagnola Montefiore Conca di Rimini Nel video ho inserito un filmato fatto dalla tv NOVARETE 7 GOLD presente la sera del 26 dicembre per le riprese Il Presepe  è arrivato alla ventiquattresima edizione Il primo brano silent night ,è suonato con il clarino, dal vivo da Lucio Dalla e il secondo è tu scendi dalle stelle cantata da Lucio Dalla</p>
