{"id":76218,"date":"2016-01-23T07:30:57","date_gmt":"2016-01-23T07:30:57","guid":{"rendered":"https:\/\/www.youreporter.it\/video_riccione_feste_natalizie\/"},"modified":"2016-01-23T07:30:57","modified_gmt":"2016-01-23T07:30:57","slug":"video_riccione_feste_natalizie","status":"publish","type":"video","link":"https:\/\/www.youreporter.it\/video\/video_riccione_feste_natalizie\/","title":{"rendered":"Riccione Feste natalizie 2015\/2016"},"content":{"rendered":"<p>Il 21 novembre 2015 Riccione si vestiva per il Natale tanti eventi hanno rallegrato questa localit\u00e0 balneare Un capodanno con Paolo Belli ci ha fatto divertire Tante attrazioni e la pista del ghiaccio la piu lunga d&#8217;europa Domenica 24 gennaio 2016 sar\u00e0 l&#8217;ultimo giorno che concluder\u00e0 le feste.Nel video un riassunto di quello che c&#8217;\u00e8 stato<\/p>\n","protected":false},"author":5338,"featured_media":0,"comment_status":"closed","ping_status":"closed","template":"","categories":[8282],"tags":[],"geo":[46,1821,1804],"class_list":{"0":"post-76218","1":"video","2":"type-video","3":"status-publish","5":"category-arte-e-cultura","6":"geo-emilia-romagna","7":"geo-riccione","8":"geo-rimini"},"acf":[],"_links":{"self":[{"href":"https:\/\/www.youreporter.it\/api\/wp\/v2\/video\/76218"}],"collection":[{"href":"https:\/\/www.youreporter.it\/api\/wp\/v2\/video"}],"about":[{"href":"https:\/\/www.youreporter.it\/api\/wp\/v2\/types\/video"}],"author":[{"embeddable":true,"href":"https:\/\/www.youreporter.it\/api\/wp\/v2\/users\/5338"}],"replies":[{"embeddable":true,"href":"https:\/\/www.youreporter.it\/api\/wp\/v2\/comments?post=76218"}],"version-history":[{"count":0,"href":"https:\/\/www.youreporter.it\/api\/wp\/v2\/video\/76218\/revisions"}],"wp:attachment":[{"href":"https:\/\/www.youreporter.it\/api\/wp\/v2\/media?parent=76218"}],"wp:term":[{"taxonomy":"category","embeddable":true,"href":"https:\/\/www.youreporter.it\/api\/wp\/v2\/categories?post=76218"},{"taxonomy":"post_tag","embeddable":true,"href":"https:\/\/www.youreporter.it\/api\/wp\/v2\/tags?post=76218"},{"taxonomy":"geo","embeddable":true,"href":"https:\/\/www.youreporter.it\/api\/wp\/v2\/geo?post=76218"}],"curies":[{"name":"wp","href":"https:\/\/api.w.org\/{rel}","templated":true}]}}

<p>Il 21 novembre 2015 Riccione si vestiva per il Natale tanti eventi hanno rallegrato questa località balneare Un capodanno con Paolo Belli ci ha fatto divertire Tante attrazioni e la pista del ghiaccio la piu lunga d&#8217;europa Domenica 24 gennaio 2016 sarà l&#8217;ultimo giorno che concluderà le feste.Nel video un riassunto di quello che c&#8217;è stato</p>
