{"id":57931,"date":"2016-02-07T22:55:11","date_gmt":"2016-02-07T22:55:11","guid":{"rendered":"https:\/\/www.youreporter.it\/video_snow_race_montgenevre_2016_images_en_vrac_serge_jaulin\/"},"modified":"2016-02-07T22:55:11","modified_gmt":"2016-02-07T22:55:11","slug":"video_snow_race_montgenevre_2016_images_en_vrac_serge_jaulin","status":"publish","type":"video","link":"https:\/\/www.youreporter.it\/video\/video_snow_race_montgenevre_2016_images_en_vrac_serge_jaulin\/","title":{"rendered":"Snow Race Montgen\u00e8vre 2016 Images en vrac  \t\tSerge Jaulin"},"content":{"rendered":"<p>Serge Jaulin ha caricato Snow Race Montgen\u00e8vre 2016 Images en vrac<\/p>\n<p>Snow Race Montgen\u00e8vre 2016 Images en vrac<br \/>\n \t\tSerge Jaulin<br \/>\nSnow Race Montgen\u00e8vre 2016 Quelques images en vrac pour vous montrer ce que vous avez rat\u00e9 , du blanc de blanc . Rendez-vous pour l&#8217;\u00e9dition 2017 avec le soleil autour de l&#8217;\u00e9quipe de Patrick Michel<\/p>\n","protected":false},"author":5274,"featured_media":0,"comment_status":"closed","ping_status":"closed","template":"","categories":[21],"tags":[],"geo":[4011],"class_list":{"0":"post-57931","1":"video","2":"type-video","3":"status-publish","5":"category-sport","6":"geo-sondrio"},"acf":[],"_links":{"self":[{"href":"https:\/\/www.youreporter.it\/api\/wp\/v2\/video\/57931"}],"collection":[{"href":"https:\/\/www.youreporter.it\/api\/wp\/v2\/video"}],"about":[{"href":"https:\/\/www.youreporter.it\/api\/wp\/v2\/types\/video"}],"author":[{"embeddable":true,"href":"https:\/\/www.youreporter.it\/api\/wp\/v2\/users\/5274"}],"replies":[{"embeddable":true,"href":"https:\/\/www.youreporter.it\/api\/wp\/v2\/comments?post=57931"}],"version-history":[{"count":0,"href":"https:\/\/www.youreporter.it\/api\/wp\/v2\/video\/57931\/revisions"}],"wp:attachment":[{"href":"https:\/\/www.youreporter.it\/api\/wp\/v2\/media?parent=57931"}],"wp:term":[{"taxonomy":"category","embeddable":true,"href":"https:\/\/www.youreporter.it\/api\/wp\/v2\/categories?post=57931"},{"taxonomy":"post_tag","embeddable":true,"href":"https:\/\/www.youreporter.it\/api\/wp\/v2\/tags?post=57931"},{"taxonomy":"geo","embeddable":true,"href":"https:\/\/www.youreporter.it\/api\/wp\/v2\/geo?post=57931"}],"curies":[{"name":"wp","href":"https:\/\/api.w.org\/{rel}","templated":true}]}}

Snow Race Montgenèvre 2016 Images en vrac  		Serge Jaulin

<p>Serge Jaulin ha caricato Snow Race Montgenèvre 2016 Images en vrac</p>
<p>Snow Race Montgenèvre 2016 Images en vrac<br />
 		Serge Jaulin<br />
Snow Race Montgenèvre 2016 Quelques images en vrac pour vous montrer ce que vous avez raté , du blanc de blanc . Rendez-vous pour l&#8217;édition 2017 avec le soleil autour de l&#8217;équipe de Patrick Michel</p>
