{"id":57889,"date":"2016-04-18T09:54:24","date_gmt":"2016-04-18T09:54:24","guid":{"rendered":"https:\/\/www.youreporter.it\/video_trail_drome_buis_2016_serge_jaulin\/"},"modified":"2016-04-18T09:54:24","modified_gmt":"2016-04-18T09:54:24","slug":"video_trail_drome_buis_2016_serge_jaulin","status":"publish","type":"video","link":"https:\/\/www.youreporter.it\/video\/video_trail_drome_buis_2016_serge_jaulin\/","title":{"rendered":"TRAIL DROME BUIS 2016 \t\tSerge Jaulin"},"content":{"rendered":"<p>Serge Jaulin ha caricato TRAIL DROME BUIS 2016 premieres images en vrac<\/p>\n<p>TRAIL DROME BUIS 2016 premieres images en vrac<br \/>\n \t\tSerge Jaulin<br \/>\nPremi\u00e9res images en vrac de l&#8217;\u00e9dition 2016 du Trail Drome . Sur le grand parcours victoire de Manu Gault et d&#8217;Irina Malejonock . F\u00e9licitations \u00e0 tous le participants sur tous les parcours et bonne r\u00e9cup\u00e9ration . Images C Grouiller , S Jaulin , S Boisset Communication Evenement<\/p>\n","protected":false},"author":5274,"featured_media":0,"comment_status":"closed","ping_status":"closed","template":"","categories":[21],"tags":[],"geo":[4011],"class_list":{"0":"post-57889","1":"video","2":"type-video","3":"status-publish","5":"category-sport","6":"geo-sondrio"},"acf":[],"_links":{"self":[{"href":"https:\/\/www.youreporter.it\/api\/wp\/v2\/video\/57889"}],"collection":[{"href":"https:\/\/www.youreporter.it\/api\/wp\/v2\/video"}],"about":[{"href":"https:\/\/www.youreporter.it\/api\/wp\/v2\/types\/video"}],"author":[{"embeddable":true,"href":"https:\/\/www.youreporter.it\/api\/wp\/v2\/users\/5274"}],"replies":[{"embeddable":true,"href":"https:\/\/www.youreporter.it\/api\/wp\/v2\/comments?post=57889"}],"version-history":[{"count":0,"href":"https:\/\/www.youreporter.it\/api\/wp\/v2\/video\/57889\/revisions"}],"wp:attachment":[{"href":"https:\/\/www.youreporter.it\/api\/wp\/v2\/media?parent=57889"}],"wp:term":[{"taxonomy":"category","embeddable":true,"href":"https:\/\/www.youreporter.it\/api\/wp\/v2\/categories?post=57889"},{"taxonomy":"post_tag","embeddable":true,"href":"https:\/\/www.youreporter.it\/api\/wp\/v2\/tags?post=57889"},{"taxonomy":"geo","embeddable":true,"href":"https:\/\/www.youreporter.it\/api\/wp\/v2\/geo?post=57889"}],"curies":[{"name":"wp","href":"https:\/\/api.w.org\/{rel}","templated":true}]}}

<p>Serge Jaulin ha caricato TRAIL DROME BUIS 2016 premieres images en vrac</p>
<p>TRAIL DROME BUIS 2016 premieres images en vrac<br />
 		Serge Jaulin<br />
Premiéres images en vrac de l&#8217;édition 2016 du Trail Drome . Sur le grand parcours victoire de Manu Gault et d&#8217;Irina Malejonock . Félicitations à tous le participants sur tous les parcours et bonne récupération . Images C Grouiller , S Jaulin , S Boisset Communication Evenement</p>
