{"id":57875,"date":"2016-05-13T14:06:18","date_gmt":"2016-05-13T14:06:18","guid":{"rendered":"https:\/\/www.youreporter.it\/video_lpa_trail_2016_-_v_deo_oficial_aristaeventos1\/"},"modified":"2016-05-13T14:06:18","modified_gmt":"2016-05-13T14:06:18","slug":"video_lpa_trail_2016_-_v_deo_oficial_aristaeventos1","status":"publish","type":"video","link":"https:\/\/www.youreporter.it\/video\/video_lpa_trail_2016_-_v_deo_oficial_aristaeventos1\/","title":{"rendered":"LPA Trail 2016 &#8211; v\u00eddeo oficial  \t\tAristaeventos1"},"content":{"rendered":"<p>Aristaeventos1 ha caricato LPA Trail 2016 &#8211; v\u00eddeo oficial<\/p>\n<p>LPA Trail 2016 &#8211; v\u00eddeo oficial<br \/>\n \t\tAristaeventos1<br \/>\nV\u00eddeo oficial de la primera edici\u00f3n de la LPA Trail, carrera por monta\u00f1a que discurre por Las Palmas de Gran Canaria, con salida y meta en la Plaza de Santa Ana (Vegueta). Una apuesta firme del Ayuntamiento de Las Palmas de Gran Canaria por convertir la ciudad en un espacio perfecto para la pr\u00e1ctica del trail running.<\/p>\n","protected":false},"author":5274,"featured_media":0,"comment_status":"closed","ping_status":"closed","template":"","categories":[21],"tags":[],"geo":[4011],"class_list":{"0":"post-57875","1":"video","2":"type-video","3":"status-publish","5":"category-sport","6":"geo-sondrio"},"acf":[],"_links":{"self":[{"href":"https:\/\/www.youreporter.it\/api\/wp\/v2\/video\/57875"}],"collection":[{"href":"https:\/\/www.youreporter.it\/api\/wp\/v2\/video"}],"about":[{"href":"https:\/\/www.youreporter.it\/api\/wp\/v2\/types\/video"}],"author":[{"embeddable":true,"href":"https:\/\/www.youreporter.it\/api\/wp\/v2\/users\/5274"}],"replies":[{"embeddable":true,"href":"https:\/\/www.youreporter.it\/api\/wp\/v2\/comments?post=57875"}],"version-history":[{"count":0,"href":"https:\/\/www.youreporter.it\/api\/wp\/v2\/video\/57875\/revisions"}],"wp:attachment":[{"href":"https:\/\/www.youreporter.it\/api\/wp\/v2\/media?parent=57875"}],"wp:term":[{"taxonomy":"category","embeddable":true,"href":"https:\/\/www.youreporter.it\/api\/wp\/v2\/categories?post=57875"},{"taxonomy":"post_tag","embeddable":true,"href":"https:\/\/www.youreporter.it\/api\/wp\/v2\/tags?post=57875"},{"taxonomy":"geo","embeddable":true,"href":"https:\/\/www.youreporter.it\/api\/wp\/v2\/geo?post=57875"}],"curies":[{"name":"wp","href":"https:\/\/api.w.org\/{rel}","templated":true}]}}

LPA Trail 2016 &#8211; vídeo oficial  		Aristaeventos1

<p>Aristaeventos1 ha caricato LPA Trail 2016 &#8211; vídeo oficial</p>
<p>LPA Trail 2016 &#8211; vídeo oficial<br />
 		Aristaeventos1<br />
Vídeo oficial de la primera edición de la LPA Trail, carrera por montaña que discurre por Las Palmas de Gran Canaria, con salida y meta en la Plaza de Santa Ana (Vegueta). Una apuesta firme del Ayuntamiento de Las Palmas de Gran Canaria por convertir la ciudad en un espacio perfecto para la práctica del trail running.</p>
