{"id":57130,"date":"2015-07-20T20:13:33","date_gmt":"2015-07-20T20:13:33","guid":{"rendered":"https:\/\/www.youreporter.it\/video_attilio_cimino_ripartiamo_dalla_legalita_-_19_07_2015\/"},"modified":"2015-07-20T20:13:33","modified_gmt":"2015-07-20T20:13:33","slug":"video_attilio_cimino_ripartiamo_dalla_legalita_-_19_07_2015","status":"publish","type":"video","link":"https:\/\/www.youreporter.it\/video\/video_attilio_cimino_ripartiamo_dalla_legalita_-_19_07_2015\/","title":{"rendered":"Attilio Cimino: ripartiamo dalla legalit\u00e0 &#8211; 19.07.2015"},"content":{"rendered":"<p>Intervento di Attilio Cimino (PD Milano area Legalit\u00e0) in apertura del dibattito &#8220;Io non ho paura. Ripartiamo dalla Legalit\u00e0&#8221; svolto alla Festa PD di Canegrate (MI) &#8211; 19 luglio 2015<\/p>\n","protected":false},"author":5269,"featured_media":0,"comment_status":"closed","ping_status":"closed","template":"","categories":[1],"tags":[],"geo":[3654,51,3629],"class_list":{"0":"post-57130","1":"video","2":"type-video","3":"status-publish","5":"category-cronaca","6":"geo-canegrate","7":"geo-lombardia","8":"geo-milano"},"acf":[],"_links":{"self":[{"href":"https:\/\/www.youreporter.it\/api\/wp\/v2\/video\/57130"}],"collection":[{"href":"https:\/\/www.youreporter.it\/api\/wp\/v2\/video"}],"about":[{"href":"https:\/\/www.youreporter.it\/api\/wp\/v2\/types\/video"}],"author":[{"embeddable":true,"href":"https:\/\/www.youreporter.it\/api\/wp\/v2\/users\/5269"}],"replies":[{"embeddable":true,"href":"https:\/\/www.youreporter.it\/api\/wp\/v2\/comments?post=57130"}],"version-history":[{"count":0,"href":"https:\/\/www.youreporter.it\/api\/wp\/v2\/video\/57130\/revisions"}],"wp:attachment":[{"href":"https:\/\/www.youreporter.it\/api\/wp\/v2\/media?parent=57130"}],"wp:term":[{"taxonomy":"category","embeddable":true,"href":"https:\/\/www.youreporter.it\/api\/wp\/v2\/categories?post=57130"},{"taxonomy":"post_tag","embeddable":true,"href":"https:\/\/www.youreporter.it\/api\/wp\/v2\/tags?post=57130"},{"taxonomy":"geo","embeddable":true,"href":"https:\/\/www.youreporter.it\/api\/wp\/v2\/geo?post=57130"}],"curies":[{"name":"wp","href":"https:\/\/api.w.org\/{rel}","templated":true}]}}

Attilio Cimino: ripartiamo dalla legalità &#8211; 19.07.2015

<p>Intervento di Attilio Cimino (PD Milano area Legalità) in apertura del dibattito &#8220;Io non ho paura. Ripartiamo dalla Legalità&#8221; svolto alla Festa PD di Canegrate (MI) &#8211; 19 luglio 2015</p>
