{"id":56664,"date":"2015-01-27T13:30:57","date_gmt":"2015-01-27T13:30:57","guid":{"rendered":"https:\/\/www.youreporter.it\/video_viaggio_nelle_immagini_di_altaroma\/"},"modified":"2015-01-27T13:30:57","modified_gmt":"2015-01-27T13:30:57","slug":"video_viaggio_nelle_immagini_di_altaroma","status":"publish","type":"video","link":"https:\/\/www.youreporter.it\/video\/video_viaggio_nelle_immagini_di_altaroma\/","title":{"rendered":"Viaggio nelle immagini di AltaRoma"},"content":{"rendered":"<p>&#8211; (Mariangiola Castrovilli) &#8211; Questo \u00e8 un viaggio per immagini, le pi\u00f9 evocative  e, secondo noi le pi\u00f9 belle, che dal 2002  arrivano  ad oggi in un excursus nella storia di Altaroma cos\u00ec come l\u2019hanno fermata artisti e fotografi internazionali come Gea Casolaro, Pierre Bismuth, Daniel Sannwald, Eric Bainbridge, Katerina Jebb, Marlo Pascual, tanto per citarne alcuni.<\/p>\n<p> Ed eccoci cos\u00ec arrivati alla XXVI edizione della Fashion week che, dal  30 gennaio  al 2 febbraio, proporr\u00e0 il primo dei due appuntamenti capitolini con la moda che accanto alle storiche firme italiane proporr\u00e0 nuovi talenti, seguendo la sua missione di scouting, che sta dando eccellenti risultati.<\/p>\n<p>La novit\u00e0 del 2015 riguarda le  location, che dagli antichi saloni del  Santo Spirito si sposta, oltre alle solite sedi collaterali, negli straordinari spazi del MAXXI, il Museo Nazionale delle Arti del XXI secolo e lo Spazio Altaroma , alle porte dell\u2019Auditorium  Parco della Musica che, oltre  alle sfilate, ospiteranno anche stage, performance e mostre. <\/p>\n<p>Nonostante le difficolt\u00e0 che stiamo vivendo, AltaRomaAltaModa  mantiene, come sempre le sue promesse. Intanto  la promozione del Made in Italy  nella tutela dei valori artigianali, della tradizione sartoriale e della valorizzazione delle eccellenze, senza mai dimenticare per\u00f2 di essere anche una piattaforma di lancio per designer emergenti e centro di sperimentazioni creative e ricerche per realt\u00e0 produttive internazionali che ruotano attorno alla moda con un occhio pi\u00f9 che attento all\u2019arte e alla cultura. <\/p>\n","protected":false},"author":5268,"featured_media":0,"comment_status":"closed","ping_status":"closed","template":"","categories":[8282],"tags":[],"geo":[2254],"class_list":{"0":"post-56664","1":"video","2":"type-video","3":"status-publish","5":"category-arte-e-cultura","6":"geo-roma"},"acf":[],"_links":{"self":[{"href":"https:\/\/www.youreporter.it\/api\/wp\/v2\/video\/56664"}],"collection":[{"href":"https:\/\/www.youreporter.it\/api\/wp\/v2\/video"}],"about":[{"href":"https:\/\/www.youreporter.it\/api\/wp\/v2\/types\/video"}],"author":[{"embeddable":true,"href":"https:\/\/www.youreporter.it\/api\/wp\/v2\/users\/5268"}],"replies":[{"embeddable":true,"href":"https:\/\/www.youreporter.it\/api\/wp\/v2\/comments?post=56664"}],"version-history":[{"count":0,"href":"https:\/\/www.youreporter.it\/api\/wp\/v2\/video\/56664\/revisions"}],"wp:attachment":[{"href":"https:\/\/www.youreporter.it\/api\/wp\/v2\/media?parent=56664"}],"wp:term":[{"taxonomy":"category","embeddable":true,"href":"https:\/\/www.youreporter.it\/api\/wp\/v2\/categories?post=56664"},{"taxonomy":"post_tag","embeddable":true,"href":"https:\/\/www.youreporter.it\/api\/wp\/v2\/tags?post=56664"},{"taxonomy":"geo","embeddable":true,"href":"https:\/\/www.youreporter.it\/api\/wp\/v2\/geo?post=56664"}],"curies":[{"name":"wp","href":"https:\/\/api.w.org\/{rel}","templated":true}]}}

<p>&#8211; (Mariangiola Castrovilli) &#8211; Questo è un viaggio per immagini, le più evocative  e, secondo noi le più belle, che dal 2002  arrivano  ad oggi in un excursus nella storia di Altaroma così come l’hanno fermata artisti e fotografi internazionali come Gea Casolaro, Pierre Bismuth, Daniel Sannwald, Eric Bainbridge, Katerina Jebb, Marlo Pascual, tanto per citarne alcuni.</p>
<p> Ed eccoci così arrivati alla XXVI edizione della Fashion week che, dal  30 gennaio  al 2 febbraio, proporrà il primo dei due appuntamenti capitolini con la moda che accanto alle storiche firme italiane proporrà nuovi talenti, seguendo la sua missione di scouting, che sta dando eccellenti risultati.</p>
<p>La novità del 2015 riguarda le  location, che dagli antichi saloni del  Santo Spirito si sposta, oltre alle solite sedi collaterali, negli straordinari spazi del MAXXI, il Museo Nazionale delle Arti del XXI secolo e lo Spazio Altaroma , alle porte dell’Auditorium  Parco della Musica che, oltre  alle sfilate, ospiteranno anche stage, performance e mostre. </p>
<p>Nonostante le difficoltà che stiamo vivendo, AltaRomaAltaModa  mantiene, come sempre le sue promesse. Intanto  la promozione del Made in Italy  nella tutela dei valori artigianali, della tradizione sartoriale e della valorizzazione delle eccellenze, senza mai dimenticare però di essere anche una piattaforma di lancio per designer emergenti e centro di sperimentazioni creative e ricerche per realtà produttive internazionali che ruotano attorno alla moda con un occhio più che attento all’arte e alla cultura. </p>
