{"id":56646,"date":"2015-03-02T15:39:32","date_gmt":"2015-03-02T15:39:32","guid":{"rendered":"https:\/\/www.youreporter.it\/video_galleria_s_falzone_bertoli_biagioni_carati_mariscotti_re\/"},"modified":"2015-03-02T15:39:32","modified_gmt":"2015-03-02T15:39:32","slug":"video_galleria_s_falzone_bertoli_biagioni_carati_mariscotti_re","status":"publish","type":"video","link":"https:\/\/www.youreporter.it\/video\/video_galleria_s_falzone_bertoli_biagioni_carati_mariscotti_re\/","title":{"rendered":"Galleria S. Falzone: Bertoli,Biagioni,Carati,Mariscotti,Re"},"content":{"rendered":"<p>&#8211; Alla Galleria Sabrina Falzone di Milano il mese di marzo si anticipa intenso e ricco di eventi. La programmazione ufficiale dell\u2019ente organizzatore prevede, infatti, una grande inaugurazione espositiva che si terr\u00e0 marted\u00ec 3 marzo alle ore 18 con la partecipazione di rinomati artisti contemporanei, invitati dalla curatrice artistica Sabrina Falzone per la loro eccellente qualit\u00e0 pittorica.<\/p>\n<p>I percorsi espositivi in programma sono i seguenti: \u201cUniverso femminile\u201d, \u201cVisioni urbane\u201d, \u201cFrammenti di luce\u201d e \u201cGeometrie dell\u2019universo\u201d.<\/p>\n<p>Nella Saletta Guttuso saranno presentati i dipinti su cartone, appartenenti alla recente produzione artistica di Bruno Carati, che s\u2019ispirano ad una frammentazione dell\u2019unit\u00e0 visiva grazie ad una innata padronanza creativa. La mostra personale \u201cFrammenti di luce\u201d evidenzia significativamente la dominante luministica nelle ricerche pittoriche del maestro milanese, enfatizzata dal preliminare frazionamento della superficie dipinta e successivamente ricomposta in modo da ottenere la massima espressione della luce.<\/p>\n<p>Nello Spazio Mir\u00f2 si potranno ammirare le opere selezionate per il progetto \u201cGeometrie dell\u2019universo\u201d, accomunate da un efficace linguaggio cosmico e spirituale. In evidenza, si segnalano le tele realizzate da Roberto Re (proveniente dalla provincia parmense di Casaltone), caratterizzate da una profondit\u00e0 etica e mentale che si dipana grazie ad un\u2019accorata espressivit\u00e0 interiore; inoltre, saranno visionabili i lavori eseguiti da Osvaldo Mariscotti residente a New York, dotati di grande temperamento e carisma.<\/p>\n<p>Nel lussuoso Salone Bernini si svolger\u00e0 una bi personale che vedr\u00e0 confrontarsi due promesse della pittura contemporanea dagli stili ben distinti: Emanuele Biagioni e Monica Bertoli.<\/p>\n<p>Il nucleo di opere proposte da Biagioni, dedicato alle \u201cVisioni urbane\u201d, indaga lo spazio della citt\u00e0 immersa nella sua quotidianit\u00e0 contrassegnata da ritmi frenetici, dal caos metropolitano e dal traffico urbano. L\u2019artista toscano, originario di Barga nella provincia di Lucca, riesce a cogliere le atmosfere della citt\u00e0 in virt\u00f9 non soltanto di un acuto spirito di osservazione ma anche in virt\u00f9 di un\u2019interiorizzazione pittorica del contesto circostante. Tale processo di interiorizzazione si evince prevalentemente dall\u2019emozione della luce e dalle eleganti sfumature tonali.<\/p>\n<p>La raffinatezza prosegue nei raggianti volti femminili raffigurati da Monica Bertoli, pittrice autodidatta di origine veneziana attualmente residente a Marcon. Esposti in concomitanza con la Giornata internazionale della donna, i suoi quadri intendono rappresentare l\u2019\u201cUniverso femminile\u201d sotto una nuova luce moderna tra grazia, sensualit\u00e0 e bellezza. Attraverso la sua pittura figurativa quanto mai dinamica Bertoli ci insegna che emancipazione ed eleganza possono viaggiare sullo stesso binario dell\u2019odierna societ\u00e0.<\/p>\n<p> &#8212; (Fonte: Spazio museale Galleria Sabrina Falzone &#8211; Milano)<\/p>\n","protected":false},"author":5268,"featured_media":0,"comment_status":"closed","ping_status":"closed","template":"","categories":[8282],"tags":[],"geo":[51,3629],"class_list":{"0":"post-56646","1":"video","2":"type-video","3":"status-publish","5":"category-arte-e-cultura","6":"geo-lombardia","7":"geo-milano"},"acf":[],"_links":{"self":[{"href":"https:\/\/www.youreporter.it\/api\/wp\/v2\/video\/56646"}],"collection":[{"href":"https:\/\/www.youreporter.it\/api\/wp\/v2\/video"}],"about":[{"href":"https:\/\/www.youreporter.it\/api\/wp\/v2\/types\/video"}],"author":[{"embeddable":true,"href":"https:\/\/www.youreporter.it\/api\/wp\/v2\/users\/5268"}],"replies":[{"embeddable":true,"href":"https:\/\/www.youreporter.it\/api\/wp\/v2\/comments?post=56646"}],"version-history":[{"count":0,"href":"https:\/\/www.youreporter.it\/api\/wp\/v2\/video\/56646\/revisions"}],"wp:attachment":[{"href":"https:\/\/www.youreporter.it\/api\/wp\/v2\/media?parent=56646"}],"wp:term":[{"taxonomy":"category","embeddable":true,"href":"https:\/\/www.youreporter.it\/api\/wp\/v2\/categories?post=56646"},{"taxonomy":"post_tag","embeddable":true,"href":"https:\/\/www.youreporter.it\/api\/wp\/v2\/tags?post=56646"},{"taxonomy":"geo","embeddable":true,"href":"https:\/\/www.youreporter.it\/api\/wp\/v2\/geo?post=56646"}],"curies":[{"name":"wp","href":"https:\/\/api.w.org\/{rel}","templated":true}]}}

<p>&#8211; Alla Galleria Sabrina Falzone di Milano il mese di marzo si anticipa intenso e ricco di eventi. La programmazione ufficiale dell’ente organizzatore prevede, infatti, una grande inaugurazione espositiva che si terrà martedì 3 marzo alle ore 18 con la partecipazione di rinomati artisti contemporanei, invitati dalla curatrice artistica Sabrina Falzone per la loro eccellente qualità pittorica.</p>
<p>I percorsi espositivi in programma sono i seguenti: “Universo femminile”, “Visioni urbane”, “Frammenti di luce” e “Geometrie dell’universo”.</p>
<p>Nella Saletta Guttuso saranno presentati i dipinti su cartone, appartenenti alla recente produzione artistica di Bruno Carati, che s’ispirano ad una frammentazione dell’unità visiva grazie ad una innata padronanza creativa. La mostra personale “Frammenti di luce” evidenzia significativamente la dominante luministica nelle ricerche pittoriche del maestro milanese, enfatizzata dal preliminare frazionamento della superficie dipinta e successivamente ricomposta in modo da ottenere la massima espressione della luce.</p>
<p>Nello Spazio Mirò si potranno ammirare le opere selezionate per il progetto “Geometrie dell’universo”, accomunate da un efficace linguaggio cosmico e spirituale. In evidenza, si segnalano le tele realizzate da Roberto Re (proveniente dalla provincia parmense di Casaltone), caratterizzate da una profondità etica e mentale che si dipana grazie ad un’accorata espressività interiore; inoltre, saranno visionabili i lavori eseguiti da Osvaldo Mariscotti residente a New York, dotati di grande temperamento e carisma.</p>
<p>Nel lussuoso Salone Bernini si svolgerà una bi personale che vedrà confrontarsi due promesse della pittura contemporanea dagli stili ben distinti: Emanuele Biagioni e Monica Bertoli.</p>
<p>Il nucleo di opere proposte da Biagioni, dedicato alle “Visioni urbane”, indaga lo spazio della città immersa nella sua quotidianità contrassegnata da ritmi frenetici, dal caos metropolitano e dal traffico urbano. L’artista toscano, originario di Barga nella provincia di Lucca, riesce a cogliere le atmosfere della città in virtù non soltanto di un acuto spirito di osservazione ma anche in virtù di un’interiorizzazione pittorica del contesto circostante. Tale processo di interiorizzazione si evince prevalentemente dall’emozione della luce e dalle eleganti sfumature tonali.</p>
<p>La raffinatezza prosegue nei raggianti volti femminili raffigurati da Monica Bertoli, pittrice autodidatta di origine veneziana attualmente residente a Marcon. Esposti in concomitanza con la Giornata internazionale della donna, i suoi quadri intendono rappresentare l’“Universo femminile” sotto una nuova luce moderna tra grazia, sensualità e bellezza. Attraverso la sua pittura figurativa quanto mai dinamica Bertoli ci insegna che emancipazione ed eleganza possono viaggiare sullo stesso binario dell’odierna società.</p>
<p> &#8212; (Fonte: Spazio museale Galleria Sabrina Falzone &#8211; Milano)</p>
