{"id":56614,"date":"2015-04-09T17:22:42","date_gmt":"2015-04-09T17:22:42","guid":{"rendered":"https:\/\/www.youreporter.it\/video_senza_parole_antonella_clerici_e_si_puo_fare_carlo_conti\/"},"modified":"2015-04-09T17:22:42","modified_gmt":"2015-04-09T17:22:42","slug":"video_senza_parole_antonella_clerici_e_si_puo_fare_carlo_conti","status":"publish","type":"video","link":"https:\/\/www.youreporter.it\/video\/video_senza_parole_antonella_clerici_e_si_puo_fare_carlo_conti\/","title":{"rendered":"Senza Parole(Antonella Clerici) e Si Pu\u00f2 Fare(Carlo Conti)"},"content":{"rendered":"<p>&#8211; Dopo il successo dello scorso anno riprendono, in prima serata su Rai1, \u201cSenza Parole\u201d e \u201cSi Pu\u00f2 Fare\u201d i programmi prodotti in collaborazione con Ambra Banijay Italia e condotti da Antonella Clerici e Carlo Conti. Nella congiunta conferenza stampa di presentazione (che vediamo nelle immagini proposte da Mariangiola Castrovilli) il Direttore di Rai1 Giancarlo Leone  nel salutare la \u201cCoppia d\u2019Oro\u201d vincente del Festival di Sanremo, ha sottolineato  che nei primi tre quarti della stagione televisiva la prima rete \u00e8 leader di ascolti invertendo la tendenza degli  ultimi anni. \u201cSenza Parole \u201c con la Clerici sar\u00e0 in onda da Sabato 11 aprile alle 21.10 per 8 puntate in diretta dall\u2019Auditorium Rai del Foro Italico di Roma. Ospiti della prima serata Arisa e Die Mobiles, la compagnia di artisti che porta in scena suggestivi giochi di luci ed ombre.  \u201cSi Pu\u00f2 Fare\u201d con Carlo Conti andr\u00e0 in onda a partire da Luned\u00ec 13 Aprile sempre alle 21.10 (anteprima Venerd\u00ec 10 con il kick-off alle 20.35). I 12 concorrenti, 6 donne e 6 uomini, che si contenderanno la vittoria finale saranno Matilde Brandi, Costanza Caracciolo, Fiona May, Juliana Moreira, Pamela Prati, Mariana Rodriguez, Mario Cipollini, Roberto Ciufoli, Simon Grechi, Biagio Izzo, Amaurys Perez e Tommaso Rinaldi. Anche quest\u2019anno le esibizioni saranno giudicate dal trio formato da Pippo Baudo, Amanda Lear e Yuri Chechi.<\/p>\n","protected":false},"author":5268,"featured_media":0,"comment_status":"closed","ping_status":"closed","template":"","categories":[1],"tags":[],"geo":[2254],"class_list":{"0":"post-56614","1":"video","2":"type-video","3":"status-publish","5":"category-cronaca","6":"geo-roma"},"acf":[],"_links":{"self":[{"href":"https:\/\/www.youreporter.it\/api\/wp\/v2\/video\/56614"}],"collection":[{"href":"https:\/\/www.youreporter.it\/api\/wp\/v2\/video"}],"about":[{"href":"https:\/\/www.youreporter.it\/api\/wp\/v2\/types\/video"}],"author":[{"embeddable":true,"href":"https:\/\/www.youreporter.it\/api\/wp\/v2\/users\/5268"}],"replies":[{"embeddable":true,"href":"https:\/\/www.youreporter.it\/api\/wp\/v2\/comments?post=56614"}],"version-history":[{"count":0,"href":"https:\/\/www.youreporter.it\/api\/wp\/v2\/video\/56614\/revisions"}],"wp:attachment":[{"href":"https:\/\/www.youreporter.it\/api\/wp\/v2\/media?parent=56614"}],"wp:term":[{"taxonomy":"category","embeddable":true,"href":"https:\/\/www.youreporter.it\/api\/wp\/v2\/categories?post=56614"},{"taxonomy":"post_tag","embeddable":true,"href":"https:\/\/www.youreporter.it\/api\/wp\/v2\/tags?post=56614"},{"taxonomy":"geo","embeddable":true,"href":"https:\/\/www.youreporter.it\/api\/wp\/v2\/geo?post=56614"}],"curies":[{"name":"wp","href":"https:\/\/api.w.org\/{rel}","templated":true}]}}

Senza Parole(Antonella Clerici) e Si Può Fare(Carlo Conti)

<p>&#8211; Dopo il successo dello scorso anno riprendono, in prima serata su Rai1, “Senza Parole” e “Si Può Fare” i programmi prodotti in collaborazione con Ambra Banijay Italia e condotti da Antonella Clerici e Carlo Conti. Nella congiunta conferenza stampa di presentazione (che vediamo nelle immagini proposte da Mariangiola Castrovilli) il Direttore di Rai1 Giancarlo Leone  nel salutare la “Coppia d’Oro” vincente del Festival di Sanremo, ha sottolineato  che nei primi tre quarti della stagione televisiva la prima rete è leader di ascolti invertendo la tendenza degli  ultimi anni. “Senza Parole “ con la Clerici sarà in onda da Sabato 11 aprile alle 21.10 per 8 puntate in diretta dall’Auditorium Rai del Foro Italico di Roma. Ospiti della prima serata Arisa e Die Mobiles, la compagnia di artisti che porta in scena suggestivi giochi di luci ed ombre.  “Si Può Fare” con Carlo Conti andrà in onda a partire da Lunedì 13 Aprile sempre alle 21.10 (anteprima Venerdì 10 con il kick-off alle 20.35). I 12 concorrenti, 6 donne e 6 uomini, che si contenderanno la vittoria finale saranno Matilde Brandi, Costanza Caracciolo, Fiona May, Juliana Moreira, Pamela Prati, Mariana Rodriguez, Mario Cipollini, Roberto Ciufoli, Simon Grechi, Biagio Izzo, Amaurys Perez e Tommaso Rinaldi. Anche quest’anno le esibizioni saranno giudicate dal trio formato da Pippo Baudo, Amanda Lear e Yuri Chechi.</p>
