{"id":56609,"date":"2015-04-19T05:07:42","date_gmt":"2015-04-19T05:07:42","guid":{"rendered":"https:\/\/www.youreporter.it\/video_da_istanbul_le_immagini_della_marcia_contro_la_censura\/"},"modified":"2015-04-19T05:07:42","modified_gmt":"2015-04-19T05:07:42","slug":"video_da_istanbul_le_immagini_della_marcia_contro_la_censura","status":"publish","type":"video","link":"https:\/\/www.youreporter.it\/video\/video_da_istanbul_le_immagini_della_marcia_contro_la_censura\/","title":{"rendered":"Da Istanbul le immagini della Marcia contro la Censura"},"content":{"rendered":"<p>&#8211; Nel video realizzato e inviato da Istanbul dalla giornalista Mariangiola Castrovilli alcuni momenti della marcia di protesta contro la censura che si \u00e8 svolta nella citt\u00e0 asiatica a seguito delle pressioni del ministero della Cultura Turco che hanno determinato la non proiezione del documentario &#8220;Bakur&#8221; con la conseguente reazione di molti registi presenti al 34\u00b0 Istanbul International Film Festival di ritirare i loro film i dalla rassegna cinematografica con la conseguente cancellazione di tutte le competizioni e della Cerimonia di Chiusura. Le manifestazione, che si \u00e8 svolta con tranquillit\u00e0 e senza incidenti, \u00e8 stata organizzata da Cinema Workers\u2019 Union, Actors Union, Film Critics Association, Cinematographers Association, Cinema and TV Union, New Cinema Movement, Workers\u2019 Films Festival, Documentarist Istanbul Documentary Days, Which Human Rights? Film Festival, Emek Is Ours Istanbul Is Ours (Emek Bizim), G\u00f6ky\u00fcz\u00fc Acting Troupe.<\/p>\n","protected":false},"author":5268,"featured_media":0,"comment_status":"closed","ping_status":"closed","template":"","categories":[1],"tags":[],"geo":[2254],"class_list":{"0":"post-56609","1":"video","2":"type-video","3":"status-publish","5":"category-cronaca","6":"geo-roma"},"acf":[],"_links":{"self":[{"href":"https:\/\/www.youreporter.it\/api\/wp\/v2\/video\/56609"}],"collection":[{"href":"https:\/\/www.youreporter.it\/api\/wp\/v2\/video"}],"about":[{"href":"https:\/\/www.youreporter.it\/api\/wp\/v2\/types\/video"}],"author":[{"embeddable":true,"href":"https:\/\/www.youreporter.it\/api\/wp\/v2\/users\/5268"}],"replies":[{"embeddable":true,"href":"https:\/\/www.youreporter.it\/api\/wp\/v2\/comments?post=56609"}],"version-history":[{"count":0,"href":"https:\/\/www.youreporter.it\/api\/wp\/v2\/video\/56609\/revisions"}],"wp:attachment":[{"href":"https:\/\/www.youreporter.it\/api\/wp\/v2\/media?parent=56609"}],"wp:term":[{"taxonomy":"category","embeddable":true,"href":"https:\/\/www.youreporter.it\/api\/wp\/v2\/categories?post=56609"},{"taxonomy":"post_tag","embeddable":true,"href":"https:\/\/www.youreporter.it\/api\/wp\/v2\/tags?post=56609"},{"taxonomy":"geo","embeddable":true,"href":"https:\/\/www.youreporter.it\/api\/wp\/v2\/geo?post=56609"}],"curies":[{"name":"wp","href":"https:\/\/api.w.org\/{rel}","templated":true}]}}

<p>&#8211; Nel video realizzato e inviato da Istanbul dalla giornalista Mariangiola Castrovilli alcuni momenti della marcia di protesta contro la censura che si è svolta nella città asiatica a seguito delle pressioni del ministero della Cultura Turco che hanno determinato la non proiezione del documentario &#8220;Bakur&#8221; con la conseguente reazione di molti registi presenti al 34° Istanbul International Film Festival di ritirare i loro film i dalla rassegna cinematografica con la conseguente cancellazione di tutte le competizioni e della Cerimonia di Chiusura. Le manifestazione, che si è svolta con tranquillità e senza incidenti, è stata organizzata da Cinema Workers’ Union, Actors Union, Film Critics Association, Cinematographers Association, Cinema and TV Union, New Cinema Movement, Workers’ Films Festival, Documentarist Istanbul Documentary Days, Which Human Rights? Film Festival, Emek Is Ours Istanbul Is Ours (Emek Bizim), Gökyüzü Acting Troupe.</p>
