{"id":56608,"date":"2015-04-19T15:20:59","date_gmt":"2015-04-19T15:20:59","guid":{"rendered":"https:\/\/www.youreporter.it\/video_kerem_ayan_assistant_director_iksv_e_istanbulfilmfestival\/"},"modified":"2015-04-19T15:20:59","modified_gmt":"2015-04-19T15:20:59","slug":"video_kerem_ayan_assistant_director_iksv_e_istanbulfilmfestival","status":"publish","type":"video","link":"https:\/\/www.youreporter.it\/video\/video_kerem_ayan_assistant_director_iksv_e_istanbulfilmfestival\/","title":{"rendered":"Kerem Ayan, Assistant Director IKSV, e IstanbulFilmFestival"},"content":{"rendered":"<p>.- Alla telecamera di Mariangiola Castrovilli Kerem Ayan, Assistant Director IKSV, si sofferma sulle decisioni del Ministero della Cultura Turco che hanno generato, per protesta, la scelta di molti registi di non proiettare i propri film in solidariet\u00e0 con i colleghi \u00c7ayan Demirel e Ertu\u011frul Mavio\u011flu a seguito del ritiro del documentario \u201cBakur\/Nord\u201d. Fatto, questo, che ha conseguentemente generato la cancellazione delle premiazioni delle pi\u00f9 importanti sezioni dell\u2019Istanbul International Film Festival e della Cerimonia di Chiusura della stessa rassegna cinematografica. Al centro delle attenzioni l\u2019attuale legislazione e le procedure di valutazione vigenti che richiedono ai film prodotti in Turchia di avere certificati di registrazione per essere proiettati ai festival.<\/p>\n","protected":false},"author":5268,"featured_media":0,"comment_status":"closed","ping_status":"closed","template":"","categories":[8282],"tags":[],"geo":[2254],"class_list":{"0":"post-56608","1":"video","2":"type-video","3":"status-publish","5":"category-arte-e-cultura","6":"geo-roma"},"acf":[],"_links":{"self":[{"href":"https:\/\/www.youreporter.it\/api\/wp\/v2\/video\/56608"}],"collection":[{"href":"https:\/\/www.youreporter.it\/api\/wp\/v2\/video"}],"about":[{"href":"https:\/\/www.youreporter.it\/api\/wp\/v2\/types\/video"}],"author":[{"embeddable":true,"href":"https:\/\/www.youreporter.it\/api\/wp\/v2\/users\/5268"}],"replies":[{"embeddable":true,"href":"https:\/\/www.youreporter.it\/api\/wp\/v2\/comments?post=56608"}],"version-history":[{"count":0,"href":"https:\/\/www.youreporter.it\/api\/wp\/v2\/video\/56608\/revisions"}],"wp:attachment":[{"href":"https:\/\/www.youreporter.it\/api\/wp\/v2\/media?parent=56608"}],"wp:term":[{"taxonomy":"category","embeddable":true,"href":"https:\/\/www.youreporter.it\/api\/wp\/v2\/categories?post=56608"},{"taxonomy":"post_tag","embeddable":true,"href":"https:\/\/www.youreporter.it\/api\/wp\/v2\/tags?post=56608"},{"taxonomy":"geo","embeddable":true,"href":"https:\/\/www.youreporter.it\/api\/wp\/v2\/geo?post=56608"}],"curies":[{"name":"wp","href":"https:\/\/api.w.org\/{rel}","templated":true}]}}

<p>.- Alla telecamera di Mariangiola Castrovilli Kerem Ayan, Assistant Director IKSV, si sofferma sulle decisioni del Ministero della Cultura Turco che hanno generato, per protesta, la scelta di molti registi di non proiettare i propri film in solidarietà con i colleghi Çayan Demirel e Ertuğrul Mavioğlu a seguito del ritiro del documentario “Bakur/Nord”. Fatto, questo, che ha conseguentemente generato la cancellazione delle premiazioni delle più importanti sezioni dell’Istanbul International Film Festival e della Cerimonia di Chiusura della stessa rassegna cinematografica. Al centro delle attenzioni l’attuale legislazione e le procedure di valutazione vigenti che richiedono ai film prodotti in Turchia di avere certificati di registrazione per essere proiettati ai festival.</p>
