{"id":56576,"date":"2015-05-26T05:44:45","date_gmt":"2015-05-26T05:44:45","guid":{"rendered":"https:\/\/www.youreporter.it\/video_laura_delli_colli_-_cannes_ed_i_nastri_d_argento_europei\/"},"modified":"2015-05-26T05:44:45","modified_gmt":"2015-05-26T05:44:45","slug":"video_laura_delli_colli_-_cannes_ed_i_nastri_d_argento_europei","status":"publish","type":"video","link":"https:\/\/www.youreporter.it\/video\/video_laura_delli_colli_-_cannes_ed_i_nastri_d_argento_europei\/","title":{"rendered":"Laura Delli Colli &#8211; Cannes  ed i Nastri d&#8217;Argento europei"},"content":{"rendered":"<p>&#8211; (Mariangiola Castrovilli) &#8211; Laura Delli Colli, Presidente del Sindacato Italiano Giornalisti Cinematografici Italiani (SNGCI), ha annunciato dall\u2019Italian Pavilion di Cannes 68, I Nastri d\u2019Argento Europei. Un omaggio alla Francia e al suo pi\u00f9 prestigioso festival internazionale. I premi da parte della stampa cinematografica italiana andranno a Laura Morante e Lambert Wilson. Come sottolineato dallo stesso Presidente del SNGCI  \u00abMolto amata non solo in Italia, ma anche a Parigi dove, dopo il suo film d\u2019esordio alla regia, Ciliegine, Laura Morante si prepara a tornare prestissimo dietro la macchina da presa, proprio in Francia. E l\u2019Italia ha un\u2019antica simpatia per Lambert Wilson, uno dei pi\u00f9 volti pi\u00f9 renomm\u00e9 del cinema francese, da due anni simbolo del Festival di Cannes per il quale conduce, non a caso, le cerimonie di apertura e chiusura tradizionalmente affidate ad attrici \u2018madrine\u2019\u00bb. Nell\u2019occasione \u00e8 stato anche ricordato il Film dell\u2019Anno \u201cIl Giovane Favoloso\u201d  e i Nastri 2015 saranno assegnati proprio al regista Mario Martone, al produttore Carlo Degli Esposti (Palomar) che lo ha realizzato con Rai Cinema, e all\u2019interprete principale, Elio Germano. Ma ascoltiamo Laura Delli Colli nell\u2019intervista che ci ha rilasciato a Cannes.<\/p>\n","protected":false},"author":5268,"featured_media":0,"comment_status":"closed","ping_status":"closed","template":"","categories":[8282],"tags":[],"geo":[2254],"class_list":{"0":"post-56576","1":"video","2":"type-video","3":"status-publish","5":"category-arte-e-cultura","6":"geo-roma"},"acf":[],"_links":{"self":[{"href":"https:\/\/www.youreporter.it\/api\/wp\/v2\/video\/56576"}],"collection":[{"href":"https:\/\/www.youreporter.it\/api\/wp\/v2\/video"}],"about":[{"href":"https:\/\/www.youreporter.it\/api\/wp\/v2\/types\/video"}],"author":[{"embeddable":true,"href":"https:\/\/www.youreporter.it\/api\/wp\/v2\/users\/5268"}],"replies":[{"embeddable":true,"href":"https:\/\/www.youreporter.it\/api\/wp\/v2\/comments?post=56576"}],"version-history":[{"count":0,"href":"https:\/\/www.youreporter.it\/api\/wp\/v2\/video\/56576\/revisions"}],"wp:attachment":[{"href":"https:\/\/www.youreporter.it\/api\/wp\/v2\/media?parent=56576"}],"wp:term":[{"taxonomy":"category","embeddable":true,"href":"https:\/\/www.youreporter.it\/api\/wp\/v2\/categories?post=56576"},{"taxonomy":"post_tag","embeddable":true,"href":"https:\/\/www.youreporter.it\/api\/wp\/v2\/tags?post=56576"},{"taxonomy":"geo","embeddable":true,"href":"https:\/\/www.youreporter.it\/api\/wp\/v2\/geo?post=56576"}],"curies":[{"name":"wp","href":"https:\/\/api.w.org\/{rel}","templated":true}]}}

<p>&#8211; (Mariangiola Castrovilli) &#8211; Laura Delli Colli, Presidente del Sindacato Italiano Giornalisti Cinematografici Italiani (SNGCI), ha annunciato dall’Italian Pavilion di Cannes 68, I Nastri d’Argento Europei. Un omaggio alla Francia e al suo più prestigioso festival internazionale. I premi da parte della stampa cinematografica italiana andranno a Laura Morante e Lambert Wilson. Come sottolineato dallo stesso Presidente del SNGCI  «Molto amata non solo in Italia, ma anche a Parigi dove, dopo il suo film d’esordio alla regia, Ciliegine, Laura Morante si prepara a tornare prestissimo dietro la macchina da presa, proprio in Francia. E l’Italia ha un’antica simpatia per Lambert Wilson, uno dei più volti più renommé del cinema francese, da due anni simbolo del Festival di Cannes per il quale conduce, non a caso, le cerimonie di apertura e chiusura tradizionalmente affidate ad attrici ‘madrine’». Nell’occasione è stato anche ricordato il Film dell’Anno “Il Giovane Favoloso”  e i Nastri 2015 saranno assegnati proprio al regista Mario Martone, al produttore Carlo Degli Esposti (Palomar) che lo ha realizzato con Rai Cinema, e all’interprete principale, Elio Germano. Ma ascoltiamo Laura Delli Colli nell’intervista che ci ha rilasciato a Cannes.</p>
