{"id":56575,"date":"2015-05-27T03:36:57","date_gmt":"2015-05-27T03:36:57","guid":{"rendered":"https:\/\/www.youreporter.it\/video_gli_angeli_custodi_della_sala_stampa_di_cannes_68\/"},"modified":"2015-05-27T03:36:57","modified_gmt":"2015-05-27T03:36:57","slug":"video_gli_angeli_custodi_della_sala_stampa_di_cannes_68","status":"publish","type":"video","link":"https:\/\/www.youreporter.it\/video\/video_gli_angeli_custodi_della_sala_stampa_di_cannes_68\/","title":{"rendered":"Gli \u201cAngeli Custodi\u201d della Sala Stampa di Cannes 68"},"content":{"rendered":"<p>&#8211; &#8211; (Mariangiola Castrovilli) &#8211; L\u2019informazione giornalistica ormai viaggia da tempo attraverso reti telematiche e satellitari e le sale stampa legate ad eventi internazionali , come quelle dei festival cinematografici, sono tecnologicamente avanzate e dispongono di personale specializzato. Sono equipe di tecnici che assistono i giornalisti nel loro lavoro quotidiano durante le manifestazioni e possono considerarsi dei veri e propri \u201cAngeli Custodi\u201d  pronti a risolvere qualsiasi problema  e a soddisfare esigenze tecniche particolari. Quelli che vi presentiamo nel video sono gli \u201cAngeli\u201d di Cannes che ci hanno coadiuvato in questi 12 giorni del pi\u00f9 prestigioso festival del mondo. Ve li presentiamo uno ad uno, sono Agn\u00e9s, Sebasti\u00e9n, Michelle, Xavier, Pedro, Karine. Poi le Hostess di Nespresso che offrono caff\u00e8 ed acqua, Dayana e Alix, e tutto lo staff al completo del gruppo di telecomunicazioni Orange France: Kamel Charif,  Henry Terraux responsabile della rete ed i coach Yoann Olawinski, Alexia e Sonia. Vicino a loro anche il Direttore Esecutivo della Rete Orange  Delphine Ernotte Cunci che nel gruppo telematico ha svolto tutta la sua carriera. Proprio oggi, tra l\u2019altro,  \u00e8 stata nominata alla guida di France T\u00e9l\u00e9vision ed \u00e8 la prima volta che, nella storia della televisione francese, una donna ricopre il massimo incarico nell\u2019emittente TV. Abbiamo incontrato anche Gilles Manchu, delegato regionale di France 3 Cote d&#8217;Azur. Ma ascoltiamo cosa dicono\u2026 <\/p>\n","protected":false},"author":5268,"featured_media":0,"comment_status":"closed","ping_status":"closed","template":"","categories":[8282],"tags":[],"geo":[2254],"class_list":{"0":"post-56575","1":"video","2":"type-video","3":"status-publish","5":"category-arte-e-cultura","6":"geo-roma"},"acf":[],"_links":{"self":[{"href":"https:\/\/www.youreporter.it\/api\/wp\/v2\/video\/56575"}],"collection":[{"href":"https:\/\/www.youreporter.it\/api\/wp\/v2\/video"}],"about":[{"href":"https:\/\/www.youreporter.it\/api\/wp\/v2\/types\/video"}],"author":[{"embeddable":true,"href":"https:\/\/www.youreporter.it\/api\/wp\/v2\/users\/5268"}],"replies":[{"embeddable":true,"href":"https:\/\/www.youreporter.it\/api\/wp\/v2\/comments?post=56575"}],"version-history":[{"count":0,"href":"https:\/\/www.youreporter.it\/api\/wp\/v2\/video\/56575\/revisions"}],"wp:attachment":[{"href":"https:\/\/www.youreporter.it\/api\/wp\/v2\/media?parent=56575"}],"wp:term":[{"taxonomy":"category","embeddable":true,"href":"https:\/\/www.youreporter.it\/api\/wp\/v2\/categories?post=56575"},{"taxonomy":"post_tag","embeddable":true,"href":"https:\/\/www.youreporter.it\/api\/wp\/v2\/tags?post=56575"},{"taxonomy":"geo","embeddable":true,"href":"https:\/\/www.youreporter.it\/api\/wp\/v2\/geo?post=56575"}],"curies":[{"name":"wp","href":"https:\/\/api.w.org\/{rel}","templated":true}]}}

<p>&#8211; &#8211; (Mariangiola Castrovilli) &#8211; L’informazione giornalistica ormai viaggia da tempo attraverso reti telematiche e satellitari e le sale stampa legate ad eventi internazionali , come quelle dei festival cinematografici, sono tecnologicamente avanzate e dispongono di personale specializzato. Sono equipe di tecnici che assistono i giornalisti nel loro lavoro quotidiano durante le manifestazioni e possono considerarsi dei veri e propri “Angeli Custodi”  pronti a risolvere qualsiasi problema  e a soddisfare esigenze tecniche particolari. Quelli che vi presentiamo nel video sono gli “Angeli” di Cannes che ci hanno coadiuvato in questi 12 giorni del più prestigioso festival del mondo. Ve li presentiamo uno ad uno, sono Agnés, Sebastién, Michelle, Xavier, Pedro, Karine. Poi le Hostess di Nespresso che offrono caffè ed acqua, Dayana e Alix, e tutto lo staff al completo del gruppo di telecomunicazioni Orange France: Kamel Charif,  Henry Terraux responsabile della rete ed i coach Yoann Olawinski, Alexia e Sonia. Vicino a loro anche il Direttore Esecutivo della Rete Orange  Delphine Ernotte Cunci che nel gruppo telematico ha svolto tutta la sua carriera. Proprio oggi, tra l’altro,  è stata nominata alla guida di France Télévision ed è la prima volta che, nella storia della televisione francese, una donna ricopre il massimo incarico nell’emittente TV. Abbiamo incontrato anche Gilles Manchu, delegato regionale di France 3 Cote d&#8217;Azur. Ma ascoltiamo cosa dicono… </p>
