{"id":54579,"date":"2015-05-11T14:49:42","date_gmt":"2015-05-11T14:49:42","guid":{"rendered":"https:\/\/www.youreporter.it\/video_bellagio_lago_di_como_italy\/"},"modified":"2015-05-11T14:49:42","modified_gmt":"2015-05-11T14:49:42","slug":"video_bellagio_lago_di_como_italy","status":"publish","type":"video","link":"https:\/\/www.youreporter.it\/video\/video_bellagio_lago_di_como_italy\/","title":{"rendered":"Bellagio (Lago di Como, Italy)"},"content":{"rendered":"<p>Bellagio, localit\u00e0 turistica sul lago di Como, 3820 abitanti, provincia di Como, Lombardia, Italia. Il comune appartiene alla Comunit\u00e0 Montana del Triangolo Lariano e il 21 gennaio 2014 si \u00e8 fuso con quello di Civenna, mantenendo il nome di Bellagio. I primi abitatori di questo territorio furono gli Insubri, che avevano stabile dimora in una parte dell&#8217;attuale Lombardia e quindi del Lago di Como fino all&#8217;altezza del centro lago, dove confinavano con i Reti (riva occidentale) e con gli Orobi (riva orientale). Gli Insubri vissero liberi e indipendenti fino all&#8217;arrivo dei Galli capitanati da Belloveso, i quali, intorno all&#8217;anno 600 a.C. disfatti gli Insubri si installarono a Milano e a Como. Occupate le rive del lago crearono un presidio nel punto estremo della loro conquista denominato Bellagio (Bellasium dal nome del loro comandante Belloveso). I Galli divennero Gallo-Insubri, si fusero con gli abitanti primitivi e introdussero usi e costumi propri. Si radicarono talmente da lasciare impronte anche nella toponomastica del territorio: Crux Galli (oggi Grosgalla) dalla parte di Lezzeno e &#8220;Il Gallo&#8221;, piccola cappella lungo la vecchia strada di Limonta, che segna ancor oggi il confine tra i due comuni. Nell&#8217;anno 196 a.C. al dominio dei Gallo-Insubri subentr\u00f2 quello dei Romani nella loro graduale espansione verso nord. I Romani, capitanati dal console Marco Claudio Marcello, disfatti i Gallo-Insubri in una violenta battaglia nei pressi di Camerlata, occuparono Como e le rive del lago.<br \/>\nGalleria di immagini con fotografie scattate gioved\u00ec 7 maggio 2015.<\/p>\n","protected":false},"author":5262,"featured_media":0,"comment_status":"closed","ping_status":"closed","template":"","categories":[8282],"tags":[],"geo":[3140,3128,51],"class_list":{"0":"post-54579","1":"video","2":"type-video","3":"status-publish","5":"category-arte-e-cultura","6":"geo-bellagio","7":"geo-como","8":"geo-lombardia"},"acf":[],"_links":{"self":[{"href":"https:\/\/www.youreporter.it\/api\/wp\/v2\/video\/54579"}],"collection":[{"href":"https:\/\/www.youreporter.it\/api\/wp\/v2\/video"}],"about":[{"href":"https:\/\/www.youreporter.it\/api\/wp\/v2\/types\/video"}],"author":[{"embeddable":true,"href":"https:\/\/www.youreporter.it\/api\/wp\/v2\/users\/5262"}],"replies":[{"embeddable":true,"href":"https:\/\/www.youreporter.it\/api\/wp\/v2\/comments?post=54579"}],"version-history":[{"count":0,"href":"https:\/\/www.youreporter.it\/api\/wp\/v2\/video\/54579\/revisions"}],"wp:attachment":[{"href":"https:\/\/www.youreporter.it\/api\/wp\/v2\/media?parent=54579"}],"wp:term":[{"taxonomy":"category","embeddable":true,"href":"https:\/\/www.youreporter.it\/api\/wp\/v2\/categories?post=54579"},{"taxonomy":"post_tag","embeddable":true,"href":"https:\/\/www.youreporter.it\/api\/wp\/v2\/tags?post=54579"},{"taxonomy":"geo","embeddable":true,"href":"https:\/\/www.youreporter.it\/api\/wp\/v2\/geo?post=54579"}],"curies":[{"name":"wp","href":"https:\/\/api.w.org\/{rel}","templated":true}]}}

<p>Bellagio, località turistica sul lago di Como, 3820 abitanti, provincia di Como, Lombardia, Italia. Il comune appartiene alla Comunità Montana del Triangolo Lariano e il 21 gennaio 2014 si è fuso con quello di Civenna, mantenendo il nome di Bellagio. I primi abitatori di questo territorio furono gli Insubri, che avevano stabile dimora in una parte dell&#8217;attuale Lombardia e quindi del Lago di Como fino all&#8217;altezza del centro lago, dove confinavano con i Reti (riva occidentale) e con gli Orobi (riva orientale). Gli Insubri vissero liberi e indipendenti fino all&#8217;arrivo dei Galli capitanati da Belloveso, i quali, intorno all&#8217;anno 600 a.C. disfatti gli Insubri si installarono a Milano e a Como. Occupate le rive del lago crearono un presidio nel punto estremo della loro conquista denominato Bellagio (Bellasium dal nome del loro comandante Belloveso). I Galli divennero Gallo-Insubri, si fusero con gli abitanti primitivi e introdussero usi e costumi propri. Si radicarono talmente da lasciare impronte anche nella toponomastica del territorio: Crux Galli (oggi Grosgalla) dalla parte di Lezzeno e &#8220;Il Gallo&#8221;, piccola cappella lungo la vecchia strada di Limonta, che segna ancor oggi il confine tra i due comuni. Nell&#8217;anno 196 a.C. al dominio dei Gallo-Insubri subentrò quello dei Romani nella loro graduale espansione verso nord. I Romani, capitanati dal console Marco Claudio Marcello, disfatti i Gallo-Insubri in una violenta battaglia nei pressi di Camerlata, occuparono Como e le rive del lago.<br />
Galleria di immagini con fotografie scattate giovedì 7 maggio 2015.</p>
