{"id":54572,"date":"2015-06-26T20:03:16","date_gmt":"2015-06-26T20:03:16","guid":{"rendered":"https:\/\/www.youreporter.it\/video_91st_us_infantry_division_memorial_livergnano_di_pianoro\/"},"modified":"2015-06-26T20:03:16","modified_gmt":"2015-06-26T20:03:16","slug":"video_91st_us_infantry_division_memorial_livergnano_di_pianoro","status":"publish","type":"video","link":"https:\/\/www.youreporter.it\/video\/video_91st_us_infantry_division_memorial_livergnano_di_pianoro\/","title":{"rendered":"91st US INFANTRY DIVISION MEMORIAL (LIVERGNANO DI PIANORO)"},"content":{"rendered":"<p>MONUMENTO DEDICATO AI CADUTI DEL 361st INFANTRY REGIMENT DELLA 91st US ARMY INFANTRY DIVISION E ALLA MEMORIA DI JOHN RICHARDSON CORDEIRO E SILVA, SOTTOTENENTE PILOTA MILITARE DELL\u2019AVIAZIONE BRASILIANA ABBATTUTO IL 6 NOVEMBRE 1944, MENTRE ERA IN VOLO SULLA LINEA GOTICA.<br \/>\nAs the first battles of World War II involving the United States were being fought in 1942, the 91st division was reactivated at Camp White, Oregon. After initial training at Camp White, the division participation in the Oregon Maneuver combat exercise in the fall of 1943. Then, the division departed for the European Continent. There, the 361st Regimental Combat Team was detached to participate in the battles for Rome and the Arno River. It became the first Fifth Army unit to reach the river. In September 1944, the division crossed the Sieve River, outflanked the famous Gothic Line, and captured the Futa Pass. For its part in combat, the division was awarded the North Apennines, Po Valley and Rome-Arno campaign streamers. The division was inactivated at Camp Rucker, Alabama, in December 1945.<br \/>\n&#8220;Il sottotenente pilota John Richardson Cordeiro e Silva part\u00ec dalla base aerea di Tarquinia, dove il 1 Gruppo Caccia Brasiliano arriv\u00f2 il 7 ottobre 1944 subordinandosi al 350 Gruppo Caccia dell&#8217;Aereonautica Americana (USAAF). La bandiera brasiliana alla base aerea di Tarquinia fu issata il 14 ottobre 1944. Dopo vari giorni di addestramento i piloti brasiliani decollarono da detta base insieme ad altri P47 Thunderbolt americani per la prima missione brasiliana sulla Linea Gotica (Gothic Line). Il sottotenente Johnn Richardson era della riserva, ma poich\u00e8 al decollare il giorno 6 novembre 1944 il tenente aviatore Perdigao urt\u00f2 un palo danneggiando l&#8217;ala del suo aereo, lo sostitu\u00ec con il proprio P47. Arrivato in prossimit\u00e0 della Linea d&#8217;inverno (Winter Line) al primo passaggio fu fatto bersaglio dalla contraerea tedesca al momento di un bombardamento in picchiata, il motore prese fuoco, si mantenne in volo per un p\u00f2 di tempo tentando di riprendere quota per lanciarsi con il paracadute e comunicando tranquillamente con il caposquadriglia, ma non vi riusci, tentando l&#8217;atterragio in un terreno accidentato presso Livergnano, dove al contatto con il suolo il P47 esplose (aveva la seguente sigla e matricola: P-47D-27-RE n\u00ba 42-26782\u201d (testo a cura di Massimo Mazzanti). Immagini di archivio e riprese video effettuate luned\u00ec 15 giugno 2015.<br \/>\nhttp:\/\/www.livergnano.org\/<\/p>\n","protected":false},"author":5262,"featured_media":0,"comment_status":"closed","ping_status":"closed","template":"","categories":[8282],"tags":[],"geo":[1475,46,1522],"class_list":{"0":"post-54572","1":"video","2":"type-video","3":"status-publish","5":"category-arte-e-cultura","6":"geo-bologna","7":"geo-emilia-romagna","8":"geo-pianoro"},"acf":[],"_links":{"self":[{"href":"https:\/\/www.youreporter.it\/api\/wp\/v2\/video\/54572"}],"collection":[{"href":"https:\/\/www.youreporter.it\/api\/wp\/v2\/video"}],"about":[{"href":"https:\/\/www.youreporter.it\/api\/wp\/v2\/types\/video"}],"author":[{"embeddable":true,"href":"https:\/\/www.youreporter.it\/api\/wp\/v2\/users\/5262"}],"replies":[{"embeddable":true,"href":"https:\/\/www.youreporter.it\/api\/wp\/v2\/comments?post=54572"}],"version-history":[{"count":0,"href":"https:\/\/www.youreporter.it\/api\/wp\/v2\/video\/54572\/revisions"}],"wp:attachment":[{"href":"https:\/\/www.youreporter.it\/api\/wp\/v2\/media?parent=54572"}],"wp:term":[{"taxonomy":"category","embeddable":true,"href":"https:\/\/www.youreporter.it\/api\/wp\/v2\/categories?post=54572"},{"taxonomy":"post_tag","embeddable":true,"href":"https:\/\/www.youreporter.it\/api\/wp\/v2\/tags?post=54572"},{"taxonomy":"geo","embeddable":true,"href":"https:\/\/www.youreporter.it\/api\/wp\/v2\/geo?post=54572"}],"curies":[{"name":"wp","href":"https:\/\/api.w.org\/{rel}","templated":true}]}}

<p>MONUMENTO DEDICATO AI CADUTI DEL 361st INFANTRY REGIMENT DELLA 91st US ARMY INFANTRY DIVISION E ALLA MEMORIA DI JOHN RICHARDSON CORDEIRO E SILVA, SOTTOTENENTE PILOTA MILITARE DELL’AVIAZIONE BRASILIANA ABBATTUTO IL 6 NOVEMBRE 1944, MENTRE ERA IN VOLO SULLA LINEA GOTICA.<br />
As the first battles of World War II involving the United States were being fought in 1942, the 91st division was reactivated at Camp White, Oregon. After initial training at Camp White, the division participation in the Oregon Maneuver combat exercise in the fall of 1943. Then, the division departed for the European Continent. There, the 361st Regimental Combat Team was detached to participate in the battles for Rome and the Arno River. It became the first Fifth Army unit to reach the river. In September 1944, the division crossed the Sieve River, outflanked the famous Gothic Line, and captured the Futa Pass. For its part in combat, the division was awarded the North Apennines, Po Valley and Rome-Arno campaign streamers. The division was inactivated at Camp Rucker, Alabama, in December 1945.<br />
&#8220;Il sottotenente pilota John Richardson Cordeiro e Silva partì dalla base aerea di Tarquinia, dove il 1 Gruppo Caccia Brasiliano arrivò il 7 ottobre 1944 subordinandosi al 350 Gruppo Caccia dell&#8217;Aereonautica Americana (USAAF). La bandiera brasiliana alla base aerea di Tarquinia fu issata il 14 ottobre 1944. Dopo vari giorni di addestramento i piloti brasiliani decollarono da detta base insieme ad altri P47 Thunderbolt americani per la prima missione brasiliana sulla Linea Gotica (Gothic Line). Il sottotenente Johnn Richardson era della riserva, ma poichè al decollare il giorno 6 novembre 1944 il tenente aviatore Perdigao urtò un palo danneggiando l&#8217;ala del suo aereo, lo sostituì con il proprio P47. Arrivato in prossimità della Linea d&#8217;inverno (Winter Line) al primo passaggio fu fatto bersaglio dalla contraerea tedesca al momento di un bombardamento in picchiata, il motore prese fuoco, si mantenne in volo per un pò di tempo tentando di riprendere quota per lanciarsi con il paracadute e comunicando tranquillamente con il caposquadriglia, ma non vi riusci, tentando l&#8217;atterragio in un terreno accidentato presso Livergnano, dove al contatto con il suolo il P47 esplose (aveva la seguente sigla e matricola: P-47D-27-RE nº 42-26782” (testo a cura di Massimo Mazzanti). Immagini di archivio e riprese video effettuate lunedì 15 giugno 2015.<br />
http://www.livergnano.org/</p>
