{"id":54571,"date":"2015-06-27T23:33:11","date_gmt":"2015-06-27T23:33:11","guid":{"rendered":"https:\/\/www.youreporter.it\/video_gianicolo_roma_italy\/"},"modified":"2015-06-27T23:33:11","modified_gmt":"2015-06-27T23:33:11","slug":"video_gianicolo_roma_italy","status":"publish","type":"video","link":"https:\/\/www.youreporter.it\/video\/video_gianicolo_roma_italy\/","title":{"rendered":"Gianicolo (Roma, Italy)"},"content":{"rendered":"<p>RICORDANDO LA REPUBBLICA ROMANA DEL 1849.<br \/>\nIl Gianicolo \u00e8 un colle romano prospiciente la riva destra del Tevere la cui altezza massima \u00e8 di 88 metri. Non fa parte del novero dei sette colli tradizionali. La pendice orientale digrada verso il fiume e alla base si trova lo storico rione di Trastevere, mentre quella occidentale meno ripida costituisce la parte pi\u00f9 vecchia del moderno quartiere di Monteverde.<br \/>\nIl nome del colle secondo la tradizione deriverebbe dal dio Giano, che vi avrebbe fondato un centro abitato conosciuto con il nome di Ianiculum. Nella realt\u00e0 in relazione a tale divinit\u00e0 sul Gianicolo esisteva solo un sacello dedicato al figlio Fons, o Fontus, mentre era invece presente un piccolo centro abitato (Pagus Ianiculensis) situato ai piedi del colle nella zona di Trastevere, oggi corrispondente a piazza Mastai. Situato sulla riva destra del Tevere in territorio originariamente etrusco il colle sarebbe stato occupato e annesso a Roma da Anco Marzio, che l&#8217;avrebbe fortificato e collegato alla citt\u00e0 tramite il ponte Sublicio sul quale transitava l&#8217;antica strada che lo attraversava proveniente dall&#8217;Etruria, che in seguito divent\u00f2 la via Aurelia. Nel 477 a.C. i Veienti dopo aver sconfitto nella battaglia del Cremera i Fabii e l&#8217;esercito romano, condotto dal console Tito Menenio Agrippa Lanato, stabilirono un fortilizio sul Gianicolo da dove partivano per razziare la campagna romana. Il colle fu riconquistato l&#8217;anno successivo dai Romani a seguito della battaglia combattuta e vinta contro i Veienti. Rimasto escluso dalle antiche mura serviane il Gianicolo venne parzialmente incluso nelle mura aureliane. Una parte era coperta di boschi sacri dedicati con un tempio all&#8217;antica divinit\u00e0 Furrina. Un&#8217;altra area cultuale pi\u00f9 tarda \u00e8 il santuario isiaco sulla pendice orientale (oggi via Dandolo): il sito \u00e8 pittoresco ma poco curato e spesso chiuso, mentre i relativi reperti sono attualmente esposti nella collezione egizia di Palazzo Altemps. Nel XVII secolo il colle fu incluso nelle mura di Urbano VIII chiamate appunto anche mura gianicolensi. L&#8217;urbanizzazione del colle del Gianicolo fu costituita fino a tutto l&#8217;Ottocento da ville con grandi parchi come la villa Doria-Pamphili e la villa Corsini, dai loro casali e da chiese con conventi e terreni come la basilica di S.Pancrazio, S.Pietro in Montorio e il convento di S.Onofrio. Teatro nel 1849 dell&#8217;eroica difesa della breve Repubblica Romana contro i francesi chiamati dal reazionario Pio IX, il Gianicolo divenne dopo l&#8217;Unit\u00e0 d&#8217;Italia un grande parco pubblico e una sorta di memoriale del Risorgimento: gi\u00e0 nel 1879 sul piazzale di S.Pietro in Montorio fu costruito un &#8220;Monumento ai caduti per la causa di Roma Italiana&#8221; oggi scomparso. Nel punto pi\u00f9 alto del colle furono successivamente poste le statue equestri di Garibaldi (opera di Emilio Gallori inaugurata nel 1895) e di Anita (opera di Mario Rutelli del 1932 in collaborazione con l&#8217;allievo Silvestre Cuffaro; nel piedistallo furono poste anche le spoglie di lei). Nel declivio sotto il fontanone di Paolo V e lungo la via del Gianicolo che scende verso S.Pietro fu collocata una miriade di mezzibusti marmorei ritratti di illustri garibaldini, dai Mille ai combattenti che avevano resistito per settimane alle truppe francesi di gran lunga pi\u00f9 numerose e meglio armate. L&#8217;iniziale monumento ai Caduti fu poi spostato e ricostruito nel 1941 da Giovanni Jacobucci poco pi\u00f9 in l\u00e0, al sommo di via Garibaldi, includendovi l&#8217;ossario dei caduti della Repubblica Romana del 1849 nel quale fu spostata anche la tomba di Goffredo Mameli.<br \/>\nRiprese video effettuate mercoled\u00ec 17 giugno 2015.<\/p>\n","protected":false},"author":5262,"featured_media":0,"comment_status":"closed","ping_status":"closed","template":"","categories":[8282],"tags":[],"geo":[2254],"class_list":{"0":"post-54571","1":"video","2":"type-video","3":"status-publish","5":"category-arte-e-cultura","6":"geo-roma"},"acf":[],"_links":{"self":[{"href":"https:\/\/www.youreporter.it\/api\/wp\/v2\/video\/54571"}],"collection":[{"href":"https:\/\/www.youreporter.it\/api\/wp\/v2\/video"}],"about":[{"href":"https:\/\/www.youreporter.it\/api\/wp\/v2\/types\/video"}],"author":[{"embeddable":true,"href":"https:\/\/www.youreporter.it\/api\/wp\/v2\/users\/5262"}],"replies":[{"embeddable":true,"href":"https:\/\/www.youreporter.it\/api\/wp\/v2\/comments?post=54571"}],"version-history":[{"count":0,"href":"https:\/\/www.youreporter.it\/api\/wp\/v2\/video\/54571\/revisions"}],"wp:attachment":[{"href":"https:\/\/www.youreporter.it\/api\/wp\/v2\/media?parent=54571"}],"wp:term":[{"taxonomy":"category","embeddable":true,"href":"https:\/\/www.youreporter.it\/api\/wp\/v2\/categories?post=54571"},{"taxonomy":"post_tag","embeddable":true,"href":"https:\/\/www.youreporter.it\/api\/wp\/v2\/tags?post=54571"},{"taxonomy":"geo","embeddable":true,"href":"https:\/\/www.youreporter.it\/api\/wp\/v2\/geo?post=54571"}],"curies":[{"name":"wp","href":"https:\/\/api.w.org\/{rel}","templated":true}]}}

<p>RICORDANDO LA REPUBBLICA ROMANA DEL 1849.<br />
Il Gianicolo è un colle romano prospiciente la riva destra del Tevere la cui altezza massima è di 88 metri. Non fa parte del novero dei sette colli tradizionali. La pendice orientale digrada verso il fiume e alla base si trova lo storico rione di Trastevere, mentre quella occidentale meno ripida costituisce la parte più vecchia del moderno quartiere di Monteverde.<br />
Il nome del colle secondo la tradizione deriverebbe dal dio Giano, che vi avrebbe fondato un centro abitato conosciuto con il nome di Ianiculum. Nella realtà in relazione a tale divinità sul Gianicolo esisteva solo un sacello dedicato al figlio Fons, o Fontus, mentre era invece presente un piccolo centro abitato (Pagus Ianiculensis) situato ai piedi del colle nella zona di Trastevere, oggi corrispondente a piazza Mastai. Situato sulla riva destra del Tevere in territorio originariamente etrusco il colle sarebbe stato occupato e annesso a Roma da Anco Marzio, che l&#8217;avrebbe fortificato e collegato alla città tramite il ponte Sublicio sul quale transitava l&#8217;antica strada che lo attraversava proveniente dall&#8217;Etruria, che in seguito diventò la via Aurelia. Nel 477 a.C. i Veienti dopo aver sconfitto nella battaglia del Cremera i Fabii e l&#8217;esercito romano, condotto dal console Tito Menenio Agrippa Lanato, stabilirono un fortilizio sul Gianicolo da dove partivano per razziare la campagna romana. Il colle fu riconquistato l&#8217;anno successivo dai Romani a seguito della battaglia combattuta e vinta contro i Veienti. Rimasto escluso dalle antiche mura serviane il Gianicolo venne parzialmente incluso nelle mura aureliane. Una parte era coperta di boschi sacri dedicati con un tempio all&#8217;antica divinità Furrina. Un&#8217;altra area cultuale più tarda è il santuario isiaco sulla pendice orientale (oggi via Dandolo): il sito è pittoresco ma poco curato e spesso chiuso, mentre i relativi reperti sono attualmente esposti nella collezione egizia di Palazzo Altemps. Nel XVII secolo il colle fu incluso nelle mura di Urbano VIII chiamate appunto anche mura gianicolensi. L&#8217;urbanizzazione del colle del Gianicolo fu costituita fino a tutto l&#8217;Ottocento da ville con grandi parchi come la villa Doria-Pamphili e la villa Corsini, dai loro casali e da chiese con conventi e terreni come la basilica di S.Pancrazio, S.Pietro in Montorio e il convento di S.Onofrio. Teatro nel 1849 dell&#8217;eroica difesa della breve Repubblica Romana contro i francesi chiamati dal reazionario Pio IX, il Gianicolo divenne dopo l&#8217;Unità d&#8217;Italia un grande parco pubblico e una sorta di memoriale del Risorgimento: già nel 1879 sul piazzale di S.Pietro in Montorio fu costruito un &#8220;Monumento ai caduti per la causa di Roma Italiana&#8221; oggi scomparso. Nel punto più alto del colle furono successivamente poste le statue equestri di Garibaldi (opera di Emilio Gallori inaugurata nel 1895) e di Anita (opera di Mario Rutelli del 1932 in collaborazione con l&#8217;allievo Silvestre Cuffaro; nel piedistallo furono poste anche le spoglie di lei). Nel declivio sotto il fontanone di Paolo V e lungo la via del Gianicolo che scende verso S.Pietro fu collocata una miriade di mezzibusti marmorei ritratti di illustri garibaldini, dai Mille ai combattenti che avevano resistito per settimane alle truppe francesi di gran lunga più numerose e meglio armate. L&#8217;iniziale monumento ai Caduti fu poi spostato e ricostruito nel 1941 da Giovanni Jacobucci poco più in là, al sommo di via Garibaldi, includendovi l&#8217;ossario dei caduti della Repubblica Romana del 1849 nel quale fu spostata anche la tomba di Goffredo Mameli.<br />
Riprese video effettuate mercoledì 17 giugno 2015.</p>
