{"id":54570,"date":"2015-06-28T08:44:47","date_gmt":"2015-06-28T08:44:47","guid":{"rendered":"https:\/\/www.youreporter.it\/video_il_cannone_del_gianicolo_roma_italy\/"},"modified":"2015-06-28T08:44:47","modified_gmt":"2015-06-28T08:44:47","slug":"video_il_cannone_del_gianicolo_roma_italy","status":"publish","type":"video","link":"https:\/\/www.youreporter.it\/video\/video_il_cannone_del_gianicolo_roma_italy\/","title":{"rendered":"Il cannone del Gianicolo (Roma, Italy)"},"content":{"rendered":"<p>ITALIAN ARMY ARTILLERY.<br \/>\nIl Gianicolo \u00e8 un colle romano prospiciente la riva destra del Tevere la cui altezza massima \u00e8 di 88 metri. Non fa parte del novero dei sette colli tradizionali. La pendice orientale digrada verso il fiume e alla base si trova lo storico rione di Trastevere, mentre quella occidentale meno ripida costituisce la parte pi\u00f9 vecchia del moderno quartiere di Monteverde. Il nome del colle secondo la tradizione deriverebbe dal dio Giano, che vi avrebbe fondato un centro abitato conosciuto con il nome di Ianiculum.<br \/>\nIn cima al colle (praticamente sotto il monumento equestre dedicato a Giuseppe Garibaldi e alla Repubblica Romana del 1849) \u00e8 posto dal 24 gennaio 1904 un cannone che spara a mezzogiorno in punto. Lo sparo nei rari giorni in cui la citt\u00e0 \u00e8 meno rumorosa (particolarmente la domenica, o in agosto) si pu\u00f2 sentire fino all&#8217;Esquilino. La cannonata a salve di mezzogiorno fu introdotta da Pio IX nel 1847 per dare uno standard alle campane delle chiese di Roma, in modo che non suonassero ognuna il mezzogiorno del proprio sagrestano. Il cannone era allora a Castel Sant&#8217;Angelo, da dove venne spostato nel 1903 per qualche mese a Monte Mario, per essere poi posizionato al Gianicolo dove si trova attualmente. La tradizione non fu interrotta dall&#8217;Unit\u00e0 d&#8217;Italia ma dalla guerra. Fu ripristinato il 21 aprile 1959 in occasione del 2712esimo anniversario della fondazione di Roma. Attualmente il cannone \u00e8 un 105\/22 Mod. 14\/61 servito da personale dell&#8217;Esercito Italiano.<br \/>\nRiprese video effettuate mercoled\u00ec 17 giugno 2015.<\/p>\n","protected":false},"author":5262,"featured_media":0,"comment_status":"closed","ping_status":"closed","template":"","categories":[8282],"tags":[],"geo":[2254],"class_list":{"0":"post-54570","1":"video","2":"type-video","3":"status-publish","5":"category-arte-e-cultura","6":"geo-roma"},"acf":[],"_links":{"self":[{"href":"https:\/\/www.youreporter.it\/api\/wp\/v2\/video\/54570"}],"collection":[{"href":"https:\/\/www.youreporter.it\/api\/wp\/v2\/video"}],"about":[{"href":"https:\/\/www.youreporter.it\/api\/wp\/v2\/types\/video"}],"author":[{"embeddable":true,"href":"https:\/\/www.youreporter.it\/api\/wp\/v2\/users\/5262"}],"replies":[{"embeddable":true,"href":"https:\/\/www.youreporter.it\/api\/wp\/v2\/comments?post=54570"}],"version-history":[{"count":0,"href":"https:\/\/www.youreporter.it\/api\/wp\/v2\/video\/54570\/revisions"}],"wp:attachment":[{"href":"https:\/\/www.youreporter.it\/api\/wp\/v2\/media?parent=54570"}],"wp:term":[{"taxonomy":"category","embeddable":true,"href":"https:\/\/www.youreporter.it\/api\/wp\/v2\/categories?post=54570"},{"taxonomy":"post_tag","embeddable":true,"href":"https:\/\/www.youreporter.it\/api\/wp\/v2\/tags?post=54570"},{"taxonomy":"geo","embeddable":true,"href":"https:\/\/www.youreporter.it\/api\/wp\/v2\/geo?post=54570"}],"curies":[{"name":"wp","href":"https:\/\/api.w.org\/{rel}","templated":true}]}}

<p>ITALIAN ARMY ARTILLERY.<br />
Il Gianicolo è un colle romano prospiciente la riva destra del Tevere la cui altezza massima è di 88 metri. Non fa parte del novero dei sette colli tradizionali. La pendice orientale digrada verso il fiume e alla base si trova lo storico rione di Trastevere, mentre quella occidentale meno ripida costituisce la parte più vecchia del moderno quartiere di Monteverde. Il nome del colle secondo la tradizione deriverebbe dal dio Giano, che vi avrebbe fondato un centro abitato conosciuto con il nome di Ianiculum.<br />
In cima al colle (praticamente sotto il monumento equestre dedicato a Giuseppe Garibaldi e alla Repubblica Romana del 1849) è posto dal 24 gennaio 1904 un cannone che spara a mezzogiorno in punto. Lo sparo nei rari giorni in cui la città è meno rumorosa (particolarmente la domenica, o in agosto) si può sentire fino all&#8217;Esquilino. La cannonata a salve di mezzogiorno fu introdotta da Pio IX nel 1847 per dare uno standard alle campane delle chiese di Roma, in modo che non suonassero ognuna il mezzogiorno del proprio sagrestano. Il cannone era allora a Castel Sant&#8217;Angelo, da dove venne spostato nel 1903 per qualche mese a Monte Mario, per essere poi posizionato al Gianicolo dove si trova attualmente. La tradizione non fu interrotta dall&#8217;Unità d&#8217;Italia ma dalla guerra. Fu ripristinato il 21 aprile 1959 in occasione del 2712esimo anniversario della fondazione di Roma. Attualmente il cannone è un 105/22 Mod. 14/61 servito da personale dell&#8217;Esercito Italiano.<br />
Riprese video effettuate mercoledì 17 giugno 2015.</p>
