{"id":54545,"date":"2015-09-30T11:07:51","date_gmt":"2015-09-30T11:07:51","guid":{"rendered":"https:\/\/www.youreporter.it\/video_free_candy_aiutiamo_la_memoria_che_resta\/"},"modified":"2015-09-30T11:07:51","modified_gmt":"2015-09-30T11:07:51","slug":"video_free_candy_aiutiamo_la_memoria_che_resta","status":"publish","type":"video","link":"https:\/\/www.youreporter.it\/video\/video_free_candy_aiutiamo_la_memoria_che_resta\/","title":{"rendered":"Free Candy! Aiutiamo la memoria che resta!"},"content":{"rendered":"<p>PERCHE\u2019 LA MEMORIA NON SI CANCELLI!<br \/>\nUn simpatico spot realizzato per promuovere l&#8217;autofinanziamento per la distribuzione internazionale del docufilm \u201cLa memoria che resta\u201d.<br \/>\nIl video autofinanziato e promosso da ANPI Crescenzago Zona 2 Milano in collaborazione con alcune sezioni ANPI milanesi (Zona 8, Zona 9, ANPI ATM e ANPI CGIL), ANED Sesto San Giovanni, CGIL-FLC, Circolo Cerizza di Crescenzago e Fondazione Roberto Franceschi racconta come Milano ha vissuto la nascita del fascismo, la sua evoluzione, l&#8217;8 settembre 1943, gli scioperi, la deportazione operaia, i bombardamenti alleati e la Resistenza armata, ma soprattutto la Resistenza civile e intellettuale operata da grandi personaggi della letteratura come Quasimodo, Vittorini e Gatto.<br \/>\nA raccontare sono gli ultimi sopravvissuti alla guerra e alla Resistenza, personaggi del calibro dello scrittore Franco Loi, del musicologo Luigi Pestalozza, del giornalista Libero Traversa, di don Fono e di Sergio Violante, ma soprattutto di molte donne forti che con la loro bicicletta hanno corso pi\u00f9 velocemente delle mitragliatrici tedesche come Dina Croci, la giornalista Laura Wronowska, la psichiatra Claudia Ruggierini che con Vittorini si barric\u00f2 al Corriere della Sera all&#8217;alba del 25 aprile e tanti altri.<br \/>\nSono tutte interviste inedite che trasmettono quell&#8217;emozione che solo le ultime testimonianze dirette possono darci, piene di aneddoti, ma anche di volti che sono scomparsi.<br \/>\nDopo 70 anni dalla Liberazione dal nazifascismo Milano, citt\u00e0 medaglia d&#8217;oro della Resistenza, quest&#8217;anno \u00e8 conosciuta nel mondo come sede dell&#8217;Expo, nonch\u00e9 citt\u00e0 promotrice di un mondo \u201cmigliore\u201d e del futuro sostenibile.<br \/>\nCome per\u00f2 pu\u00f2 esistere un futuro senza memoria?<br \/>\nIn un momento difficile come questo dove i valori della democrazia, della Repubblica e della Costituzione sembrano vacillare davanti ad una crisi economica, sociale e morale la regista Francesca La Mantia ci racconta con delicatezza delle storie per ricordarci la Storia.<br \/>\nSi tratta di un docufilm che sar\u00e0 distribuito in tutte le scuole di Milano e provincia, ma che si vuole allargare a tutto il panorama italiano e internazionale affinch\u00e9 la MEMORIA POSSA RESTARE E RESISTERE.<br \/>\nChiunque pu\u00f2 versare un contribuito anche minimo e sar\u00e0 inserito nei titoli di coda.<br \/>\nIBAN ANPI Crescenzago: IT61 P031 2701 6050 0000 0100 287.<br \/>\nRegia: Francesca La Mantia;<br \/>\nRiprese: Corrado Lannino, Ilenia Bartolone e Matteo Cavalletto;<br \/>\nMontaggio: Antonio Giua;<br \/>\nFonico di presa diretta: Lavina Nocelli;<br \/>\nAiuto montaggio: Ilenia Bartolone e Corrado Lannino;<br \/>\nMusiche originali: Francesco Maria Martorana;<br \/>\nSottotitoli in lingua: Nauka Nobile.<br \/>\nhttps:\/\/www.facebook.com\/La-memoria-che-resta-399567550228078\/timeline\/<br \/>\nhttp:\/\/infointerstampa.jimdo.com\/<\/p>\n","protected":false},"author":5262,"featured_media":0,"comment_status":"closed","ping_status":"closed","template":"","categories":[1],"tags":[],"geo":[51,3629],"class_list":{"0":"post-54545","1":"video","2":"type-video","3":"status-publish","5":"category-cronaca","6":"geo-lombardia","7":"geo-milano"},"acf":[],"_links":{"self":[{"href":"https:\/\/www.youreporter.it\/api\/wp\/v2\/video\/54545"}],"collection":[{"href":"https:\/\/www.youreporter.it\/api\/wp\/v2\/video"}],"about":[{"href":"https:\/\/www.youreporter.it\/api\/wp\/v2\/types\/video"}],"author":[{"embeddable":true,"href":"https:\/\/www.youreporter.it\/api\/wp\/v2\/users\/5262"}],"replies":[{"embeddable":true,"href":"https:\/\/www.youreporter.it\/api\/wp\/v2\/comments?post=54545"}],"version-history":[{"count":0,"href":"https:\/\/www.youreporter.it\/api\/wp\/v2\/video\/54545\/revisions"}],"wp:attachment":[{"href":"https:\/\/www.youreporter.it\/api\/wp\/v2\/media?parent=54545"}],"wp:term":[{"taxonomy":"category","embeddable":true,"href":"https:\/\/www.youreporter.it\/api\/wp\/v2\/categories?post=54545"},{"taxonomy":"post_tag","embeddable":true,"href":"https:\/\/www.youreporter.it\/api\/wp\/v2\/tags?post=54545"},{"taxonomy":"geo","embeddable":true,"href":"https:\/\/www.youreporter.it\/api\/wp\/v2\/geo?post=54545"}],"curies":[{"name":"wp","href":"https:\/\/api.w.org\/{rel}","templated":true}]}}

<p>PERCHE’ LA MEMORIA NON SI CANCELLI!<br />
Un simpatico spot realizzato per promuovere l&#8217;autofinanziamento per la distribuzione internazionale del docufilm “La memoria che resta”.<br />
Il video autofinanziato e promosso da ANPI Crescenzago Zona 2 Milano in collaborazione con alcune sezioni ANPI milanesi (Zona 8, Zona 9, ANPI ATM e ANPI CGIL), ANED Sesto San Giovanni, CGIL-FLC, Circolo Cerizza di Crescenzago e Fondazione Roberto Franceschi racconta come Milano ha vissuto la nascita del fascismo, la sua evoluzione, l&#8217;8 settembre 1943, gli scioperi, la deportazione operaia, i bombardamenti alleati e la Resistenza armata, ma soprattutto la Resistenza civile e intellettuale operata da grandi personaggi della letteratura come Quasimodo, Vittorini e Gatto.<br />
A raccontare sono gli ultimi sopravvissuti alla guerra e alla Resistenza, personaggi del calibro dello scrittore Franco Loi, del musicologo Luigi Pestalozza, del giornalista Libero Traversa, di don Fono e di Sergio Violante, ma soprattutto di molte donne forti che con la loro bicicletta hanno corso più velocemente delle mitragliatrici tedesche come Dina Croci, la giornalista Laura Wronowska, la psichiatra Claudia Ruggierini che con Vittorini si barricò al Corriere della Sera all&#8217;alba del 25 aprile e tanti altri.<br />
Sono tutte interviste inedite che trasmettono quell&#8217;emozione che solo le ultime testimonianze dirette possono darci, piene di aneddoti, ma anche di volti che sono scomparsi.<br />
Dopo 70 anni dalla Liberazione dal nazifascismo Milano, città medaglia d&#8217;oro della Resistenza, quest&#8217;anno è conosciuta nel mondo come sede dell&#8217;Expo, nonché città promotrice di un mondo “migliore” e del futuro sostenibile.<br />
Come però può esistere un futuro senza memoria?<br />
In un momento difficile come questo dove i valori della democrazia, della Repubblica e della Costituzione sembrano vacillare davanti ad una crisi economica, sociale e morale la regista Francesca La Mantia ci racconta con delicatezza delle storie per ricordarci la Storia.<br />
Si tratta di un docufilm che sarà distribuito in tutte le scuole di Milano e provincia, ma che si vuole allargare a tutto il panorama italiano e internazionale affinché la MEMORIA POSSA RESTARE E RESISTERE.<br />
Chiunque può versare un contribuito anche minimo e sarà inserito nei titoli di coda.<br />
IBAN ANPI Crescenzago: IT61 P031 2701 6050 0000 0100 287.<br />
Regia: Francesca La Mantia;<br />
Riprese: Corrado Lannino, Ilenia Bartolone e Matteo Cavalletto;<br />
Montaggio: Antonio Giua;<br />
Fonico di presa diretta: Lavina Nocelli;<br />
Aiuto montaggio: Ilenia Bartolone e Corrado Lannino;<br />
Musiche originali: Francesco Maria Martorana;<br />
Sottotitoli in lingua: Nauka Nobile.<br />
https://www.facebook.com/La-memoria-che-resta-399567550228078/timeline/<br />
http://infointerstampa.jimdo.com/</p>
