{"id":54516,"date":"2016-01-07T02:18:14","date_gmt":"2016-01-07T02:18:14","guid":{"rendered":"https:\/\/www.youreporter.it\/video_corteo_dei_re_magi_a_milano_6_gennaio_2016\/"},"modified":"2016-01-07T02:18:14","modified_gmt":"2016-01-07T02:18:14","slug":"video_corteo_dei_re_magi_a_milano_6_gennaio_2016","status":"publish","type":"video","link":"https:\/\/www.youreporter.it\/video\/video_corteo_dei_re_magi_a_milano_6_gennaio_2016\/","title":{"rendered":"Corteo dei Re Magi a Milano (6 gennaio 2016)"},"content":{"rendered":"<p>CORTEO DEI RE MAGI A MILANO.<br \/>\nEPIFANIA \/ FESTA DELLA BEFANA 2016.<br \/>\nMercoled\u00ec 6 gennaio 2016, vedute del corteo cittadino dei Re Magi (Baldassarre, Gaspare e Melchiorre) con figuranti in costume in partenza da piazza del Duomo, proseguimento per via Torino, sosta alla Basilica di S.Lorenzo (rappresentazione dell\u2019incontro dei Re Magi con Erode), continuazione lungo Corso di Porta Ticinese ed arrivo alla basilica di S.Eustorgio (offerta di doni al Presepe vivente e intervento di varie autorit\u00e0 religiose).<br \/>\nTra gli organizzatori l&#8217;associazione Gorla Domani (Zona 2 Milano) con buon numero di figuranti del \u201cPresepe Vivente di Gorla\u201d, coordinato da Giuseppe Carfagno e Luca Grechi.<br \/>\nIl Vangelo secondo Matteo \u00e8 l&#8217;unica fonte cristiana canonica a descrivere l&#8217;episodio. Secondo il racconto evangelico i Magi al loro arrivo a Gerusalemme per prima cosa fecero visita a Erode, il re della Giudea romana, domandando dove fosse \u201cil re che era nato\u201d, in quanto avevano \u201cvisto sorgere la sua stella\u201d. Erode mostrando di non conoscere la profezia dell&#8217;Antico Testamento (Michea 5,1) ne rimase turbato e chiese agli scribi quale fosse il luogo dove il Messia avrebbe dovuto nascere. Saputo che si trattava di Betlemme li invi\u00f2 in quel luogo esortandoli a trovare il bambino ed a riferire i dettagli di dove trovarlo, \u201caffinch\u00e9 anche lui potesse adorarlo\u201d (2,1-8). Guidati dalla stella essi arrivarono a Betlemme e giunsero dove era nato Ges\u00f9, prostrandosi in adorazione e offrendogli in dono oro, incenso e mirra. Avvertiti in sogno di non ritornare da Erode proseguirono per la loro patria per un&#8217;altra strada (2,9-11). Scoperto l&#8217;inganno Erode s&#8217;infuri\u00f2 e mand\u00f2 ad uccidere tutti i bambini di Betlemme di et\u00e0 inferiore ai due anni mettendo in atto la \u201cStrage degli innocenti\u201d (2,16-18), ma Giuseppe avvertito anticipatamente in sogno fugg\u00ec in Egitto (2,13-14) con la famiglia.<br \/>\nIl passo di Matteo non fornisce il numero esatto dei Magi, ma la tradizione pi\u00f9 diffusa basandosi sul fatto che vengono citati tre doni parla di tre uomini. In realt\u00e0 il testo greco non ne indica n\u00e9 il numero n\u00e9 tantomeno i nomi; parla solo di &#8220;alcuni Magi dall&#8217;Oriente&#8221;, quindi l&#8217;unica informazione riportata \u00e8 che erano pi\u00f9 di uno. Il testo non specifica neanche l&#8217;intervallo di tempo trascorso tra la nascita di Ges\u00f9 e l&#8217;arrivo a Betlemme dei Magi. Dal vangelo secondo Luca sappiamo che Giuseppe, Maria e Ges\u00f9 rimasero a Betlemme almeno 40 giorni, cio\u00e8 sino alla presentazione al Tempio. Secondo alcuni autori che hanno proposto l&#8217;armonizzazione degli eventi raccontati dai vangeli, la visita dei Magi e l&#8217;immediatamente successiva fuga in Egitto dovrebbero aver avuto luogo dopo questo evento (al termine del quale la famiglia di Ges\u00f9 sarebbe rientrata a Betlemme), in contrasto con la tradizione liturgica, che lascia solo dodici giorni fra Natale ed Epifania. \u00c8 stato anche ipotizzato che la visita dei Magi sia avvenuta a Nazaret: essi si sarebbero recati a Betlemme, ma non vi avrebbero trovato Ges\u00f9 gi\u00e0 ripartito con i suoi: usciti dalla citt\u00e0 sarebbero stati guidati dalla stella fino a Nazaret.<br \/>\nwww.gorladomani.it<\/p>\n","protected":false},"author":5262,"featured_media":0,"comment_status":"closed","ping_status":"closed","template":"","categories":[1],"tags":[],"geo":[51,3629],"class_list":{"0":"post-54516","1":"video","2":"type-video","3":"status-publish","5":"category-cronaca","6":"geo-lombardia","7":"geo-milano"},"acf":[],"_links":{"self":[{"href":"https:\/\/www.youreporter.it\/api\/wp\/v2\/video\/54516"}],"collection":[{"href":"https:\/\/www.youreporter.it\/api\/wp\/v2\/video"}],"about":[{"href":"https:\/\/www.youreporter.it\/api\/wp\/v2\/types\/video"}],"author":[{"embeddable":true,"href":"https:\/\/www.youreporter.it\/api\/wp\/v2\/users\/5262"}],"replies":[{"embeddable":true,"href":"https:\/\/www.youreporter.it\/api\/wp\/v2\/comments?post=54516"}],"version-history":[{"count":0,"href":"https:\/\/www.youreporter.it\/api\/wp\/v2\/video\/54516\/revisions"}],"wp:attachment":[{"href":"https:\/\/www.youreporter.it\/api\/wp\/v2\/media?parent=54516"}],"wp:term":[{"taxonomy":"category","embeddable":true,"href":"https:\/\/www.youreporter.it\/api\/wp\/v2\/categories?post=54516"},{"taxonomy":"post_tag","embeddable":true,"href":"https:\/\/www.youreporter.it\/api\/wp\/v2\/tags?post=54516"},{"taxonomy":"geo","embeddable":true,"href":"https:\/\/www.youreporter.it\/api\/wp\/v2\/geo?post=54516"}],"curies":[{"name":"wp","href":"https:\/\/api.w.org\/{rel}","templated":true}]}}

<p>CORTEO DEI RE MAGI A MILANO.<br />
EPIFANIA / FESTA DELLA BEFANA 2016.<br />
Mercoledì 6 gennaio 2016, vedute del corteo cittadino dei Re Magi (Baldassarre, Gaspare e Melchiorre) con figuranti in costume in partenza da piazza del Duomo, proseguimento per via Torino, sosta alla Basilica di S.Lorenzo (rappresentazione dell’incontro dei Re Magi con Erode), continuazione lungo Corso di Porta Ticinese ed arrivo alla basilica di S.Eustorgio (offerta di doni al Presepe vivente e intervento di varie autorità religiose).<br />
Tra gli organizzatori l&#8217;associazione Gorla Domani (Zona 2 Milano) con buon numero di figuranti del “Presepe Vivente di Gorla”, coordinato da Giuseppe Carfagno e Luca Grechi.<br />
Il Vangelo secondo Matteo è l&#8217;unica fonte cristiana canonica a descrivere l&#8217;episodio. Secondo il racconto evangelico i Magi al loro arrivo a Gerusalemme per prima cosa fecero visita a Erode, il re della Giudea romana, domandando dove fosse “il re che era nato”, in quanto avevano “visto sorgere la sua stella”. Erode mostrando di non conoscere la profezia dell&#8217;Antico Testamento (Michea 5,1) ne rimase turbato e chiese agli scribi quale fosse il luogo dove il Messia avrebbe dovuto nascere. Saputo che si trattava di Betlemme li inviò in quel luogo esortandoli a trovare il bambino ed a riferire i dettagli di dove trovarlo, “affinché anche lui potesse adorarlo” (2,1-8). Guidati dalla stella essi arrivarono a Betlemme e giunsero dove era nato Gesù, prostrandosi in adorazione e offrendogli in dono oro, incenso e mirra. Avvertiti in sogno di non ritornare da Erode proseguirono per la loro patria per un&#8217;altra strada (2,9-11). Scoperto l&#8217;inganno Erode s&#8217;infuriò e mandò ad uccidere tutti i bambini di Betlemme di età inferiore ai due anni mettendo in atto la “Strage degli innocenti” (2,16-18), ma Giuseppe avvertito anticipatamente in sogno fuggì in Egitto (2,13-14) con la famiglia.<br />
Il passo di Matteo non fornisce il numero esatto dei Magi, ma la tradizione più diffusa basandosi sul fatto che vengono citati tre doni parla di tre uomini. In realtà il testo greco non ne indica né il numero né tantomeno i nomi; parla solo di &#8220;alcuni Magi dall&#8217;Oriente&#8221;, quindi l&#8217;unica informazione riportata è che erano più di uno. Il testo non specifica neanche l&#8217;intervallo di tempo trascorso tra la nascita di Gesù e l&#8217;arrivo a Betlemme dei Magi. Dal vangelo secondo Luca sappiamo che Giuseppe, Maria e Gesù rimasero a Betlemme almeno 40 giorni, cioè sino alla presentazione al Tempio. Secondo alcuni autori che hanno proposto l&#8217;armonizzazione degli eventi raccontati dai vangeli, la visita dei Magi e l&#8217;immediatamente successiva fuga in Egitto dovrebbero aver avuto luogo dopo questo evento (al termine del quale la famiglia di Gesù sarebbe rientrata a Betlemme), in contrasto con la tradizione liturgica, che lascia solo dodici giorni fra Natale ed Epifania. È stato anche ipotizzato che la visita dei Magi sia avvenuta a Nazaret: essi si sarebbero recati a Betlemme, ma non vi avrebbero trovato Gesù già ripartito con i suoi: usciti dalla città sarebbero stati guidati dalla stella fino a Nazaret.<br />
www.gorladomani.it</p>
