{"id":54504,"date":"2016-03-19T03:08:57","date_gmt":"2016-03-19T03:08:57","guid":{"rendered":"https:\/\/www.youreporter.it\/video_ricordando_fausto_e_iaio_in_via_mancinelli_a_milano\/"},"modified":"2016-03-19T03:08:57","modified_gmt":"2016-03-19T03:08:57","slug":"video_ricordando_fausto_e_iaio_in_via_mancinelli_a_milano","status":"publish","type":"video","link":"https:\/\/www.youreporter.it\/video\/video_ricordando_fausto_e_iaio_in_via_mancinelli_a_milano\/","title":{"rendered":"Ricordando Fausto e Iaio in via Mancinelli a Milano"},"content":{"rendered":"<p>Venerd\u00ec 18 marzo 2016 in via Mancinelli a Milano (zona Lambrate), manifestazione nell\u2019anniversario dell\u2019assassinio di Fausto e Iaio, militanti del Centro Sociale Leoncavallo di Milano, ad opera di sicari fascisti. Interventi di rappresentanti di varie associazioni ed esibizioni musicali del chitarrista Andrea Sigona di Genova e del gruppo \u201cMercanti di storie\u201d, composto da Massimiliano Loizzi e Giovanni Melucci.<br \/>\nL&#8217;omicidio di Fausto e Iaio \u00e8 un episodio di matrice terroristica, avvenuto a Milano il 18 marzo 1978 e le cui vittime furono Fausto Tinelli e Lorenzo &#8220;Iaio&#8221; Iannucci, all&#8217;epoca diciottenni frequentatori del Centro Sociale Leoncavallo, uccisi con 8 colpi di pistola da parte di elementi neofascisti. I due ragazzi stavano conducendo approfondite indagini (con interviste sul campo, registrate meticolosamente su nastri, poi trafugati misteriosamente dopo la loro morte) sul traffico di eroina e cocaina nel quartiere di Lambrate Citt\u00e0 Studi, gestito da potenti ambienti della malavita organizzata e dell&#8217;estrema destra milanese. La controinformazione condotta da alcuni giornalisti indipendenti e militanti del Centro Sociale Leoncavallo portarono ad individuare nel bar Pirata (centro di ritrovo dei neofascisti della zona) il luogo di ritrovo degli autori materiali dell&#8217;omicidio, ma le indagini ufficiali, condotte dal sostituto procuratore Armando Spataro e passate ad altri 4 sostituti procuratori, non hanno mai individuato n\u00e9 i mandanti n\u00e9 gli esecutori di questo delitto rientrante nella \u201cstrategia della tensione\u201d dell\u2019epoca. Nel 2011 in un&#8217;intervista a Radio 24 la madre di Fausto ha accusato esplicitamente i servizi segreti di essere i mandanti dell&#8217;omicidio dei due giovani: &#8220;Negli anni ho riannodato i fili della memoria, i pezzi di un piccolo mosaico che mi ha permesso di raggiungere la vera verit\u00e0 che io conosco. Mio figlio \u00e8 stato vittima di un commando di killer giunti da Roma a Milano, nel pieno del rapimento di Aldo Moro, in una citt\u00e0 blindata dalle forze dell&#8217;ordine. Un omicidio su commissione di uomini dei servizi segreti&#8221;.<\/p>\n","protected":false},"author":5262,"featured_media":0,"comment_status":"closed","ping_status":"closed","template":"","categories":[1],"tags":[],"geo":[51,3629],"class_list":{"0":"post-54504","1":"video","2":"type-video","3":"status-publish","5":"category-cronaca","6":"geo-lombardia","7":"geo-milano"},"acf":[],"_links":{"self":[{"href":"https:\/\/www.youreporter.it\/api\/wp\/v2\/video\/54504"}],"collection":[{"href":"https:\/\/www.youreporter.it\/api\/wp\/v2\/video"}],"about":[{"href":"https:\/\/www.youreporter.it\/api\/wp\/v2\/types\/video"}],"author":[{"embeddable":true,"href":"https:\/\/www.youreporter.it\/api\/wp\/v2\/users\/5262"}],"replies":[{"embeddable":true,"href":"https:\/\/www.youreporter.it\/api\/wp\/v2\/comments?post=54504"}],"version-history":[{"count":0,"href":"https:\/\/www.youreporter.it\/api\/wp\/v2\/video\/54504\/revisions"}],"wp:attachment":[{"href":"https:\/\/www.youreporter.it\/api\/wp\/v2\/media?parent=54504"}],"wp:term":[{"taxonomy":"category","embeddable":true,"href":"https:\/\/www.youreporter.it\/api\/wp\/v2\/categories?post=54504"},{"taxonomy":"post_tag","embeddable":true,"href":"https:\/\/www.youreporter.it\/api\/wp\/v2\/tags?post=54504"},{"taxonomy":"geo","embeddable":true,"href":"https:\/\/www.youreporter.it\/api\/wp\/v2\/geo?post=54504"}],"curies":[{"name":"wp","href":"https:\/\/api.w.org\/{rel}","templated":true}]}}

<p>Venerdì 18 marzo 2016 in via Mancinelli a Milano (zona Lambrate), manifestazione nell’anniversario dell’assassinio di Fausto e Iaio, militanti del Centro Sociale Leoncavallo di Milano, ad opera di sicari fascisti. Interventi di rappresentanti di varie associazioni ed esibizioni musicali del chitarrista Andrea Sigona di Genova e del gruppo “Mercanti di storie”, composto da Massimiliano Loizzi e Giovanni Melucci.<br />
L&#8217;omicidio di Fausto e Iaio è un episodio di matrice terroristica, avvenuto a Milano il 18 marzo 1978 e le cui vittime furono Fausto Tinelli e Lorenzo &#8220;Iaio&#8221; Iannucci, all&#8217;epoca diciottenni frequentatori del Centro Sociale Leoncavallo, uccisi con 8 colpi di pistola da parte di elementi neofascisti. I due ragazzi stavano conducendo approfondite indagini (con interviste sul campo, registrate meticolosamente su nastri, poi trafugati misteriosamente dopo la loro morte) sul traffico di eroina e cocaina nel quartiere di Lambrate Città Studi, gestito da potenti ambienti della malavita organizzata e dell&#8217;estrema destra milanese. La controinformazione condotta da alcuni giornalisti indipendenti e militanti del Centro Sociale Leoncavallo portarono ad individuare nel bar Pirata (centro di ritrovo dei neofascisti della zona) il luogo di ritrovo degli autori materiali dell&#8217;omicidio, ma le indagini ufficiali, condotte dal sostituto procuratore Armando Spataro e passate ad altri 4 sostituti procuratori, non hanno mai individuato né i mandanti né gli esecutori di questo delitto rientrante nella “strategia della tensione” dell’epoca. Nel 2011 in un&#8217;intervista a Radio 24 la madre di Fausto ha accusato esplicitamente i servizi segreti di essere i mandanti dell&#8217;omicidio dei due giovani: &#8220;Negli anni ho riannodato i fili della memoria, i pezzi di un piccolo mosaico che mi ha permesso di raggiungere la vera verità che io conosco. Mio figlio è stato vittima di un commando di killer giunti da Roma a Milano, nel pieno del rapimento di Aldo Moro, in una città blindata dalle forze dell&#8217;ordine. Un omicidio su commissione di uomini dei servizi segreti&#8221;.</p>
